114.119.138.77 - - [26/May/2026:13:48:02 -0400] "GET /goods/tetraceros/073301199963.html HTTP/1.1" 404 - "https://www.everywheremarywent.com/goods/tetraceros/073301199963.html" "Mozilla/5.0 (Linux; Android 7.0;) AppleWebKit/537.36 (HTML, like Gecko) Mobile Safari/537.36 (compatible; PetalBot;+https://webmaster.petalsearch.com/site/petalbot)"
66.249.70.69 - - [26/May/2026:13:48:09 -0400] "GET /goods/choriambic/102552599311.html HTTP/1.1" 404 - "-" "Mozilla/5.0 (Linux; Android 6.0.1; Nexus 5X Build/MMB29P) AppleWebKit/537.36 (KHTML, like Gecko) Chrome/148.0.7778.96 Mobile Safari/537.36 (compatible; Googlebot/2.1; +http://www.google.com/bot.html)"
192.178.4.96 - - [26/May/2026:13:48:09 -0400] "GET /shopdetail/8e2e8556336704 HTTP/1.1" 404 - "-" "Mozilla/5.0 (Linux; Android 6.0.1; Nexus 5X Build/MMB29P) AppleWebKit/537.36 (KHTML, like Gecko) Chrome/148.0.7778.96 Mobile Safari/537.36 (compatible; Googlebot/2.1; +http://www.google.com/bot.html)"
66.249.70.70 - - [26/May/2026:13:48:10 -0400] "GET /pin/4f2ba320215801 HTTP/1.1" 404 - "-" "Mozilla/5.0 (Linux; Android 6.0.1; Nexus 5X Build/MMB29P) AppleWebKit/537.36 (KHTML, like Gecko) Chrome/148.0.7778.96 Mobile Safari/537.36 (compatible; Googlebot/2.1; +http://www.google.com/bot.html)"
66.249.70.70 - - [26/May/2026:13:48:10 -0400] "GET /goods/stitch/092442233040.html HTTP/1.1" 404 - "-" "Mozilla/5.0 (Linux; Android 6.0.1; Nexus 5X Build/MMB29P) AppleWebKit/537.36 (KHTML, like Gecko) Chrome/148.0.7778.96 Mobile Safari/537.36 (compatible; Googlebot/2.1; +http://www.google.com/bot.html)"
57.141.20.1 - - [26/May/2026:13:48:19 -0400] "GET /goods/azadirachtin/062858103117.html HTTP/2.0" 404 - "-" "meta-externalagent/1.1 (+https://developers.facebook.com/docs/sharing/webmasters/crawler)"
192.178.4.96 - - [26/May/2026:13:48:23 -0400] "GET /shopdetail/1d840569611204 HTTP/1.1" 404 - "-" "Mozilla/5.0 (Linux; Android 6.0.1; Nexus 5X Build/MMB29P) AppleWebKit/537.36 (KHTML, like Gecko) Chrome/148.0.7778.96 Mobile Safari/537.36 (compatible; Googlebot/2.1; +http://www.google.com/bot.html)"
66.249.70.70 - - [26/May/2026:13:48:23 -0400] "GET /goods/catudus/011856491306.html HTTP/1.1" 404 - "-" "Mozilla/5.0 (Linux; Android 6.0.1; Nexus 5X Build/MMB29P) AppleWebKit/537.36 (KHTML, like Gecko) Chrome/148.0.7778.96 Mobile Safari/537.36 (compatible; Googlebot/2.1; +http://www.google.com/bot.html)"
66.249.70.69 - - [26/May/2026:13:48:34 -0400] "GET /goods/sneak/1252071766.html HTTP/1.1" 404 - "-" "Mozilla/5.0 (Linux; Android 6.0.1; Nexus 5X Build/MMB29P) AppleWebKit/537.36 (KHTML, like Gecko) Chrome/148.0.7778.96 Mobile Safari/537.36 (compatible; Googlebot/2.1; +http://www.google.com/bot.html)"
66.249.70.69 - - [26/May/2026:13:48:38 -0400] "GET /goods/brusten/101579725687.html HTTP/1.1" 404 - "-" "Mozilla/5.0 (Linux; Android 6.0.1; Nexus 5X Build/MMB29P) AppleWebKit/537.36 (KHTML, like Gecko) Chrome/148.0.7778.96 Mobile Safari/537.36 (compatible; Googlebot/2.1; +http://www.google.com/bot.html)"
147.185.132.22 - - [26/May/2026:13:48:40 -0400] "GET / HTTP/1.1" 200 3585 "-" "Hello from Palo Alto Networks, find out more about our scans in https://docs-cortex.paloaltonetworks.com/r/1/Cortex-Xpanse/Scanning-activity"
66.249.70.168 - - [26/May/2026:13:49:01 -0400] "GET /shop/db471724168704 HTTP/1.1" 404 - "-" "Mozilla/5.0 (Linux; Android 6.0.1; Nexus 5X Build/MMB29P) AppleWebKit/537.36 (KHTML, like Gecko) Chrome/148.0.7778.96 Mobile Safari/537.36 (compatible; Googlebot/2.1; +http://www.google.com/bot.html)"
57.141.20.59 - - [26/May/2026:13:49:26 -0400] "GET /goods/mythologies/081447265951.html HTTP/2.0" 404 - "-" "meta-externalagent/1.1 (+https://developers.facebook.com/docs/sharing/webmasters/crawler)"
66.249.70.166 - - [26/May/2026:13:49:38 -0400] "GET /shop/82305577565404 HTTP/1.1" 404 - "-" "Mozilla/5.0 (Linux; Android 6.0.1; Nexus 5X Build/MMB29P) AppleWebKit/537.36 (KHTML, like Gecko) Chrome/148.0.7778.96 Mobile Safari/537.36 (compatible; Googlebot/2.1; +http://www.google.com/bot.html)"
114.119.130.221 - - [26/May/2026:13:50:00 -0400] "GET /goods/tenderly/012430726069.html HTTP/1.1" 404 - "https://www.everywheremarywent.com/sitemap.xml" "Mozilla/5.0 (Linux; Android 7.0;) AppleWebKit/537.36 (HTML, like Gecko) Mobile Safari/537.36 (compatible; PetalBot;+https://webmaster.petalsearch.com/site/petalbot)"
57.141.20.13 - - [26/May/2026:13:50:33 -0400] "GET /goods/rhodophane/092552433618.html HTTP/2.0" 404 - "-" "meta-externalagent/1.1 (+https://developers.facebook.com/docs/sharing/webmasters/crawler)"
66.249.70.167 - - [26/May/2026:13:51:32 -0400] "GET /shop/dd3bb763578204 HTTP/1.1" 404 - "-" "Mozilla/5.0 (Linux; Android 6.0.1; Nexus 5X Build/MMB29P) AppleWebKit/537.36 (KHTML, like Gecko) Chrome/148.0.7778.96 Mobile Safari/537.36 (compatible; Googlebot/2.1; +http://www.google.com/bot.html)"
66.249.70.69 - - [26/May/2026:13:51:38 -0400] "GET /goods/indumentum/123006468902.html HTTP/1.1" 404 - "-" "Mozilla/5.0 (Linux; Android 6.0.1; Nexus 5X Build/MMB29P) AppleWebKit/537.36 (KHTML, like Gecko) Chrome/148.0.7778.96 Mobile Safari/537.36 (compatible; Googlebot/2.1; +http://www.google.com/bot.html)"
66.249.70.71 - - [26/May/2026:13:51:39 -0400] "GET /goods/bintourong/062616262720.html HTTP/1.1" 404 - "-" "Mozilla/5.0 (Linux; Android 6.0.1; Nexus 5X Build/MMB29P) AppleWebKit/537.36 (KHTML, like Gecko) Chrome/148.0.7778.96 Mobile Safari/537.36 (compatible; Googlebot/2.1; +http://www.google.com/bot.html)"
57.141.20.34 - - [26/May/2026:13:51:40 -0400] "GET /goods/knockdownanddragout/10217033272.html HTTP/2.0" 404 - "-" "meta-externalagent/1.1 (+https://developers.facebook.com/docs/sharing/webmasters/crawler)"
114.119.133.158 - - [26/May/2026:13:51:52 -0400] "GET /goods/tenanted/07560088777.html HTTP/1.1" 404 - "https://www.everywheremarywent.com/sitemap.xml" "Mozilla/5.0 (Linux; Android 7.0;) AppleWebKit/537.36 (HTML, like Gecko) Mobile Safari/537.36 (compatible; PetalBot;+https://webmaster.petalsearch.com/site/petalbot)"
130.131.224.225 - - [26/May/2026:13:52:13 -0400] "GET /wp-content/plugins/hellopress/wp_filemanager.php HTTP/1.1" 404 5749 "-" "-"
130.131.224.225 - - [26/May/2026:13:52:13 -0400] "GET /ff.php HTTP/1.1" 404 5749 "-" "-"
130.131.224.225 - - [26/May/2026:13:52:13 -0400] "GET /x.php HTTP/1.1" 404 5749 "-" "-"
130.131.224.225 - - [26/May/2026:13:52:13 -0400] "GET /tires.php HTTP/1.1" 404 5749 "-" "-"
130.131.224.225 - - [26/May/2026:13:52:14 -0400] "GET /wp-block.php HTTP/1.1" 404 5749 "-" "-"
130.131.224.225 - - [26/May/2026:13:52:14 -0400] "GET /wp-der.php HTTP/1.1" 404 5749 "-" "-"
130.131.224.225 - - [26/May/2026:13:52:14 -0400] "GET /ah25.php HTTP/1.1" 404 5749 "-" "-"
130.131.224.225 - - [26/May/2026:13:52:15 -0400] "GET /inputs.php HTTP/1.1" 404 5749 "-" "-"
130.131.224.225 - - [26/May/2026:13:52:15 -0400] "GET /samll.php HTTP/1.1" 404 5749 "-" "-"
130.131.224.225 - - [26/May/2026:13:52:15 -0400] "GET /wp-admin/css/colors/blue/file.php HTTP/1.1" 404 5749 "-" "-"
130.131.224.225 - - [26/May/2026:13:52:16 -0400] "GET /favicon.php HTTP/1.1" 404 5749 "-" "-"
130.131.224.225 - - [26/May/2026:13:52:16 -0400] "GET /aboutc.php HTTP/1.1" 404 5749 "-" "-"
130.131.224.225 - - [26/May/2026:13:52:16 -0400] "GET /wp-load.php HTTP/1.1" 404 5749 "-" "-"
130.131.224.225 - - [26/May/2026:13:52:16 -0400] "GET /aevly.php HTTP/1.1" 404 5749 "-" "-"
130.131.224.225 - - [26/May/2026:13:52:17 -0400] "GET /atkno.php HTTP/1.1" 404 5749 "-" "-"
130.131.224.225 - - [26/May/2026:13:52:17 -0400] "GET /mini.php HTTP/1.1" 404 5749 "-" "-"
130.131.224.225 - - [26/May/2026:13:52:17 -0400] "GET /wp-thi.php HTTP/1.1" 404 5749 "-" "-"
130.131.224.225 - - [26/May/2026:13:52:18 -0400] "GET /wp-kd4xalrg7m.php HTTP/1.1" 404 5749 "-" "-"
130.131.224.225 - - [26/May/2026:13:52:18 -0400] "GET /amax.php HTTP/1.1" 404 5749 "-" "-"
130.131.224.225 - - [26/May/2026:13:52:18 -0400] "GET /wehrman.php HTTP/1.1" 404 5749 "-" "-"
130.131.224.225 - - [26/May/2026:13:52:19 -0400] "GET /b.php HTTP/1.1" 404 5749 "-" "-"
130.131.224.225 - - [26/May/2026:13:52:19 -0400] "GET /wp-sing.php HTTP/1.1" 404 5749 "-" "-"
130.131.224.225 - - [26/May/2026:13:52:19 -0400] "GET /wp-links-opml.php HTTP/1.1" 404 5749 "-" "-"
130.131.224.225 - - [26/May/2026:13:52:19 -0400] "GET /edit.php HTTP/1.1" 404 5749 "-" "-"
130.131.224.225 - - [26/May/2026:13:52:20 -0400] "GET /wmore1.php HTTP/1.1" 404 5749 "-" "-"
130.131.224.225 - - [26/May/2026:13:52:20 -0400] "GET /wp-access.php HTTP/1.1" 404 5749 "-" "-"
130.131.224.225 - - [26/May/2026:13:52:20 -0400] "GET /1.php HTTP/1.1" 404 5749 "-" "-"
130.131.224.225 - - [26/May/2026:13:52:20 -0400] "GET /sbhu.php HTTP/1.1" 404 5749 "-" "-"
130.131.224.225 - - [26/May/2026:13:52:21 -0400] "GET /bgymj.php HTTP/1.1" 404 5749 "-" "-"
130.131.224.225 - - [26/May/2026:13:52:21 -0400] "GET /file30.php HTTP/1.1" 404 5749 "-" "-"
130.131.224.225 - - [26/May/2026:13:52:21 -0400] "GET /yellow.php HTTP/1.1" 404 5749 "-" "-"
130.131.224.225 - - [26/May/2026:13:52:21 -0400] "GET /reze.php HTTP/1.1" 404 5749 "-" "-"
130.131.224.225 - - [26/May/2026:13:52:22 -0400] "GET /wefile.php HTTP/1.1" 404 5749 "-" "-"
130.131.224.225 - - [26/May/2026:13:52:22 -0400] "GET /xda.php HTTP/1.1" 404 5749 "-" "-"
130.131.224.225 - - [26/May/2026:13:52:22 -0400] "GET /revealability.php HTTP/1.1" 404 5749 "-" "-"
130.131.224.225 - - [26/May/2026:13:52:23 -0400] "GET /forbidals.php HTTP/1.1" 404 5749 "-" "-"
130.131.224.225 - - [26/May/2026:13:52:23 -0400] "GET /i.php HTTP/1.1" 404 5749 "-" "-"
130.131.224.225 - - [26/May/2026:13:52:23 -0400] "GET /900.php HTTP/1.1" 404 5749 "-" "-"
130.131.224.225 - - [26/May/2026:13:52:23 -0400] "GET /kj.php HTTP/1.1" 404 5749 "-" "-"
130.131.224.225 - - [26/May/2026:13:52:24 -0400] "GET /wuasr.php HTTP/1.1" 404 5749 "-" "-"
130.131.224.225 - - [26/May/2026:13:52:24 -0400] "GET /t.php HTTP/1.1" 404 5749 "-" "-"
130.131.224.225 - - [26/May/2026:13:52:24 -0400] "GET /class-t.api.php HTTP/1.1" 404 5749 "-" "-"
130.131.224.225 - - [26/May/2026:13:52:25 -0400] "GET /wp-slss.php HTTP/1.1" 404 5749 "-" "-"
130.131.224.225 - - [26/May/2026:13:52:25 -0400] "GET /crgio.php HTTP/1.1" 404 5749 "-" "-"
130.131.224.225 - - [26/May/2026:13:52:25 -0400] "GET /Okxob.php HTTP/1.1" 404 5749 "-" "-"
130.131.224.225 - - [26/May/2026:13:52:25 -0400] "GET /mass.php HTTP/1.1" 404 5749 "-" "-"
130.131.224.225 - - [26/May/2026:13:52:26 -0400] "GET /dropdown.php HTTP/1.1" 404 5749 "-" "-"
130.131.224.225 - - [26/May/2026:13:52:26 -0400] "GET /wp-good.php HTTP/1.1" 404 5749 "-" "-"
130.131.224.225 - - [26/May/2026:13:52:27 -0400] "GET /mifta.php HTTP/1.1" 404 5749 "-" "-"
130.131.224.225 - - [26/May/2026:13:52:27 -0400] "GET /amxloxxr.php HTTP/1.1" 404 5749 "-" "-"
130.131.224.225 - - [26/May/2026:13:52:27 -0400] "GET /file59.php HTTP/1.1" 404 5749 "-" "-"
130.131.224.225 - - [26/May/2026:13:52:27 -0400] "GET /asasx.php HTTP/1.1" 404 5749 "-" "-"
130.131.224.225 - - [26/May/2026:13:52:28 -0400] "GET /wp-admin/network/edit.php HTTP/1.1" 404 5749 "-" "-"
130.131.224.225 - - [26/May/2026:13:52:28 -0400] "GET /ms-edit.php HTTP/1.1" 404 5749 "-" "-"
130.131.224.225 - - [26/May/2026:13:52:28 -0400] "GET /file4.php HTTP/1.1" 404 5749 "-" "-"
130.131.224.225 - - [26/May/2026:13:52:29 -0400] "GET /hplfuns.php HTTP/1.1" 404 5749 "-" "-"
130.131.224.225 - - [26/May/2026:13:52:29 -0400] "GET /1index.php HTTP/1.1" 404 5749 "-" "-"
130.131.224.225 - - [26/May/2026:13:52:29 -0400] "GET /wp-su.php HTTP/1.1" 404 5749 "-" "-"
130.131.224.225 - - [26/May/2026:13:52:30 -0400] "GET /ccou.php HTTP/1.1" 404 5749 "-" "-"
130.131.224.225 - - [26/May/2026:13:52:30 -0400] "GET /wp-ver.php HTTP/1.1" 404 5749 "-" "-"
130.131.224.225 - - [26/May/2026:13:52:30 -0400] "GET /db.php HTTP/1.1" 404 5749 "-" "-"
130.131.224.225 - - [26/May/2026:13:52:31 -0400] "GET /lib.php HTTP/1.1" 404 5749 "-" "-"
130.131.224.225 - - [26/May/2026:13:52:31 -0400] "GET /sys.php HTTP/1.1" 404 5749 "-" "-"
130.131.224.225 - - [26/May/2026:13:52:31 -0400] "GET /lala.php HTTP/1.1" 404 5749 "-" "-"
130.131.224.225 - - [26/May/2026:13:52:31 -0400] "GET /bthil.php HTTP/1.1" 404 5749 "-" "-"
130.131.224.225 - - [26/May/2026:13:52:32 -0400] "GET /fun.php HTTP/1.1" 404 5749 "-" "-"
130.131.224.225 - - [26/May/2026:13:52:32 -0400] "GET /wp-the.php HTTP/1.1" 404 5749 "-" "-"
130.131.224.225 - - [26/May/2026:13:52:32 -0400] "GET /vx.php HTTP/1.1" 404 5749 "-" "-"
130.131.224.225 - - [26/May/2026:13:52:33 -0400] "GET /ff1.php HTTP/1.1" 404 5749 "-" "-"
130.131.224.225 - - [26/May/2026:13:52:33 -0400] "GET /explorer/index_.php HTTP/1.1" 404 5749 "-" "-"
130.131.224.225 - - [26/May/2026:13:52:33 -0400] "GET /error.php HTTP/1.1" 404 5749 "-" "-"
130.131.224.225 - - [26/May/2026:13:52:34 -0400] "GET /333.php HTTP/1.1" 404 5749 "-" "-"
130.131.224.225 - - [26/May/2026:13:52:34 -0400] "GET /ftde.php HTTP/1.1" 404 5749 "-" "-"
130.131.224.225 - - [26/May/2026:13:52:34 -0400] "GET /app.php HTTP/1.1" 404 5749 "-" "-"
130.131.224.225 - - [26/May/2026:13:52:34 -0400] "GET /cilus.php HTTP/1.1" 404 5749 "-" "-"
130.131.224.225 - - [26/May/2026:13:52:35 -0400] "GET /a5.php HTTP/1.1" 404 5749 "-" "-"
130.131.224.225 - - [26/May/2026:13:52:35 -0400] "GET /test.php HTTP/1.1" 404 5749 "-" "-"
130.131.224.225 - - [26/May/2026:13:52:35 -0400] "GET /aa.php HTTP/1.1" 404 5749 "-" "-"
130.131.224.225 - - [26/May/2026:13:52:36 -0400] "GET /term.php HTTP/1.1" 404 5749 "-" "-"
130.131.224.225 - - [26/May/2026:13:52:36 -0400] "GET /file61.php HTTP/1.1" 404 5749 "-" "-"
130.131.224.225 - - [26/May/2026:13:52:36 -0400] "GET /la.php HTTP/1.1" 404 5749 "-" "-"
130.131.224.225 - - [26/May/2026:13:52:37 -0400] "GET /first.php HTTP/1.1" 404 5749 "-" "-"
130.131.224.225 - - [26/May/2026:13:52:37 -0400] "GET /pass4.php HTTP/1.1" 404 5749 "-" "-"
130.131.224.225 - - [26/May/2026:13:52:37 -0400] "GET /wp-firewall.php HTTP/1.1" 404 5749 "-" "-"
130.131.224.225 - - [26/May/2026:13:52:38 -0400] "GET /lv.php HTTP/1.1" 404 5749 "-" "-"
130.131.224.225 - - [26/May/2026:13:52:38 -0400] "GET /yas.php HTTP/1.1" 404 5749 "-" "-"
130.131.224.225 - - [26/May/2026:13:52:38 -0400] "GET /wp-trackback.php HTTP/1.1" 404 5749 "-" "-"
130.131.224.225 - - [26/May/2026:13:52:39 -0400] "GET /png.php HTTP/1.1" 404 5749 "-" "-"
130.131.224.225 - - [26/May/2026:13:52:40 -0400] "GET /wp-at.php HTTP/1.1" 404 5749 "-" "-"
130.131.224.225 - - [26/May/2026:13:52:40 -0400] "GET /database.php HTTP/1.1" 404 5749 "-" "-"
130.131.224.225 - - [26/May/2026:13:52:40 -0400] "GET /like.php HTTP/1.1" 404 5749 "-" "-"
130.131.224.225 - - [26/May/2026:13:52:41 -0400] "GET /xxx.php HTTP/1.1" 404 5749 "-" "-"
130.131.224.225 - - [26/May/2026:13:52:41 -0400] "GET /new.php HTTP/1.1" 404 5749 "-" "-"
130.131.224.225 - - [26/May/2026:13:52:41 -0400] "GET /sid3.php HTTP/1.1" 404 5749 "-" "-"
130.131.224.225 - - [26/May/2026:13:52:42 -0400] "GET /txets.php HTTP/1.1" 404 5749 "-" "-"
130.131.224.225 - - [26/May/2026:13:52:42 -0400] "GET /shell20211028.php HTTP/1.1" 404 5749 "-" "-"
130.131.224.225 - - [26/May/2026:13:52:42 -0400] "GET /wp-wz.php HTTP/1.1" 404 5749 "-" "-"
130.131.224.225 - - [26/May/2026:13:52:43 -0400] "GET /albin.php HTTP/1.1" 404 5749 "-" "-"
130.131.224.225 - - [26/May/2026:13:52:43 -0400] "GET /ok.php HTTP/1.1" 404 5749 "-" "-"
130.131.224.225 - - [26/May/2026:13:52:43 -0400] "GET /drykl.php HTTP/1.1" 404 5749 "-" "-"
130.131.224.225 - - [26/May/2026:13:52:43 -0400] "GET /403.shtml HTTP/1.1" 404 5749 "-" "-"
130.131.224.225 - - [26/May/2026:13:52:44 -0400] "GET /403.shtml HTTP/1.1" 404 5749 "-" "-"
130.131.224.225 - - [26/May/2026:13:52:45 -0400] "GET /403.shtml HTTP/1.1" 404 5749 "-" "-"
130.131.224.225 - - [26/May/2026:13:52:45 -0400] "GET /403.shtml HTTP/1.1" 404 5749 "-" "-"
130.131.224.225 - - [26/May/2026:13:52:46 -0400] "GET /403.shtml HTTP/1.1" 404 5749 "-" "-"
130.131.224.225 - - [26/May/2026:13:52:46 -0400] "GET /403.shtml HTTP/1.1" 404 5749 "-" "-"
130.131.224.225 - - [26/May/2026:13:52:46 -0400] "GET /403.shtml HTTP/1.1" 404 5749 "-" "-"
57.141.20.21 - - [26/May/2026:13:52:46 -0400] "GET /goods/intramural/091682038815.html HTTP/2.0" 404 - "-" "meta-externalagent/1.1 (+https://developers.facebook.com/docs/sharing/webmasters/crawler)"
130.131.224.225 - - [26/May/2026:13:52:46 -0400] "GET /403.shtml HTTP/1.1" 404 5749 "-" "-"
130.131.224.225 - - [26/May/2026:13:52:47 -0400] "GET /403.shtml HTTP/1.1" 404 5749 "-" "-"
130.131.224.225 - - [26/May/2026:13:52:47 -0400] "GET /403.shtml HTTP/1.1" 404 5749 "-" "-"
130.131.224.225 - - [26/May/2026:13:52:48 -0400] "GET /403.shtml HTTP/1.1" 404 5749 "-" "-"
130.131.224.225 - - [26/May/2026:13:52:48 -0400] "GET /403.shtml HTTP/1.1" 404 5749 "-" "-"
130.131.224.225 - - [26/May/2026:13:52:48 -0400] "GET /403.shtml HTTP/1.1" 404 5749 "-" "-"
130.131.224.225 - - [26/May/2026:13:52:49 -0400] "GET /403.shtml HTTP/1.1" 404 5749 "-" "-"
130.131.224.225 - - [26/May/2026:13:52:49 -0400] "GET /403.shtml HTTP/1.1" 404 5749 "-" "-"
130.131.224.225 - - [26/May/2026:13:52:49 -0400] "GET /403.shtml HTTP/1.1" 404 5749 "-" "-"
130.131.224.225 - - [26/May/2026:13:52:50 -0400] "GET /403.shtml HTTP/1.1" 404 5749 "-" "-"
130.131.224.225 - - [26/May/2026:13:52:50 -0400] "GET /403.shtml HTTP/1.1" 404 5749 "-" "-"
130.131.224.225 - - [26/May/2026:13:52:51 -0400] "GET /403.shtml HTTP/1.1" 404 5749 "-" "-"
130.131.224.225 - - [26/May/2026:13:52:51 -0400] "GET /403.shtml HTTP/1.1" 404 5749 "-" "-"
130.131.224.225 - - [26/May/2026:13:52:51 -0400] "GET /403.shtml HTTP/1.1" 404 5749 "-" "-"
130.131.224.225 - - [26/May/2026:13:52:51 -0400] "GET /403.shtml HTTP/1.1" 404 5749 "-" "-"
130.131.224.225 - - [26/May/2026:13:52:52 -0400] "GET /403.shtml HTTP/1.1" 404 5749 "-" "-"
130.131.224.225 - - [26/May/2026:13:52:52 -0400] "GET /403.shtml HTTP/1.1" 404 5749 "-" "-"
130.131.224.225 - - [26/May/2026:13:52:53 -0400] "GET /403.shtml HTTP/1.1" 404 5749 "-" "-"
130.131.224.225 - - [26/May/2026:13:52:53 -0400] "GET /403.shtml HTTP/1.1" 404 5749 "-" "-"
130.131.224.225 - - [26/May/2026:13:52:53 -0400] "GET /403.shtml HTTP/1.1" 404 5749 "-" "-"
130.131.224.225 - - [26/May/2026:13:52:54 -0400] "GET /403.shtml HTTP/1.1" 404 5749 "-" "-"
130.131.224.225 - - [26/May/2026:13:52:54 -0400] "GET /403.shtml HTTP/1.1" 404 5749 "-" "-"
130.131.224.225 - - [26/May/2026:13:52:54 -0400] "GET /403.shtml HTTP/1.1" 404 5749 "-" "-"
130.131.224.225 - - [26/May/2026:13:52:55 -0400] "GET /403.shtml HTTP/1.1" 404 5749 "-" "-"
130.131.224.225 - - [26/May/2026:13:52:55 -0400] "GET /403.shtml HTTP/1.1" 404 5749 "-" "-"
130.131.224.225 - - [26/May/2026:13:52:55 -0400] "GET /403.shtml HTTP/1.1" 404 5749 "-" "-"
130.131.224.225 - - [26/May/2026:13:52:56 -0400] "GET /403.shtml HTTP/1.1" 404 5749 "-" "-"
130.131.224.225 - - [26/May/2026:13:52:56 -0400] "GET /403.shtml HTTP/1.1" 404 5749 "-" "-"
130.131.224.225 - - [26/May/2026:13:52:56 -0400] "GET /403.shtml HTTP/1.1" 404 5749 "-" "-"
130.131.224.225 - - [26/May/2026:13:52:57 -0400] "GET /403.shtml HTTP/1.1" 404 5749 "-" "-"
114.119.134.107 - - [26/May/2026:13:53:46 -0400] "GET /goods/temporoauricular/04484646548.html HTTP/1.1" 404 - "https://www.everywheremarywent.com/sitemap.xml" "Mozilla/5.0 (Linux; Android 7.0;) AppleWebKit/537.36 (HTML, like Gecko) Mobile Safari/537.36 (compatible; PetalBot;+https://webmaster.petalsearch.com/site/petalbot)"
57.141.20.69 - - [26/May/2026:13:53:53 -0400] "GET /goods/rutabaga/051651497449.html HTTP/2.0" 404 - "-" "meta-externalagent/1.1 (+https://developers.facebook.com/docs/sharing/webmasters/crawler)"
66.249.70.71 - - [26/May/2026:13:54:15 -0400] "GET /pin/c8b94373225401 HTTP/1.1" 404 - "-" "Mozilla/5.0 (Linux; Android 6.0.1; Nexus 5X Build/MMB29P) AppleWebKit/537.36 (KHTML, like Gecko) Chrome/148.0.7778.96 Mobile Safari/537.36 (compatible; Googlebot/2.1; +http://www.google.com/bot.html)"
66.249.70.167 - - [26/May/2026:13:54:16 -0400] "GET /shop/c0bc4610521404 HTTP/1.1" 404 - "-" "Mozilla/5.0 (Linux; Android 6.0.1; Nexus 5X Build/MMB29P) AppleWebKit/537.36 (KHTML, like Gecko) Chrome/148.0.7778.96 Mobile Safari/537.36 (compatible; Googlebot/2.1; +http://www.google.com/bot.html)"
192.178.4.97 - - [26/May/2026:13:54:17 -0400] "GET /shopdetail/6080c583676404 HTTP/1.1" 404 - "-" "Mozilla/5.0 (Linux; Android 6.0.1; Nexus 5X Build/MMB29P) AppleWebKit/537.36 (KHTML, like Gecko) Chrome/148.0.7778.96 Mobile Safari/537.36 (compatible; Googlebot/2.1; +http://www.google.com/bot.html)"
66.249.70.70 - - [26/May/2026:13:54:26 -0400] "GET /goods/midseventies/112896999807.html HTTP/1.1" 404 - "-" "Mozilla/5.0 (Linux; Android 6.0.1; Nexus 5X Build/MMB29P) AppleWebKit/537.36 (KHTML, like Gecko) Chrome/148.0.7778.96 Mobile Safari/537.36 (compatible; Googlebot/2.1; +http://www.google.com/bot.html)"
192.178.4.105 - - [26/May/2026:13:54:26 -0400] "GET /shopdetail/15a6c583343704 HTTP/1.1" 404 - "-" "Mozilla/5.0 (Linux; Android 6.0.1; Nexus 5X Build/MMB29P) AppleWebKit/537.36 (KHTML, like Gecko) Chrome/148.0.7778.96 Mobile Safari/537.36 (compatible; Googlebot/2.1; +http://www.google.com/bot.html)"
57.141.20.35 - - [26/May/2026:13:55:00 -0400] "GET /goods/oriolidae/101910495926.html HTTP/2.0" 404 - "-" "meta-externalagent/1.1 (+https://developers.facebook.com/docs/sharing/webmasters/crawler)"
114.119.146.41 - - [26/May/2026:13:55:41 -0400] "GET /goods/temporized/0439825109.html HTTP/1.1" 404 - "https://www.everywheremarywent.com/sitemap.xml" "Mozilla/5.0 (Linux; Android 7.0;) AppleWebKit/537.36 (HTML, like Gecko) Mobile Safari/537.36 (compatible; PetalBot;+https://webmaster.petalsearch.com/site/petalbot)"
66.249.70.167 - - [26/May/2026:13:56:02 -0400] "GET /shop/a654b756360604 HTTP/1.1" 404 - "-" "Mozilla/5.0 (Linux; Android 6.0.1; Nexus 5X Build/MMB29P) AppleWebKit/537.36 (KHTML, like Gecko) Chrome/148.0.7778.96 Mobile Safari/537.36 (compatible; Googlebot/2.1; +http://www.google.com/bot.html)"
57.141.20.14 - - [26/May/2026:13:56:06 -0400] "GET /goods/figuring/103804354883.html HTTP/2.0" 404 - "-" "meta-externalagent/1.1 (+https://developers.facebook.com/docs/sharing/webmasters/crawler)"
66.249.70.70 - - [26/May/2026:13:56:54 -0400] "GET /goods/aspired/111474576003.html HTTP/1.1" 404 - "-" "Mozilla/5.0 (Linux; Android 6.0.1; Nexus 5X Build/MMB29P) AppleWebKit/537.36 (KHTML, like Gecko) Chrome/148.0.7778.96 Mobile Safari/537.36 (compatible; Googlebot/2.1; +http://www.google.com/bot.html)"
66.249.70.69 - - [26/May/2026:13:56:55 -0400] "GET /goods/pilidium/06341009539.html HTTP/1.1" 404 - "-" "Mozilla/5.0 (Linux; Android 6.0.1; Nexus 5X Build/MMB29P) AppleWebKit/537.36 (KHTML, like Gecko) Chrome/148.0.7778.96 Mobile Safari/537.36 (compatible; Googlebot/2.1; +http://www.google.com/bot.html)"
66.249.70.71 - - [26/May/2026:13:56:55 -0400] "GET /goods/estafet/014280341677.html HTTP/1.1" 404 - "-" "Mozilla/5.0 (Linux; Android 6.0.1; Nexus 5X Build/MMB29P) AppleWebKit/537.36 (KHTML, like Gecko) Chrome/148.0.7778.96 Mobile Safari/537.36 (compatible; Googlebot/2.1; +http://www.google.com/bot.html)"
66.249.70.71 - - [26/May/2026:13:56:55 -0400] "GET /goods/sleigh/033248928768.html HTTP/1.1" 404 - "-" "Mozilla/5.0 (Linux; Android 6.0.1; Nexus 5X Build/MMB29P) AppleWebKit/537.36 (KHTML, like Gecko) Chrome/148.0.7778.96 Mobile Safari/537.36 (compatible; Googlebot/2.1; +http://www.google.com/bot.html)"
66.249.70.69 - - [26/May/2026:13:56:56 -0400] "GET /goods/labionasal/033190717703.html HTTP/1.1" 404 - "-" "Mozilla/5.0 (Linux; Android 6.0.1; Nexus 5X Build/MMB29P) AppleWebKit/537.36 (KHTML, like Gecko) Chrome/148.0.7778.96 Mobile Safari/537.36 (compatible; Googlebot/2.1; +http://www.google.com/bot.html)"
66.249.70.70 - - [26/May/2026:13:57:08 -0400] "GET /goods/interjangle/032967975408.html HTTP/1.1" 404 - "-" "Mozilla/5.0 (Linux; Android 6.0.1; Nexus 5X Build/MMB29P) AppleWebKit/537.36 (KHTML, like Gecko) Chrome/148.0.7778.96 Mobile Safari/537.36 (compatible; Googlebot/2.1; +http://www.google.com/bot.html)"
57.141.20.10 - - [26/May/2026:13:57:13 -0400] "GET /goods/buddhism/033316271917.html HTTP/2.0" 404 - "-" "meta-externalagent/1.1 (+https://developers.facebook.com/docs/sharing/webmasters/crawler)"
114.119.157.221 - - [26/May/2026:13:57:35 -0400] "GET /goods/telford/101172254644.html HTTP/1.1" 404 - "https://www.everywheremarywent.com/sitemap.xml" "Mozilla/5.0 (Linux; Android 7.0;) AppleWebKit/537.36 (HTML, like Gecko) Mobile Safari/537.36 (compatible; PetalBot;+https://webmaster.petalsearch.com/site/petalbot)"
57.141.20.33 - - [26/May/2026:13:58:19 -0400] "GET /goods/artefact/031497782807.html HTTP/2.0" 404 - "-" "meta-externalagent/1.1 (+https://developers.facebook.com/docs/sharing/webmasters/crawler)"
66.249.70.167 - - [26/May/2026:13:58:41 -0400] "GET /shop/dbaf6624641604 HTTP/1.1" 404 - "-" "Mozilla/5.0 (Linux; Android 6.0.1; Nexus 5X Build/MMB29P) AppleWebKit/537.36 (KHTML, like Gecko) Chrome/148.0.7778.96 Mobile Safari/537.36 (compatible; Googlebot/2.1; +http://www.google.com/bot.html)"
57.141.20.52 - - [26/May/2026:13:59:26 -0400] "GET /goods/turren/082672467571.html HTTP/2.0" 404 - "-" "meta-externalagent/1.1 (+https://developers.facebook.com/docs/sharing/webmasters/crawler)"
114.119.138.77 - - [26/May/2026:13:59:30 -0400] "GET /goods/teleophore/04304656649.html HTTP/1.1" 404 - "https://www.everywheremarywent.com/sitemap.xml" "Mozilla/5.0 (Linux; Android 7.0;) AppleWebKit/537.36 (HTML, like Gecko) Mobile Safari/537.36 (compatible; PetalBot;+https://webmaster.petalsearch.com/site/petalbot)"
66.249.70.167 - - [26/May/2026:13:59:52 -0400] "GET /shop/4d5be647667704 HTTP/1.1" 404 - "-" "Mozilla/5.0 (Linux; Android 6.0.1; Nexus 5X Build/MMB29P) AppleWebKit/537.36 (KHTML, like Gecko) Chrome/148.0.7778.96 Mobile Safari/537.36 (compatible; Googlebot/2.1; +http://www.google.com/bot.html)"
66.249.70.69 - - [26/May/2026:14:00:25 -0400] "GET /goods/affluent/09844337445.html HTTP/1.1" 404 - "-" "Mozilla/5.0 (Linux; Android 6.0.1; Nexus 5X Build/MMB29P) AppleWebKit/537.36 (KHTML, like Gecko) Chrome/148.0.7778.96 Mobile Safari/537.36 (compatible; Googlebot/2.1; +http://www.google.com/bot.html)"
66.249.70.69 - - [26/May/2026:14:00:26 -0400] "GET /goods/onkey/03234279581.html HTTP/1.1" 404 - "-" "Mozilla/5.0 (Linux; Android 6.0.1; Nexus 5X Build/MMB29P) AppleWebKit/537.36 (KHTML, like Gecko) Chrome/148.0.7778.96 Mobile Safari/537.36 (compatible; Googlebot/2.1; +http://www.google.com/bot.html)"
57.141.20.57 - - [26/May/2026:14:00:33 -0400] "GET /goods/reencourage/094045654230.html HTTP/2.0" 404 - "-" "meta-externalagent/1.1 (+https://developers.facebook.com/docs/sharing/webmasters/crawler)"
66.249.70.70 - - [26/May/2026:14:00:56 -0400] "GET /goods/mycoptes/06874313331.html HTTP/1.1" 404 - "-" "Mozilla/5.0 (Linux; Android 6.0.1; Nexus 5X Build/MMB29P) AppleWebKit/537.36 (KHTML, like Gecko) Chrome/148.0.7778.96 Mobile Safari/537.36 (compatible; Googlebot/2.1; +http://www.google.com/bot.html)"
66.249.70.71 - - [26/May/2026:14:01:18 -0400] "GET /goods/disacknowledged/052631302902.html HTTP/1.1" 404 - "-" "Mozilla/5.0 (Linux; Android 6.0.1; Nexus 5X Build/MMB29P) AppleWebKit/537.36 (KHTML, like Gecko) Chrome/148.0.7778.96 Mobile Safari/537.36 (compatible; Googlebot/2.1; +http://www.google.com/bot.html)"
114.119.134.107 - - [26/May/2026:14:01:23 -0400] "GET /goods/teasing/042536727577.html HTTP/1.1" 404 - "https://www.everywheremarywent.com/sitemap.xml" "Mozilla/5.0 (Linux; Android 7.0;) AppleWebKit/537.36 (HTML, like Gecko) Mobile Safari/537.36 (compatible; PetalBot;+https://webmaster.petalsearch.com/site/petalbot)"
57.141.20.39 - - [26/May/2026:14:01:40 -0400] "GET /goods/fluidized/102406658695.html HTTP/2.0" 404 - "-" "meta-externalagent/1.1 (+https://developers.facebook.com/docs/sharing/webmasters/crawler)"
216.73.216.133 - - [26/May/2026:14:01:44 -0400] "GET /hnsie.php HTTP/2.0" 200 3108 "-" "Mozilla/5.0 AppleWebKit/537.36 (KHTML, like Gecko; compatible; ClaudeBot/1.0; +claudebot@anthropic.com)"
66.249.70.168 - - [26/May/2026:14:01:59 -0400] "GET /shop/ff495621867704 HTTP/1.1" 404 - "-" "Mozilla/5.0 (Linux; Android 6.0.1; Nexus 5X Build/MMB29P) AppleWebKit/537.36 (KHTML, like Gecko) Chrome/148.0.7778.96 Mobile Safari/537.36 (compatible; Googlebot/2.1; +http://www.google.com/bot.html)"
66.249.70.166 - - [26/May/2026:14:02:11 -0400] "GET /shop/91a0a691790804 HTTP/1.1" 404 - "-" "Mozilla/5.0 (Linux; Android 6.0.1; Nexus 5X Build/MMB29P) AppleWebKit/537.36 (KHTML, like Gecko) Chrome/148.0.7778.96 Mobile Safari/537.36 (compatible; Googlebot/2.1; +http://www.google.com/bot.html)"
57.141.20.18 - - [26/May/2026:14:02:46 -0400] "GET /goods/adjudging/121687470227.html HTTP/2.0" 404 - "-" "meta-externalagent/1.1 (+https://developers.facebook.com/docs/sharing/webmasters/crawler)"
114.119.152.108 - - [26/May/2026:14:03:19 -0400] "GET /goods/teacher/012773098315.html HTTP/1.1" 404 - "https://www.everywheremarywent.com/sitemap.xml" "Mozilla/5.0 (Linux; Android 7.0;) AppleWebKit/537.36 (HTML, like Gecko) Mobile Safari/537.36 (compatible; PetalBot;+https://webmaster.petalsearch.com/site/petalbot)"
57.141.20.56 - - [26/May/2026:14:03:54 -0400] "GET /goods/patientia/042015174495.html HTTP/2.0" 404 - "-" "meta-externalagent/1.1 (+https://developers.facebook.com/docs/sharing/webmasters/crawler)"
66.249.70.69 - - [26/May/2026:14:03:56 -0400] "GET /goods/cleanlimbed/0615039746.html HTTP/1.1" 404 - "-" "Mozilla/5.0 (Linux; Android 6.0.1; Nexus 5X Build/MMB29P) AppleWebKit/537.36 (KHTML, like Gecko) Chrome/148.0.7778.96 Mobile Safari/537.36 (compatible; Googlebot/2.1; +http://www.google.com/bot.html)"
192.178.4.97 - - [26/May/2026:14:03:57 -0400] "GET /shopdetail/52ce4581266304 HTTP/1.1" 404 - "-" "Mozilla/5.0 (Linux; Android 6.0.1; Nexus 5X Build/MMB29P) AppleWebKit/537.36 (KHTML, like Gecko) Chrome/148.0.7778.96 Mobile Safari/537.36 (compatible; Googlebot/2.1; +http://www.google.com/bot.html)"
66.249.70.167 - - [26/May/2026:14:03:57 -0400] "GET /shop/fd824750208604 HTTP/1.1" 404 - "-" "Mozilla/5.0 (Linux; Android 6.0.1; Nexus 5X Build/MMB29P) AppleWebKit/537.36 (KHTML, like Gecko) Chrome/148.0.7778.96 Mobile Safari/537.36 (compatible; Googlebot/2.1; +http://www.google.com/bot.html)"
192.178.4.96 - - [26/May/2026:14:03:58 -0400] "GET /entity/verdict/072637760971 HTTP/1.1" 404 - "-" "Mozilla/5.0 (Linux; Android 6.0.1; Nexus 5X Build/MMB29P) AppleWebKit/537.36 (KHTML, like Gecko) Chrome/148.0.7778.96 Mobile Safari/537.36 (compatible; Googlebot/2.1; +http://www.google.com/bot.html)"
66.249.70.71 - - [26/May/2026:14:04:03 -0400] "GET /goods/mascle/03696534317.html HTTP/1.1" 404 - "-" "Mozilla/5.0 (Linux; Android 6.0.1; Nexus 5X Build/MMB29P) AppleWebKit/537.36 (KHTML, like Gecko) Chrome/148.0.7778.96 Mobile Safari/537.36 (compatible; Googlebot/2.1; +http://www.google.com/bot.html)"
216.73.216.133 - - [26/May/2026:14:04:23 -0400] "GET /ibjdo.php HTTP/2.0" 200 3108 "-" "Mozilla/5.0 AppleWebKit/537.36 (KHTML, like Gecko; compatible; ClaudeBot/1.0; +claudebot@anthropic.com)"
57.141.20.10 - - [26/May/2026:14:05:00 -0400] "GET /goods/bipennis/091478552127.html HTTP/2.0" 404 - "-" "meta-externalagent/1.1 (+https://developers.facebook.com/docs/sharing/webmasters/crawler)"
114.119.130.221 - - [26/May/2026:14:05:13 -0400] "GET /goods/tazetta/103279816917.html HTTP/1.1" 404 - "https://www.everywheremarywent.com/sitemap.xml" "Mozilla/5.0 (Linux; Android 7.0;) AppleWebKit/537.36 (HTML, like Gecko) Mobile Safari/537.36 (compatible; PetalBot;+https://webmaster.petalsearch.com/site/petalbot)"
216.73.216.133 - - [26/May/2026:14:05:21 -0400] "GET /robots.php HTTP/2.0" 200 24 "-" "Mozilla/5.0 AppleWebKit/537.36 (KHTML, like Gecko; compatible; ClaudeBot/1.0; +claudebot@anthropic.com)"
57.141.20.69 - - [26/May/2026:14:06:06 -0400] "GET /goods/sectionalism/123071791922.html HTTP/2.0" 404 - "-" "meta-externalagent/1.1 (+https://developers.facebook.com/docs/sharing/webmasters/crawler)"
216.73.216.133 - - [26/May/2026:14:06:10 -0400] "GET /pu9.php HTTP/2.0" 200 227 "-" "Mozilla/5.0 AppleWebKit/537.36 (KHTML, like Gecko; compatible; ClaudeBot/1.0; +claudebot@anthropic.com)"
66.249.70.70 - - [26/May/2026:14:06:34 -0400] "GET /goods/fluidrachm/073556061017.html HTTP/1.1" 404 - "-" "Mozilla/5.0 (Linux; Android 6.0.1; Nexus 5X Build/MMB29P) AppleWebKit/537.36 (KHTML, like Gecko) Chrome/148.0.7778.96 Mobile Safari/537.36 (compatible; Googlebot/2.1; +http://www.google.com/bot.html)"
66.249.70.69 - - [26/May/2026:14:06:35 -0400] "GET /goods/decurrence/10824457367.html HTTP/1.1" 404 - "-" "Mozilla/5.0 (Linux; Android 6.0.1; Nexus 5X Build/MMB29P) AppleWebKit/537.36 (KHTML, like Gecko) Chrome/148.0.7778.96 Mobile Safari/537.36 (compatible; Googlebot/2.1; +http://www.google.com/bot.html)"
66.249.70.166 - - [26/May/2026:14:06:36 -0400] "GET /shop/cf86f629610204 HTTP/1.1" 404 - "-" "Mozilla/5.0 (Linux; Android 6.0.1; Nexus 5X Build/MMB29P) AppleWebKit/537.36 (KHTML, like Gecko) Chrome/148.0.7778.96 Mobile Safari/537.36 (compatible; Googlebot/2.1; +http://www.google.com/bot.html)"
66.249.70.69 - - [26/May/2026:14:06:36 -0400] "GET /goods/anagyris/09533693796.html HTTP/1.1" 404 - "-" "Mozilla/5.0 (Linux; Android 6.0.1; Nexus 5X Build/MMB29P) AppleWebKit/537.36 (KHTML, like Gecko) Chrome/148.0.7778.96 Mobile Safari/537.36 (compatible; Googlebot/2.1; +http://www.google.com/bot.html)"
66.249.70.71 - - [26/May/2026:14:06:37 -0400] "GET /pin/e1b3e302775601 HTTP/1.1" 404 - "-" "Mozilla/5.0 (Linux; Android 6.0.1; Nexus 5X Build/MMB29P) AppleWebKit/537.36 (KHTML, like Gecko) Chrome/148.0.7778.96 Mobile Safari/537.36 (compatible; Googlebot/2.1; +http://www.google.com/bot.html)"
114.119.133.158 - - [26/May/2026:14:07:07 -0400] "GET /goods/tastiest/04484492774.html HTTP/1.1" 404 - "https://www.everywheremarywent.com/sitemap.xml" "Mozilla/5.0 (Linux; Android 7.0;) AppleWebKit/537.36 (HTML, like Gecko) Mobile Safari/537.36 (compatible; PetalBot;+https://webmaster.petalsearch.com/site/petalbot)"
57.141.20.47 - - [26/May/2026:14:07:13 -0400] "GET /goods/squamulae/083067133930.html HTTP/2.0" 404 - "-" "meta-externalagent/1.1 (+https://developers.facebook.com/docs/sharing/webmasters/crawler)"
66.249.70.166 - - [26/May/2026:14:07:29 -0400] "GET /shop/1a8af705824604 HTTP/1.1" 404 - "-" "Mozilla/5.0 (Linux; Android 6.0.1; Nexus 5X Build/MMB29P) AppleWebKit/537.36 (KHTML, like Gecko) Chrome/148.0.7778.96 Mobile Safari/537.36 (compatible; Googlebot/2.1; +http://www.google.com/bot.html)"
66.249.70.70 - - [26/May/2026:14:07:30 -0400] "GET /goods/hanky/081006056608.html HTTP/1.1" 404 - "-" "Mozilla/5.0 (Linux; Android 6.0.1; Nexus 5X Build/MMB29P) AppleWebKit/537.36 (KHTML, like Gecko) Chrome/148.0.7778.96 Mobile Safari/537.36 (compatible; Googlebot/2.1; +http://www.google.com/bot.html)"
66.249.70.69 - - [26/May/2026:14:07:30 -0400] "GET /pin/60d74319303001 HTTP/1.1" 404 - "-" "Mozilla/5.0 (Linux; Android 6.0.1; Nexus 5X Build/MMB29P) AppleWebKit/537.36 (KHTML, like Gecko) Chrome/148.0.7778.96 Mobile Safari/537.36 (compatible; Googlebot/2.1; +http://www.google.com/bot.html)"
66.249.70.71 - - [26/May/2026:14:07:31 -0400] "GET /goods/occludent/022956538469.html HTTP/1.1" 404 - "-" "Mozilla/5.0 (Linux; Android 6.0.1; Nexus 5X Build/MMB29P) AppleWebKit/537.36 (KHTML, like Gecko) Chrome/148.0.7778.96 Mobile Safari/537.36 (compatible; Googlebot/2.1; +http://www.google.com/bot.html)"
66.249.70.69 - - [26/May/2026:14:07:39 -0400] "GET /goods/springboard/033521751398.html HTTP/1.1" 404 - "-" "Mozilla/5.0 (Linux; Android 6.0.1; Nexus 5X Build/MMB29P) AppleWebKit/537.36 (KHTML, like Gecko) Chrome/148.0.7778.96 Mobile Safari/537.36 (compatible; Googlebot/2.1; +http://www.google.com/bot.html)"
66.249.70.69 - - [26/May/2026:14:07:39 -0400] "GET /goods/perpession/032141180135.html HTTP/1.1" 404 - "-" "Mozilla/5.0 (Linux; Android 6.0.1; Nexus 5X Build/MMB29P) AppleWebKit/537.36 (KHTML, like Gecko) Chrome/148.0.7778.96 Mobile Safari/537.36 (compatible; Googlebot/2.1; +http://www.google.com/bot.html)"
66.249.70.69 - - [26/May/2026:14:07:47 -0400] "GET /goods/charter/064245250063.html HTTP/1.1" 404 - "-" "Mozilla/5.0 (Linux; Android 6.0.1; Nexus 5X Build/MMB29P) AppleWebKit/537.36 (KHTML, like Gecko) Chrome/148.0.7778.96 Mobile Safari/537.36 (compatible; Googlebot/2.1; +http://www.google.com/bot.html)"
57.141.20.58 - - [26/May/2026:14:08:19 -0400] "GET /goods/trochantine/093032944757.html HTTP/2.0" 404 - "-" "meta-externalagent/1.1 (+https://developers.facebook.com/docs/sharing/webmasters/crawler)"
66.249.70.168 - - [26/May/2026:14:08:23 -0400] "GET /shop/eb371694697204 HTTP/1.1" 404 - "-" "Mozilla/5.0 (Linux; Android 6.0.1; Nexus 5X Build/MMB29P) AppleWebKit/537.36 (KHTML, like Gecko) Chrome/148.0.7778.96 Mobile Safari/537.36 (compatible; Googlebot/2.1; +http://www.google.com/bot.html)"
114.119.133.158 - - [26/May/2026:14:09:02 -0400] "GET /goods/tasking/073437653956.html HTTP/1.1" 404 - "https://www.everywheremarywent.com/sitemap.xml" "Mozilla/5.0 (Linux; Android 7.0;) AppleWebKit/537.36 (HTML, like Gecko) Mobile Safari/537.36 (compatible; PetalBot;+https://webmaster.petalsearch.com/site/petalbot)"
66.249.70.70 - - [26/May/2026:14:09:16 -0400] "GET /goods/excommunicant/042095881583.html HTTP/1.1" 404 - "-" "Mozilla/5.0 (Linux; Android 6.0.1; Nexus 5X Build/MMB29P) AppleWebKit/537.36 (KHTML, like Gecko) Chrome/148.0.7778.96 Mobile Safari/537.36 (compatible; Googlebot/2.1; +http://www.google.com/bot.html)"
66.249.70.69 - - [26/May/2026:14:09:16 -0400] "GET /goods/nonplussing/033186364060.html HTTP/1.1" 404 - "-" "Mozilla/5.0 (Linux; Android 6.0.1; Nexus 5X Build/MMB29P) AppleWebKit/537.36 (KHTML, like Gecko) Chrome/148.0.7778.96 Mobile Safari/537.36 (compatible; Googlebot/2.1; +http://www.google.com/bot.html)"
57.141.20.17 - - [26/May/2026:14:09:26 -0400] "GET /goods/inculture/073592072540.html HTTP/2.0" 404 - "-" "meta-externalagent/1.1 (+https://developers.facebook.com/docs/sharing/webmasters/crawler)"
66.249.70.69 - - [26/May/2026:14:10:25 -0400] "GET /goods/phariseeism/072234383137.html HTTP/1.1" 404 - "-" "Mozilla/5.0 (Linux; Android 6.0.1; Nexus 5X Build/MMB29P) AppleWebKit/537.36 (KHTML, like Gecko) Chrome/148.0.7778.96 Mobile Safari/537.36 (compatible; Googlebot/2.1; +http://www.google.com/bot.html)"
57.141.20.28 - - [26/May/2026:14:10:33 -0400] "GET /goods/herpetologic/091805662085.html HTTP/2.0" 404 - "-" "meta-externalagent/1.1 (+https://developers.facebook.com/docs/sharing/webmasters/crawler)"
66.249.70.70 - - [26/May/2026:14:10:35 -0400] "GET /goods/chatellany/10201012902.html HTTP/1.1" 404 - "-" "Mozilla/5.0 (Linux; Android 6.0.1; Nexus 5X Build/MMB29P) AppleWebKit/537.36 (KHTML, like Gecko) Chrome/148.0.7778.96 Mobile Safari/537.36 (compatible; Googlebot/2.1; +http://www.google.com/bot.html)"
114.119.146.41 - - [26/May/2026:14:10:56 -0400] "GET /goods/tarheel/072236659570.html HTTP/1.1" 404 - "https://www.everywheremarywent.com/goods/tarheel/072236659570.html" "Mozilla/5.0 (Linux; Android 7.0;) AppleWebKit/537.36 (HTML, like Gecko) Mobile Safari/537.36 (compatible; PetalBot;+https://webmaster.petalsearch.com/site/petalbot)"
66.249.70.70 - - [26/May/2026:14:11:01 -0400] "GET /goods/fruitless/013853967948.html HTTP/1.1" 404 - "-" "Mozilla/5.0 (Linux; Android 6.0.1; Nexus 5X Build/MMB29P) AppleWebKit/537.36 (KHTML, like Gecko) Chrome/148.0.7778.96 Mobile Safari/537.36 (compatible; Googlebot/2.1; +http://www.google.com/bot.html)"
57.141.20.52 - - [26/May/2026:14:11:39 -0400] "GET /goods/frambaesia/04781337086.html HTTP/2.0" 404 - "-" "meta-externalagent/1.1 (+https://developers.facebook.com/docs/sharing/webmasters/crawler)"
66.249.70.167 - - [26/May/2026:14:11:54 -0400] "GET /shop/ebf95722370804 HTTP/1.1" 404 - "-" "Mozilla/5.0 (Linux; Android 6.0.1; Nexus 5X Build/MMB29P) AppleWebKit/537.36 (KHTML, like Gecko) Chrome/148.0.7778.96 Mobile Safari/537.36 (compatible; Googlebot/2.1; +http://www.google.com/bot.html)"
66.249.70.70 - - [26/May/2026:14:11:54 -0400] "GET /goods/resignation/011093595456.html HTTP/1.1" 404 - "-" "Mozilla/5.0 (Linux; Android 6.0.1; Nexus 5X Build/MMB29P) AppleWebKit/537.36 (KHTML, like Gecko) Chrome/148.0.7778.96 Mobile Safari/537.36 (compatible; Googlebot/2.1; +http://www.google.com/bot.html)"
57.141.20.47 - - [26/May/2026:14:12:46 -0400] "GET /goods/scriptures/061617419291.html HTTP/2.0" 404 - "-" "meta-externalagent/1.1 (+https://developers.facebook.com/docs/sharing/webmasters/crawler)"
114.119.146.41 - - [26/May/2026:14:12:50 -0400] "GET /goods/tapor/041540462740.html HTTP/1.1" 404 - "https://www.everywheremarywent.com/sitemap.xml" "Mozilla/5.0 (Linux; Android 7.0;) AppleWebKit/537.36 (HTML, like Gecko) Mobile Safari/537.36 (compatible; PetalBot;+https://webmaster.petalsearch.com/site/petalbot)"
57.141.20.5 - - [26/May/2026:14:13:53 -0400] "GET /goods/aerose/093544596429.html HTTP/2.0" 404 - "-" "meta-externalagent/1.1 (+https://developers.facebook.com/docs/sharing/webmasters/crawler)"
66.249.70.71 - - [26/May/2026:14:14:18 -0400] "GET /goods/stumpiness/06672147301.html HTTP/1.1" 404 - "-" "Mozilla/5.0 (Linux; Android 6.0.1; Nexus 5X Build/MMB29P) AppleWebKit/537.36 (KHTML, like Gecko) Chrome/148.0.7778.96 Mobile Safari/537.36 (compatible; Googlebot/2.1; +http://www.google.com/bot.html)"
114.119.138.77 - - [26/May/2026:14:14:46 -0400] "GET /goods/tapered/073505330659.html HTTP/1.1" 404 - "https://www.everywheremarywent.com/goods/tapered/073505330659.html" "Mozilla/5.0 (Linux; Android 7.0;) AppleWebKit/537.36 (HTML, like Gecko) Mobile Safari/537.36 (compatible; PetalBot;+https://webmaster.petalsearch.com/site/petalbot)"
57.141.20.45 - - [26/May/2026:14:15:00 -0400] "GET /goods/humidification/0992640625.html HTTP/2.0" 404 - "-" "meta-externalagent/1.1 (+https://developers.facebook.com/docs/sharing/webmasters/crawler)"
57.141.20.17 - - [26/May/2026:14:16:06 -0400] "GET /goods/sulphinic/032083549074.html HTTP/2.0" 404 - "-" "meta-externalagent/1.1 (+https://developers.facebook.com/docs/sharing/webmasters/crawler)"
192.178.4.96 - - [26/May/2026:14:16:27 -0400] "GET /entity/demideify/06743965440 HTTP/1.1" 404 - "-" "Mozilla/5.0 (Linux; Android 6.0.1; Nexus 5X Build/MMB29P) AppleWebKit/537.36 (KHTML, like Gecko) Chrome/148.0.7778.96 Mobile Safari/537.36 (compatible; Googlebot/2.1; +http://www.google.com/bot.html)"
114.119.132.227 - - [26/May/2026:14:16:41 -0400] "GET /goods/tantalizer/042442471384.html HTTP/1.1" 404 - "https://www.everywheremarywent.com/sitemap.xml" "Mozilla/5.0 (Linux; Android 7.0;) AppleWebKit/537.36 (HTML, like Gecko) Mobile Safari/537.36 (compatible; PetalBot;+https://webmaster.petalsearch.com/site/petalbot)"
66.249.70.69 - - [26/May/2026:14:16:56 -0400] "GET /goods/oblata/05615962957.html HTTP/1.1" 404 - "-" "Mozilla/5.0 (Linux; Android 6.0.1; Nexus 5X Build/MMB29P) AppleWebKit/537.36 (KHTML, like Gecko) Chrome/148.0.7778.96 Mobile Safari/537.36 (compatible; Googlebot/2.1; +http://www.google.com/bot.html)"
66.249.70.71 - - [26/May/2026:14:16:56 -0400] "GET /goods/bounty/03513397936.html HTTP/1.1" 404 - "-" "Mozilla/5.0 (Linux; Android 6.0.1; Nexus 5X Build/MMB29P) AppleWebKit/537.36 (KHTML, like Gecko) Chrome/148.0.7778.96 Mobile Safari/537.36 (compatible; Googlebot/2.1; +http://www.google.com/bot.html)"
66.249.70.69 - - [26/May/2026:14:16:56 -0400] "GET /goods/thiamine/012654235399.html HTTP/1.1" 404 - "-" "Mozilla/5.0 (Linux; Android 6.0.1; Nexus 5X Build/MMB29P) AppleWebKit/537.36 (KHTML, like Gecko) Chrome/148.0.7778.96 Mobile Safari/537.36 (compatible; Googlebot/2.1; +http://www.google.com/bot.html)"
57.141.20.49 - - [26/May/2026:14:17:13 -0400] "GET /goods/entotic/042125851005.html HTTP/2.0" 404 - "-" "meta-externalagent/1.1 (+https://developers.facebook.com/docs/sharing/webmasters/crawler)"
66.249.70.69 - - [26/May/2026:14:17:49 -0400] "GET /pin/0147e338753401 HTTP/1.1" 404 - "-" "Mozilla/5.0 (Linux; Android 6.0.1; Nexus 5X Build/MMB29P) AppleWebKit/537.36 (KHTML, like Gecko) Chrome/148.0.7778.96 Mobile Safari/537.36 (compatible; Googlebot/2.1; +http://www.google.com/bot.html)"
66.249.70.71 - - [26/May/2026:14:17:49 -0400] "GET /goods/brahms/023702082785.html HTTP/1.1" 404 - "-" "Mozilla/5.0 (Linux; Android 6.0.1; Nexus 5X Build/MMB29P) AppleWebKit/537.36 (KHTML, like Gecko) Chrome/148.0.7778.96 Mobile Safari/537.36 (compatible; Googlebot/2.1; +http://www.google.com/bot.html)"
66.249.70.167 - - [26/May/2026:14:17:50 -0400] "GET /shop/e0727667348604 HTTP/1.1" 404 - "-" "Mozilla/5.0 (Linux; Android 6.0.1; Nexus 5X Build/MMB29P) AppleWebKit/537.36 (KHTML, like Gecko) Chrome/148.0.7778.96 Mobile Safari/537.36 (compatible; Googlebot/2.1; +http://www.google.com/bot.html)"
192.178.4.97 - - [26/May/2026:14:17:50 -0400] "GET /shopdetail/61e0f554976404 HTTP/1.1" 404 - "-" "Mozilla/5.0 (Linux; Android 6.0.1; Nexus 5X Build/MMB29P) AppleWebKit/537.36 (KHTML, like Gecko) Chrome/148.0.7778.96 Mobile Safari/537.36 (compatible; Googlebot/2.1; +http://www.google.com/bot.html)"
66.249.70.71 - - [26/May/2026:14:18:16 -0400] "GET /pin/e087d347215801 HTTP/1.1" 404 - "-" "Mozilla/5.0 (Linux; Android 6.0.1; Nexus 5X Build/MMB29P) AppleWebKit/537.36 (KHTML, like Gecko) Chrome/148.0.7778.96 Mobile Safari/537.36 (compatible; Googlebot/2.1; +http://www.google.com/bot.html)"
66.249.70.70 - - [26/May/2026:14:18:17 -0400] "GET /goods/hater/013114964321.html HTTP/1.1" 404 - "-" "Mozilla/5.0 (Linux; Android 6.0.1; Nexus 5X Build/MMB29P) AppleWebKit/537.36 (KHTML, like Gecko) Chrome/148.0.7778.96 Mobile Safari/537.36 (compatible; Googlebot/2.1; +http://www.google.com/bot.html)"
57.141.20.16 - - [26/May/2026:14:18:19 -0400] "GET /goods/orchestrion/09548091977.html HTTP/2.0" 404 - "-" "meta-externalagent/1.1 (+https://developers.facebook.com/docs/sharing/webmasters/crawler)"
66.249.70.168 - - [26/May/2026:14:18:34 -0400] "GET /shop/b71a5737962904 HTTP/1.1" 404 - "-" "Mozilla/5.0 (Linux; Android 6.0.1; Nexus 5X Build/MMB29P) AppleWebKit/537.36 (KHTML, like Gecko) Chrome/148.0.7778.96 Mobile Safari/537.36 (compatible; Googlebot/2.1; +http://www.google.com/bot.html)"
114.119.134.107 - - [26/May/2026:14:18:34 -0400] "GET /goods/tangibleness/102307658312.html HTTP/1.1" 404 - "https://www.everywheremarywent.com/sitemap.xml" "Mozilla/5.0 (Linux; Android 7.0;) AppleWebKit/537.36 (HTML, like Gecko) Mobile Safari/537.36 (compatible; PetalBot;+https://webmaster.petalsearch.com/site/petalbot)"
192.178.4.97 - - [26/May/2026:14:18:56 -0400] "GET /shopdetail/8e1bd543972604 HTTP/1.1" 404 - "-" "Mozilla/5.0 (Linux; Android 6.0.1; Nexus 5X Build/MMB29P) AppleWebKit/537.36 (KHTML, like Gecko) Chrome/148.0.7778.96 Mobile Safari/537.36 (compatible; Googlebot/2.1; +http://www.google.com/bot.html)"
57.141.20.41 - - [26/May/2026:14:19:26 -0400] "GET /goods/opiniate/04157644481.html HTTP/2.0" 404 - "-" "meta-externalagent/1.1 (+https://developers.facebook.com/docs/sharing/webmasters/crawler)"
114.119.146.41 - - [26/May/2026:14:20:29 -0400] "GET /goods/tamoshanter/013039141954.html HTTP/1.1" 404 - "https://www.everywheremarywent.com/sitemap.xml" "Mozilla/5.0 (Linux; Android 7.0;) AppleWebKit/537.36 (HTML, like Gecko) Mobile Safari/537.36 (compatible; PetalBot;+https://webmaster.petalsearch.com/site/petalbot)"
57.141.20.14 - - [26/May/2026:14:20:33 -0400] "GET /sitemap-sub-2470.xml HTTP/2.0" 404 - "-" "meta-externalagent/1.1 (+https://developers.facebook.com/docs/sharing/webmasters/crawler)"
66.249.70.70 - - [26/May/2026:14:21:33 -0400] "GET /goods/triableness/061069216288.html HTTP/1.1" 404 - "-" "Mozilla/5.0 (Linux; Android 6.0.1; Nexus 5X Build/MMB29P) AppleWebKit/537.36 (KHTML, like Gecko) Chrome/148.0.7778.96 Mobile Safari/537.36 (compatible; Googlebot/2.1; +http://www.google.com/bot.html)"
66.249.70.71 - - [26/May/2026:14:21:34 -0400] "GET /goods/incloser/081118289318.html HTTP/1.1" 404 - "-" "Mozilla/5.0 (Linux; Android 6.0.1; Nexus 5X Build/MMB29P) AppleWebKit/537.36 (KHTML, like Gecko) Chrome/148.0.7778.96 Mobile Safari/537.36 (compatible; Googlebot/2.1; +http://www.google.com/bot.html)"
57.141.20.20 - - [26/May/2026:14:21:40 -0400] "GET /goods/phonotype/103548531729.html HTTP/2.0" 404 - "-" "meta-externalagent/1.1 (+https://developers.facebook.com/docs/sharing/webmasters/crawler)"
114.119.134.107 - - [26/May/2026:14:22:23 -0400] "GET /goods/taller/07108185934.html HTTP/1.1" 404 - "https://www.everywheremarywent.com/goods/taller/07108185934.html" "Mozilla/5.0 (Linux; Android 7.0;) AppleWebKit/537.36 (HTML, like Gecko) Mobile Safari/537.36 (compatible; PetalBot;+https://webmaster.petalsearch.com/site/petalbot)"
66.249.70.167 - - [26/May/2026:14:22:26 -0400] "GET /shop/b2a88603866304 HTTP/1.1" 404 - "-" "Mozilla/5.0 (Linux; Android 6.0.1; Nexus 5X Build/MMB29P) AppleWebKit/537.36 (KHTML, like Gecko) Chrome/148.0.7778.96 Mobile Safari/537.36 (compatible; Googlebot/2.1; +http://www.google.com/bot.html)"
66.249.70.69 - - [26/May/2026:14:22:27 -0400] "GET /goods/acmaea/041855983969.html HTTP/1.1" 404 - "-" "Mozilla/5.0 (Linux; Android 6.0.1; Nexus 5X Build/MMB29P) AppleWebKit/537.36 (KHTML, like Gecko) Chrome/148.0.7778.96 Mobile Safari/537.36 (compatible; Googlebot/2.1; +http://www.google.com/bot.html)"
57.141.20.27 - - [26/May/2026:14:22:47 -0400] "GET /goods/haemolysis/091343808649.html HTTP/2.0" 404 - "-" "meta-externalagent/1.1 (+https://developers.facebook.com/docs/sharing/webmasters/crawler)"
57.141.20.20 - - [26/May/2026:14:23:53 -0400] "GET /goods/disglorified/031552125421.html HTTP/2.0" 404 - "-" "meta-externalagent/1.1 (+https://developers.facebook.com/docs/sharing/webmasters/crawler)"
66.249.70.70 - - [26/May/2026:14:24:11 -0400] "GET /goods/affined/12718272705.html HTTP/1.1" 404 - "-" "Mozilla/5.0 (Linux; Android 6.0.1; Nexus 5X Build/MMB29P) AppleWebKit/537.36 (KHTML, like Gecko) Chrome/148.0.7778.96 Mobile Safari/537.36 (compatible; Googlebot/2.1; +http://www.google.com/bot.html)"
66.249.70.166 - - [26/May/2026:14:24:12 -0400] "GET /shop/88259746606504 HTTP/1.1" 404 - "-" "Mozilla/5.0 (Linux; Android 6.0.1; Nexus 5X Build/MMB29P) AppleWebKit/537.36 (KHTML, like Gecko) Chrome/148.0.7778.96 Mobile Safari/537.36 (compatible; Googlebot/2.1; +http://www.google.com/bot.html)"
