114.119.157.221 - - [26/May/2026:14:24:18 -0400] "GET /goods/tabid/071561475891.html HTTP/1.1" 404 - "https://www.everywheremarywent.com/sitemap.xml" "Mozilla/5.0 (Linux; Android 7.0;) AppleWebKit/537.36 (HTML, like Gecko) Mobile Safari/537.36 (compatible; PetalBot;+https://webmaster.petalsearch.com/site/petalbot)"
66.249.70.70 - - [26/May/2026:14:24:49 -0400] "GET /goods/microustic/11896519153.html HTTP/1.1" 404 - "-" "Mozilla/5.0 (Linux; Android 6.0.1; Nexus 5X Build/MMB29P) AppleWebKit/537.36 (KHTML, like Gecko) Chrome/148.0.7778.96 Mobile Safari/537.36 (compatible; Googlebot/2.1; +http://www.google.com/bot.html)"
192.178.4.97 - - [26/May/2026:14:24:49 -0400] "GET /e/06/ HTTP/1.1" 404 - "-" "Mozilla/5.0 (Linux; Android 6.0.1; Nexus 5X Build/MMB29P) AppleWebKit/537.36 (KHTML, like Gecko) Chrome/148.0.7778.96 Mobile Safari/537.36 (compatible; Googlebot/2.1; +http://www.google.com/bot.html)"
57.141.20.47 - - [26/May/2026:14:25:00 -0400] "GET /goods/morchella/091776783412.html HTTP/2.0" 404 - "-" "meta-externalagent/1.1 (+https://developers.facebook.com/docs/sharing/webmasters/crawler)"
66.249.70.71 - - [26/May/2026:14:25:00 -0400] "GET /goods/reviewal/013721888740.html HTTP/1.1" 404 - "-" "Mozilla/5.0 (Linux; Android 6.0.1; Nexus 5X Build/MMB29P) AppleWebKit/537.36 (KHTML, like Gecko) Chrome/148.0.7778.96 Mobile Safari/537.36 (compatible; Googlebot/2.1; +http://www.google.com/bot.html)"
66.249.70.69 - - [26/May/2026:14:25:04 -0400] "GET /goods/attaint/0420342169.html HTTP/1.1" 404 - "-" "Mozilla/5.0 (Linux; Android 6.0.1; Nexus 5X Build/MMB29P) AppleWebKit/537.36 (KHTML, like Gecko) Chrome/148.0.7778.96 Mobile Safari/537.36 (compatible; Googlebot/2.1; +http://www.google.com/bot.html)"
66.249.70.69 - - [26/May/2026:14:25:58 -0400] "GET /goods/ganged/112044854953.html HTTP/1.1" 404 - "-" "Mozilla/5.0 (Linux; Android 6.0.1; Nexus 5X Build/MMB29P) AppleWebKit/537.36 (KHTML, like Gecko) Chrome/148.0.7778.96 Mobile Safari/537.36 (compatible; Googlebot/2.1; +http://www.google.com/bot.html)"
57.141.20.31 - - [26/May/2026:14:26:06 -0400] "GET /goods/invariability/071888832067.html HTTP/2.0" 404 - "-" "meta-externalagent/1.1 (+https://developers.facebook.com/docs/sharing/webmasters/crawler)"
74.125.151.166 - - [26/May/2026:14:26:12 -0400] "GET /shop/0b70f639219904 HTTP/1.1" 404 - "-" "Mozilla/5.0 (X11; Linux x86_64) AppleWebKit/537.36 (KHTML, like Gecko) Chrome/148.0.7778.96 Safari/537.36"
114.119.134.107 - - [26/May/2026:14:26:13 -0400] "GET /goods/tabefaction/013905125295.html HTTP/1.1" 404 - "https://www.everywheremarywent.com/sitemap.xml" "Mozilla/5.0 (Linux; Android 7.0;) AppleWebKit/537.36 (HTML, like Gecko) Mobile Safari/537.36 (compatible; PetalBot;+https://webmaster.petalsearch.com/site/petalbot)"
66.249.70.71 - - [26/May/2026:14:26:50 -0400] "GET /goods/noseless/052812806034.html HTTP/1.1" 404 - "-" "Mozilla/5.0 (Linux; Android 6.0.1; Nexus 5X Build/MMB29P) AppleWebKit/537.36 (KHTML, like Gecko) Chrome/148.0.7778.96 Mobile Safari/537.36 (compatible; Googlebot/2.1; +http://www.google.com/bot.html)"
66.249.70.70 - - [26/May/2026:14:26:51 -0400] "GET /goods/zehner/06431415221.html HTTP/1.1" 404 - "-" "Mozilla/5.0 (Linux; Android 6.0.1; Nexus 5X Build/MMB29P) AppleWebKit/537.36 (KHTML, like Gecko) Chrome/148.0.7778.96 Mobile Safari/537.36 (compatible; Googlebot/2.1; +http://www.google.com/bot.html)"
192.178.4.97 - - [26/May/2026:14:26:56 -0400] "GET /entity/concha/061259997054 HTTP/1.1" 404 - "-" "Mozilla/5.0 (Linux; Android 6.0.1; Nexus 5X Build/MMB29P) AppleWebKit/537.36 (KHTML, like Gecko) Chrome/148.0.7778.96 Mobile Safari/537.36 (compatible; Googlebot/2.1; +http://www.google.com/bot.html)"
66.249.70.166 - - [26/May/2026:14:26:58 -0400] "GET /shop/96d4a724254404 HTTP/1.1" 404 - "-" "Mozilla/5.0 (Linux; Android 6.0.1; Nexus 5X Build/MMB29P) AppleWebKit/537.36 (KHTML, like Gecko) Chrome/148.0.7778.96 Mobile Safari/537.36 (compatible; Googlebot/2.1; +http://www.google.com/bot.html)"
57.141.20.0 - - [26/May/2026:14:27:13 -0400] "GET /goods/ravish/091277543504.html HTTP/2.0" 404 - "-" "meta-externalagent/1.1 (+https://developers.facebook.com/docs/sharing/webmasters/crawler)"
114.119.134.107 - - [26/May/2026:14:28:06 -0400] "GET /goods/syringing/072805433384.html HTTP/1.1" 404 - "https://www.everywheremarywent.com/goods/syringing/072805433384.html" "Mozilla/5.0 (Linux; Android 7.0;) AppleWebKit/537.36 (HTML, like Gecko) Mobile Safari/537.36 (compatible; PetalBot;+https://webmaster.petalsearch.com/site/petalbot)"
57.141.20.21 - - [26/May/2026:14:28:20 -0400] "GET /goods/indubitable/061286196565.html HTTP/2.0" 404 - "-" "meta-externalagent/1.1 (+https://developers.facebook.com/docs/sharing/webmasters/crawler)"
207.46.13.92 - - [26/May/2026:14:28:30 -0400] "GET /goods/lamellicorn/083773132715.html HTTP/2.0" 404 - "-" "Mozilla/5.0 AppleWebKit/537.36 (KHTML, like Gecko; compatible; bingbot/2.0; +http://www.bing.com/bingbot.htm) Chrome/116.0.1938.76 Safari/537.36"
66.249.70.69 - - [26/May/2026:14:28:36 -0400] "GET /goods/transfuse/114016386933.html HTTP/1.1" 404 - "-" "Mozilla/5.0 (Linux; Android 6.0.1; Nexus 5X Build/MMB29P) AppleWebKit/537.36 (KHTML, like Gecko) Chrome/148.0.7778.96 Mobile Safari/537.36 (compatible; Googlebot/2.1; +http://www.google.com/bot.html)"
66.249.70.71 - - [26/May/2026:14:28:36 -0400] "GET /pin/342fe334779601 HTTP/1.1" 404 - "-" "Mozilla/5.0 (Linux; Android 6.0.1; Nexus 5X Build/MMB29P) AppleWebKit/537.36 (KHTML, like Gecko) Chrome/148.0.7778.96 Mobile Safari/537.36 (compatible; Googlebot/2.1; +http://www.google.com/bot.html)"
66.249.70.166 - - [26/May/2026:14:28:37 -0400] "GET /shop/e26aa649297204 HTTP/1.1" 404 - "-" "Mozilla/5.0 (Linux; Android 6.0.1; Nexus 5X Build/MMB29P) AppleWebKit/537.36 (KHTML, like Gecko) Chrome/148.0.7778.96 Mobile Safari/537.36 (compatible; Googlebot/2.1; +http://www.google.com/bot.html)"
66.249.70.71 - - [26/May/2026:14:28:37 -0400] "GET /goods/visitor/012390469461.html HTTP/1.1" 404 - "-" "Mozilla/5.0 (Linux; Android 6.0.1; Nexus 5X Build/MMB29P) AppleWebKit/537.36 (KHTML, like Gecko) Chrome/148.0.7778.96 Mobile Safari/537.36 (compatible; Googlebot/2.1; +http://www.google.com/bot.html)"
57.141.20.51 - - [26/May/2026:14:29:26 -0400] "GET /goods/lesson/073614862570.html HTTP/2.0" 404 - "-" "meta-externalagent/1.1 (+https://developers.facebook.com/docs/sharing/webmasters/crawler)"
66.249.70.166 - - [26/May/2026:14:29:30 -0400] "GET /shop/caa81674889304 HTTP/1.1" 404 - "-" "Mozilla/5.0 (Linux; Android 6.0.1; Nexus 5X Build/MMB29P) AppleWebKit/537.36 (KHTML, like Gecko) Chrome/148.0.7778.96 Mobile Safari/537.36 (compatible; Googlebot/2.1; +http://www.google.com/bot.html)"
66.249.70.71 - - [26/May/2026:14:29:43 -0400] "GET /goods/blackleg/092132398507.html HTTP/1.1" 404 - "-" "Mozilla/5.0 (Linux; Android 6.0.1; Nexus 5X Build/MMB29P) AppleWebKit/537.36 (KHTML, like Gecko) Chrome/148.0.7778.96 Mobile Safari/537.36 (compatible; Googlebot/2.1; +http://www.google.com/bot.html)"
114.119.134.107 - - [26/May/2026:14:30:01 -0400] "GET /goods/synonymous/071608296654.html HTTP/1.1" 404 - "https://www.everywheremarywent.com/sitemap.xml" "Mozilla/5.0 (Linux; Android 7.0;) AppleWebKit/537.36 (HTML, like Gecko) Mobile Safari/537.36 (compatible; PetalBot;+https://webmaster.petalsearch.com/site/petalbot)"
66.249.70.69 - - [26/May/2026:14:30:22 -0400] "GET /pin/1b912305406301 HTTP/1.1" 404 - "-" "Mozilla/5.0 (Linux; Android 6.0.1; Nexus 5X Build/MMB29P) AppleWebKit/537.36 (KHTML, like Gecko) Chrome/148.0.7778.96 Mobile Safari/537.36 (compatible; Googlebot/2.1; +http://www.google.com/bot.html)"
57.141.20.37 - - [26/May/2026:14:30:33 -0400] "GET /goods/crees/034149814590.html HTTP/2.0" 404 - "-" "meta-externalagent/1.1 (+https://developers.facebook.com/docs/sharing/webmasters/crawler)"
66.249.70.71 - - [26/May/2026:14:31:15 -0400] "GET /goods/crustily/01249357356.html HTTP/1.1" 404 - "-" "Mozilla/5.0 (Linux; Android 6.0.1; Nexus 5X Build/MMB29P) AppleWebKit/537.36 (KHTML, like Gecko) Chrome/148.0.7778.96 Mobile Safari/537.36 (compatible; Googlebot/2.1; +http://www.google.com/bot.html)"
192.178.4.96 - - [26/May/2026:14:31:38 -0400] "GET /shopdetail/183a5549757304 HTTP/1.1" 404 - "-" "Mozilla/5.0 (Linux; Android 6.0.1; Nexus 5X Build/MMB29P) AppleWebKit/537.36 (KHTML, like Gecko) Chrome/148.0.7778.96 Mobile Safari/537.36 (compatible; Googlebot/2.1; +http://www.google.com/bot.html)"
57.141.20.12 - - [26/May/2026:14:31:40 -0400] "GET /goods/leucorrhoea/071758480904.html HTTP/2.0" 404 - "-" "meta-externalagent/1.1 (+https://developers.facebook.com/docs/sharing/webmasters/crawler)"
114.119.152.108 - - [26/May/2026:14:31:57 -0400] "GET /goods/synclinorium/01950083114.html HTTP/1.1" 404 - "https://www.everywheremarywent.com/sitemap.xml" "Mozilla/5.0 (Linux; Android 7.0;) AppleWebKit/537.36 (HTML, like Gecko) Mobile Safari/537.36 (compatible; PetalBot;+https://webmaster.petalsearch.com/site/petalbot)"
57.141.20.62 - - [26/May/2026:14:32:47 -0400] "GET /goods/manganesic/032623842322.html HTTP/2.0" 404 - "-" "meta-externalagent/1.1 (+https://developers.facebook.com/docs/sharing/webmasters/crawler)"
66.249.70.167 - - [26/May/2026:14:33:01 -0400] "GET /shop/4d45460843904 HTTP/1.1" 404 - "-" "Mozilla/5.0 (Linux; Android 6.0.1; Nexus 5X Build/MMB29P) AppleWebKit/537.36 (KHTML, like Gecko) Chrome/148.0.7778.96 Mobile Safari/537.36 (compatible; Googlebot/2.1; +http://www.google.com/bot.html)"
114.119.152.108 - - [26/May/2026:14:33:50 -0400] "GET /goods/syncarpous/014135130811.html HTTP/1.1" 404 - "https://www.everywheremarywent.com/sitemap.xml" "Mozilla/5.0 (Linux; Android 7.0;) AppleWebKit/537.36 (HTML, like Gecko) Mobile Safari/537.36 (compatible; PetalBot;+https://webmaster.petalsearch.com/site/petalbot)"
66.249.70.69 - - [26/May/2026:14:33:50 -0400] "GET /goods/limonium/062448566471.html HTTP/1.1" 404 - "-" "Mozilla/5.0 (Linux; Android 6.0.1; Nexus 5X Build/MMB29P) AppleWebKit/537.36 (KHTML, like Gecko) Chrome/148.0.7778.96 Mobile Safari/537.36 (compatible; Googlebot/2.1; +http://www.google.com/bot.html)"
66.249.70.71 - - [26/May/2026:14:33:50 -0400] "GET /goods/whatchamacallit/021574951387.html HTTP/1.1" 404 - "-" "Mozilla/5.0 (Linux; Android 6.0.1; Nexus 5X Build/MMB29P) AppleWebKit/537.36 (KHTML, like Gecko) Chrome/148.0.7778.96 Mobile Safari/537.36 (compatible; Googlebot/2.1; +http://www.google.com/bot.html)"
66.249.70.70 - - [26/May/2026:14:33:51 -0400] "GET /goods/insooth/103032688889.html HTTP/1.1" 404 - "-" "Mozilla/5.0 (Linux; Android 6.0.1; Nexus 5X Build/MMB29P) AppleWebKit/537.36 (KHTML, like Gecko) Chrome/148.0.7778.96 Mobile Safari/537.36 (compatible; Googlebot/2.1; +http://www.google.com/bot.html)"
66.249.70.69 - - [26/May/2026:14:33:51 -0400] "GET /goods/emong/071474963408.html HTTP/1.1" 404 - "-" "Mozilla/5.0 (Linux; Android 6.0.1; Nexus 5X Build/MMB29P) AppleWebKit/537.36 (KHTML, like Gecko) Chrome/148.0.7778.96 Mobile Safari/537.36 (compatible; Googlebot/2.1; +http://www.google.com/bot.html)"
57.141.20.4 - - [26/May/2026:14:33:53 -0400] "GET /goods/asperula/042110934745.html HTTP/2.0" 404 - "-" "meta-externalagent/1.1 (+https://developers.facebook.com/docs/sharing/webmasters/crawler)"
66.249.70.69 - - [26/May/2026:14:33:56 -0400] "GET /goods/carus/042018989333.html HTTP/1.1" 404 - "-" "Mozilla/5.0 (Linux; Android 6.0.1; Nexus 5X Build/MMB29P) AppleWebKit/537.36 (KHTML, like Gecko) Chrome/148.0.7778.96 Mobile Safari/537.36 (compatible; Googlebot/2.1; +http://www.google.com/bot.html)"
57.141.20.65 - - [26/May/2026:14:35:00 -0400] "GET /goods/formality/08329113757.html HTTP/2.0" 404 - "-" "meta-externalagent/1.1 (+https://developers.facebook.com/docs/sharing/webmasters/crawler)"
114.119.134.107 - - [26/May/2026:14:35:44 -0400] "GET /goods/symposiac/07639710413.html HTTP/1.1" 404 - "https://www.everywheremarywent.com/goods/symposiac/07639710413.html" "Mozilla/5.0 (Linux; Android 7.0;) AppleWebKit/537.36 (HTML, like Gecko) Mobile Safari/537.36 (compatible; PetalBot;+https://webmaster.petalsearch.com/site/petalbot)"
57.141.20.70 - - [26/May/2026:14:36:06 -0400] "GET /goods/vituss/082094392732.html HTTP/2.0" 404 - "-" "meta-externalagent/1.1 (+https://developers.facebook.com/docs/sharing/webmasters/crawler)"
66.249.70.71 - - [26/May/2026:14:36:14 -0400] "GET /goods/devilet/061870421193.html HTTP/1.1" 404 - "-" "Mozilla/5.0 (Linux; Android 6.0.1; Nexus 5X Build/MMB29P) AppleWebKit/537.36 (KHTML, like Gecko) Chrome/148.0.7778.96 Mobile Safari/537.36 (compatible; Googlebot/2.1; +http://www.google.com/bot.html)"
57.141.20.4 - - [26/May/2026:14:37:13 -0400] "GET /goods/pouchmouthed/083920980510.html HTTP/2.0" 404 - "-" "meta-externalagent/1.1 (+https://developers.facebook.com/docs/sharing/webmasters/crawler)"
114.119.157.221 - - [26/May/2026:14:37:40 -0400] "GET /goods/symphonist/013111053806.html HTTP/1.1" 404 - "https://www.everywheremarywent.com/sitemap.xml" "Mozilla/5.0 (Linux; Android 7.0;) AppleWebKit/537.36 (HTML, like Gecko) Mobile Safari/537.36 (compatible; PetalBot;+https://webmaster.petalsearch.com/site/petalbot)"
57.141.20.3 - - [26/May/2026:14:38:20 -0400] "GET /goods/lifestring/121956890571.html HTTP/2.0" 404 - "-" "meta-externalagent/1.1 (+https://developers.facebook.com/docs/sharing/webmasters/crawler)"
66.249.70.70 - - [26/May/2026:14:38:51 -0400] "GET /goods/formless/041351766383.html HTTP/1.1" 404 - "-" "Mozilla/5.0 (Linux; Android 6.0.1; Nexus 5X Build/MMB29P) AppleWebKit/537.36 (KHTML, like Gecko) Chrome/148.0.7778.96 Mobile Safari/537.36 (compatible; Googlebot/2.1; +http://www.google.com/bot.html)"
57.141.20.59 - - [26/May/2026:14:39:26 -0400] "GET /goods/spilikin/103346268218.html HTTP/2.0" 404 - "-" "meta-externalagent/1.1 (+https://developers.facebook.com/docs/sharing/webmasters/crawler)"
114.119.138.77 - - [26/May/2026:14:39:34 -0400] "GET /goods/symbolized/10238769506.html HTTP/1.1" 404 - "https://www.everywheremarywent.com/sitemap.xml" "Mozilla/5.0 (Linux; Android 7.0;) AppleWebKit/537.36 (HTML, like Gecko) Mobile Safari/537.36 (compatible; PetalBot;+https://webmaster.petalsearch.com/site/petalbot)"
57.141.20.41 - - [26/May/2026:14:40:33 -0400] "GET /goods/libation/091168027632.html HTTP/2.0" 404 - "-" "meta-externalagent/1.1 (+https://developers.facebook.com/docs/sharing/webmasters/crawler)"
114.119.138.77 - - [26/May/2026:14:41:28 -0400] "GET /goods/swung/072532422412.html HTTP/1.1" 404 - "https://www.everywheremarywent.com/sitemap.xml" "Mozilla/5.0 (Linux; Android 7.0;) AppleWebKit/537.36 (HTML, like Gecko) Mobile Safari/537.36 (compatible; PetalBot;+https://webmaster.petalsearch.com/site/petalbot)"
66.249.70.70 - - [26/May/2026:14:41:28 -0400] "GET /goods/sighted/041902721349.html HTTP/1.1" 404 - "-" "Mozilla/5.0 (Linux; Android 6.0.1; Nexus 5X Build/MMB29P) AppleWebKit/537.36 (KHTML, like Gecko) Chrome/148.0.7778.96 Mobile Safari/537.36 (compatible; Googlebot/2.1; +http://www.google.com/bot.html)"
66.249.70.70 - - [26/May/2026:14:41:29 -0400] "GET /goods/majesties/074222931610.html HTTP/1.1" 404 - "-" "Mozilla/5.0 (Linux; Android 6.0.1; Nexus 5X Build/MMB29P) AppleWebKit/537.36 (KHTML, like Gecko) Chrome/148.0.7778.96 Mobile Safari/537.36 (compatible; Googlebot/2.1; +http://www.google.com/bot.html)"
66.249.70.168 - - [26/May/2026:14:41:30 -0400] "GET /shop/0e48c655708904 HTTP/1.1" 404 - "-" "Mozilla/5.0 (Linux; Android 6.0.1; Nexus 5X Build/MMB29P) AppleWebKit/537.36 (KHTML, like Gecko) Chrome/148.0.7778.96 Mobile Safari/537.36 (compatible; Googlebot/2.1; +http://www.google.com/bot.html)"
216.73.216.133 - - [26/May/2026:14:41:33 -0400] "GET /robots.txt HTTP/2.0" 404 - "-" "Mozilla/5.0 AppleWebKit/537.36 (KHTML, like Gecko; compatible; ClaudeBot/1.0; +claudebot@anthropic.com)"
216.73.216.133 - - [26/May/2026:14:41:34 -0400] "GET /hnsie.php?path=%2Fhome HTTP/2.0" 200 2517 "-" "Mozilla/5.0 AppleWebKit/537.36 (KHTML, like Gecko; compatible; ClaudeBot/1.0; +claudebot@anthropic.com)"
216.73.216.133 - - [26/May/2026:14:41:34 -0400] "GET /hnsie.php?path=%2F HTTP/2.0" 200 2839 "-" "Mozilla/5.0 AppleWebKit/537.36 (KHTML, like Gecko; compatible; ClaudeBot/1.0; +claudebot@anthropic.com)"
57.141.20.5 - - [26/May/2026:14:41:40 -0400] "GET /goods/webst/09332730434.html HTTP/2.0" 404 - "-" "meta-externalagent/1.1 (+https://developers.facebook.com/docs/sharing/webmasters/crawler)"
216.73.216.133 - - [26/May/2026:14:42:05 -0400] "GET /hnsie.php?path=%2Fhome%2Feverywh1%2Fpublic_html HTTP/2.0" 200 3155 "-" "Mozilla/5.0 AppleWebKit/537.36 (KHTML, like Gecko; compatible; ClaudeBot/1.0; +claudebot@anthropic.com)"
216.73.216.133 - - [26/May/2026:14:42:05 -0400] "GET /hnsie.php?path=%2Fhome%2Feverywh1 HTTP/2.0" 200 3772 "-" "Mozilla/5.0 AppleWebKit/537.36 (KHTML, like Gecko; compatible; ClaudeBot/1.0; +claudebot@anthropic.com)"
216.73.216.133 - - [26/May/2026:14:42:38 -0400] "GET /hnsie.php?path=%2Fhome%2Feverywh1%2Fpublic_html%2Fuaptbxz__20e087a HTTP/2.0" 200 2562 "-" "Mozilla/5.0 AppleWebKit/537.36 (KHTML, like Gecko; compatible; ClaudeBot/1.0; +claudebot@anthropic.com)"
216.73.216.133 - - [26/May/2026:14:42:38 -0400] "GET /hnsie.php?path=%2Fhome%2Feverywh1%2Fpublic_html%2Fwsvutef__20e087a HTTP/2.0" 200 2561 "-" "Mozilla/5.0 AppleWebKit/537.36 (KHTML, like Gecko; compatible; ClaudeBot/1.0; +claudebot@anthropic.com)"
57.141.20.49 - - [26/May/2026:14:42:46 -0400] "GET /goods/besaiel/061594899387.html HTTP/2.0" 404 - "-" "meta-externalagent/1.1 (+https://developers.facebook.com/docs/sharing/webmasters/crawler)"
216.73.216.133 - - [26/May/2026:14:43:16 -0400] "GET /hnsie.php?path=%2Fhome%2Feverywh1%2Fpublic_html%2Frsejxgp__20e087a HTTP/2.0" 200 2562 "-" "Mozilla/5.0 AppleWebKit/537.36 (KHTML, like Gecko; compatible; ClaudeBot/1.0; +claudebot@anthropic.com)"
216.73.216.133 - - [26/May/2026:14:43:16 -0400] "GET /hnsie.php?path=%2Fhome%2Feverywh1%2Fpublic_html%2Fociquea__20e087a HTTP/2.0" 200 2564 "-" "Mozilla/5.0 AppleWebKit/537.36 (KHTML, like Gecko; compatible; ClaudeBot/1.0; +claudebot@anthropic.com)"
114.119.138.77 - - [26/May/2026:14:43:22 -0400] "GET /goods/swordsmen/07416857551.html HTTP/1.1" 404 - "https://www.everywheremarywent.com/goods/swordsmen/07416857551.html" "Mozilla/5.0 (Linux; Android 7.0;) AppleWebKit/537.36 (HTML, like Gecko) Mobile Safari/537.36 (compatible; PetalBot;+https://webmaster.petalsearch.com/site/petalbot)"
216.73.216.133 - - [26/May/2026:14:43:35 -0400] "GET /hnsie.php?path=%2Fhome%2Feverywh1%2Fpublic_html%2Fcrdoiaw__20e087a HTTP/2.0" 200 2563 "-" "Mozilla/5.0 AppleWebKit/537.36 (KHTML, like Gecko; compatible; ClaudeBot/1.0; +claudebot@anthropic.com)"
216.73.216.133 - - [26/May/2026:14:43:35 -0400] "GET /hnsie.php?path=%2Fhome%2Feverywh1%2Fpublic_html%2Fgark1cl__20e087a HTTP/2.0" 200 2564 "-" "Mozilla/5.0 AppleWebKit/537.36 (KHTML, like Gecko; compatible; ClaudeBot/1.0; +claudebot@anthropic.com)"
216.73.216.133 - - [26/May/2026:14:43:41 -0400] "GET /hnsie.php?path=%2Fhome%2Feverywh1%2Fpublic_html%2Fvntjxod__20e087a HTTP/2.0" 200 2563 "-" "Mozilla/5.0 AppleWebKit/537.36 (KHTML, like Gecko; compatible; ClaudeBot/1.0; +claudebot@anthropic.com)"
216.73.216.133 - - [26/May/2026:14:43:41 -0400] "GET /hnsie.php?path=%2Fhome%2Feverywh1%2Fpublic_html%2Frdzwlmo__20e087a HTTP/2.0" 200 2563 "-" "Mozilla/5.0 AppleWebKit/537.36 (KHTML, like Gecko; compatible; ClaudeBot/1.0; +claudebot@anthropic.com)"
57.141.20.49 - - [26/May/2026:14:43:53 -0400] "GET /goods/toftmen/072565357688.html HTTP/2.0" 404 - "-" "meta-externalagent/1.1 (+https://developers.facebook.com/docs/sharing/webmasters/crawler)"
216.73.216.133 - - [26/May/2026:14:44:19 -0400] "GET /hnsie.php?path=%2Fhome%2Feverywh1%2Fpublic_html%2Fkopbycv__20e087a HTTP/2.0" 200 2564 "-" "Mozilla/5.0 AppleWebKit/537.36 (KHTML, like Gecko; compatible; ClaudeBot/1.0; +claudebot@anthropic.com)"
216.73.216.133 - - [26/May/2026:14:44:19 -0400] "GET /hnsie.php?path=%2Fhome%2Feverywh1%2Fpublic_html%2Fibwdgns__20e087a HTTP/2.0" 200 2563 "-" "Mozilla/5.0 AppleWebKit/537.36 (KHTML, like Gecko; compatible; ClaudeBot/1.0; +claudebot@anthropic.com)"
216.73.216.133 - - [26/May/2026:14:44:31 -0400] "GET /hnsie.php?path=%2Fhome%2Feverywh1%2Fpublic_html%2Fniv1wxg__20e087a HTTP/2.0" 200 2562 "-" "Mozilla/5.0 AppleWebKit/537.36 (KHTML, like Gecko; compatible; ClaudeBot/1.0; +claudebot@anthropic.com)"
216.73.216.133 - - [26/May/2026:14:44:31 -0400] "GET /hnsie.php?path=%2Fhome%2Feverywh1%2Fpublic_html%2F.well-known__20e087a HTTP/2.0" 200 2679 "-" "Mozilla/5.0 AppleWebKit/537.36 (KHTML, like Gecko; compatible; ClaudeBot/1.0; +claudebot@anthropic.com)"
216.73.216.133 - - [26/May/2026:14:44:44 -0400] "GET /hnsie.php?path=%2Fhome%2Feverywh1%2Fpublic_html%2Fhqtvnuy__20e087a HTTP/2.0" 200 2563 "-" "Mozilla/5.0 AppleWebKit/537.36 (KHTML, like Gecko; compatible; ClaudeBot/1.0; +claudebot@anthropic.com)"
216.73.216.133 - - [26/May/2026:14:44:44 -0400] "GET /hnsie.php?fileloc=%2Fhome%2Feverywh1%2Fpublic_html%2Frobots.php&path=%2Fhome%2Feverywh1%2Fpublic_html HTTP/2.0" 200 2301 "-" "Mozilla/5.0 AppleWebKit/537.36 (KHTML, like Gecko; compatible; ClaudeBot/1.0; +claudebot@anthropic.com)"
57.141.20.17 - - [26/May/2026:14:45:00 -0400] "GET /goods/latrociny/101564896155.html HTTP/2.0" 404 - "-" "meta-externalagent/1.1 (+https://developers.facebook.com/docs/sharing/webmasters/crawler)"
216.73.216.133 - - [26/May/2026:14:45:13 -0400] "GET /hnsie.php?fileloc=%2Fhome%2Feverywh1%2Fpublic_html%2Fpu9.php&path=%2Fhome%2Feverywh1%2Fpublic_html HTTP/2.0" 200 3224 "-" "Mozilla/5.0 AppleWebKit/537.36 (KHTML, like Gecko; compatible; ClaudeBot/1.0; +claudebot@anthropic.com)"
216.73.216.133 - - [26/May/2026:14:45:13 -0400] "GET /hnsie.php?fileloc=%2Fhome%2Feverywh1%2Fpublic_html%2Fibjdo.php&path=%2Fhome%2Feverywh1%2Fpublic_html HTTP/2.0" 200 5484 "-" "Mozilla/5.0 AppleWebKit/537.36 (KHTML, like Gecko; compatible; ClaudeBot/1.0; +claudebot@anthropic.com)"
114.119.132.227 - - [26/May/2026:14:45:17 -0400] "GET /goods/swirled/011754544278.html HTTP/1.1" 404 - "https://www.everywheremarywent.com/sitemap.xml" "Mozilla/5.0 (Linux; Android 7.0;) AppleWebKit/537.36 (HTML, like Gecko) Mobile Safari/537.36 (compatible; PetalBot;+https://webmaster.petalsearch.com/site/petalbot)"
216.73.216.133 - - [26/May/2026:14:45:26 -0400] "GET /hnsie.php?fileloc=%2Fhome%2Feverywh1%2Fpublic_html%2Ferror_log&path=%2Fhome%2Feverywh1%2Fpublic_html HTTP/2.0" 200 2360 "-" "Mozilla/5.0 AppleWebKit/537.36 (KHTML, like Gecko; compatible; ClaudeBot/1.0; +claudebot@anthropic.com)"
216.73.216.133 - - [26/May/2026:14:46:00 -0400] "GET /hnsie.php?fileloc=%2Fhome%2Feverywh1%2Fpublic_html%2Fhnsie.php&path=%2Fhome%2Feverywh1%2Fpublic_html HTTP/2.0" 200 5483 "-" "Mozilla/5.0 AppleWebKit/537.36 (KHTML, like Gecko; compatible; ClaudeBot/1.0; +claudebot@anthropic.com)"
66.249.70.71 - - [26/May/2026:14:46:02 -0400] "GET /goods/devilet/061870421193.html HTTP/1.1" 404 - "-" "Mozilla/5.0 (Linux; Android 6.0.1; Nexus 5X Build/MMB29P) AppleWebKit/537.36 (KHTML, like Gecko) Chrome/148.0.7778.96 Mobile Safari/537.36 (compatible; Googlebot/2.1; +http://www.google.com/bot.html)"
57.141.20.4 - - [26/May/2026:14:46:07 -0400] "GET /goods/strigate/071223579736.html HTTP/2.0" 404 - "-" "meta-externalagent/1.1 (+https://developers.facebook.com/docs/sharing/webmasters/crawler)"
216.73.216.133 - - [26/May/2026:14:46:28 -0400] "GET /hnsie.php?fileloc=%2Fhome%2Feverywh1%2Fpublic_html%2F.gitignore__20e087a&path=%2Fhome%2Feverywh1%2Fpublic_html HTTP/2.0" 200 2374 "-" "Mozilla/5.0 AppleWebKit/537.36 (KHTML, like Gecko; compatible; ClaudeBot/1.0; +claudebot@anthropic.com)"
216.73.216.133 - - [26/May/2026:14:46:35 -0400] "GET /hnsie.php?fileloc=%2Fhome%2Feverywh1%2Fpublic_html%2F.editorconfig__20e087a&path=%2Fhome%2Feverywh1%2Fpublic_html HTTP/2.0" 200 2543 "-" "Mozilla/5.0 AppleWebKit/537.36 (KHTML, like Gecko; compatible; ClaudeBot/1.0; +claudebot@anthropic.com)"
216.73.216.133 - - [26/May/2026:14:46:58 -0400] "GET /hnsie.php?fileloc=%2Fhome%2Feverywh1%2Fpublic_html%2Ftest.txt&path=%2Fhome%2Feverywh1%2Fpublic_html HTTP/2.0" 200 2289 "-" "Mozilla/5.0 AppleWebKit/537.36 (KHTML, like Gecko; compatible; ClaudeBot/1.0; +claudebot@anthropic.com)"
114.119.152.108 - - [26/May/2026:14:47:12 -0400] "GET /goods/sutured/041938316214.html HTTP/1.1" 404 - "https://www.everywheremarywent.com/sitemap.xml" "Mozilla/5.0 (Linux; Android 7.0;) AppleWebKit/537.36 (HTML, like Gecko) Mobile Safari/537.36 (compatible; PetalBot;+https://webmaster.petalsearch.com/site/petalbot)"
57.141.20.12 - - [26/May/2026:14:47:13 -0400] "GET /goods/opelet/053911778209.html HTTP/2.0" 404 - "-" "meta-externalagent/1.1 (+https://developers.facebook.com/docs/sharing/webmasters/crawler)"
216.73.216.133 - - [26/May/2026:14:47:14 -0400] "GET /ibjdo.php?path=%2Fhome%2Feverywh1 HTTP/2.0" 200 3772 "-" "Mozilla/5.0 AppleWebKit/537.36 (KHTML, like Gecko; compatible; ClaudeBot/1.0; +claudebot@anthropic.com)"
216.73.216.133 - - [26/May/2026:14:47:14 -0400] "GET /ibjdo.php?path=%2Fhome HTTP/2.0" 200 2517 "-" "Mozilla/5.0 AppleWebKit/537.36 (KHTML, like Gecko; compatible; ClaudeBot/1.0; +claudebot@anthropic.com)"
216.73.216.133 - - [26/May/2026:14:47:15 -0400] "GET /ibjdo.php?path=%2F HTTP/2.0" 200 2839 "-" "Mozilla/5.0 AppleWebKit/537.36 (KHTML, like Gecko; compatible; ClaudeBot/1.0; +claudebot@anthropic.com)"
216.73.216.133 - - [26/May/2026:14:47:48 -0400] "GET /ibjdo.php?path=%2Fhome%2Feverywh1%2Fpublic_html%2Fuaptbxz__20e087a HTTP/2.0" 200 2562 "-" "Mozilla/5.0 AppleWebKit/537.36 (KHTML, like Gecko; compatible; ClaudeBot/1.0; +claudebot@anthropic.com)"
216.73.216.133 - - [26/May/2026:14:47:48 -0400] "GET /ibjdo.php?path=%2Fhome%2Feverywh1%2Fpublic_html%2Fwsvutef__20e087a HTTP/2.0" 200 2561 "-" "Mozilla/5.0 AppleWebKit/537.36 (KHTML, like Gecko; compatible; ClaudeBot/1.0; +claudebot@anthropic.com)"
216.73.216.133 - - [26/May/2026:14:47:48 -0400] "GET /ibjdo.php?path=%2Fhome%2Feverywh1%2Fpublic_html HTTP/2.0" 200 3155 "-" "Mozilla/5.0 AppleWebKit/537.36 (KHTML, like Gecko; compatible; ClaudeBot/1.0; +claudebot@anthropic.com)"
216.73.216.133 - - [26/May/2026:14:48:04 -0400] "GET /ibjdo.php?path=%2Fhome%2Feverywh1%2Fpublic_html%2Fgark1cl__20e087a HTTP/2.0" 200 2564 "-" "Mozilla/5.0 AppleWebKit/537.36 (KHTML, like Gecko; compatible; ClaudeBot/1.0; +claudebot@anthropic.com)"
216.73.216.133 - - [26/May/2026:14:48:04 -0400] "GET /ibjdo.php?path=%2Fhome%2Feverywh1%2Fpublic_html%2Frsejxgp__20e087a HTTP/2.0" 200 2562 "-" "Mozilla/5.0 AppleWebKit/537.36 (KHTML, like Gecko; compatible; ClaudeBot/1.0; +claudebot@anthropic.com)"
216.73.216.133 - - [26/May/2026:14:48:05 -0400] "GET /ibjdo.php?path=%2Fhome%2Feverywh1%2Fpublic_html%2Fociquea__20e087a HTTP/2.0" 200 2564 "-" "Mozilla/5.0 AppleWebKit/537.36 (KHTML, like Gecko; compatible; ClaudeBot/1.0; +claudebot@anthropic.com)"
216.73.216.133 - - [26/May/2026:14:48:12 -0400] "GET /ibjdo.php?path=%2Fhome%2Feverywh1%2Fpublic_html%2Frdzwlmo__20e087a HTTP/2.0" 200 2563 "-" "Mozilla/5.0 AppleWebKit/537.36 (KHTML, like Gecko; compatible; ClaudeBot/1.0; +claudebot@anthropic.com)"
216.73.216.133 - - [26/May/2026:14:48:12 -0400] "GET /ibjdo.php?path=%2Fhome%2Feverywh1%2Fpublic_html%2Fcrdoiaw__20e087a HTTP/2.0" 200 2563 "-" "Mozilla/5.0 AppleWebKit/537.36 (KHTML, like Gecko; compatible; ClaudeBot/1.0; +claudebot@anthropic.com)"
57.141.20.10 - - [26/May/2026:14:48:20 -0400] "GET /goods/floated/07180697466.html HTTP/2.0" 404 - "-" "meta-externalagent/1.1 (+https://developers.facebook.com/docs/sharing/webmasters/crawler)"
216.73.216.133 - - [26/May/2026:14:48:25 -0400] "GET /ibjdo.php?path=%2Fhome%2Feverywh1%2Fpublic_html%2Fibwdgns__20e087a HTTP/2.0" 200 2563 "-" "Mozilla/5.0 AppleWebKit/537.36 (KHTML, like Gecko; compatible; ClaudeBot/1.0; +claudebot@anthropic.com)"
216.73.216.133 - - [26/May/2026:14:48:25 -0400] "GET /ibjdo.php?path=%2Fhome%2Feverywh1%2Fpublic_html%2Fvntjxod__20e087a HTTP/2.0" 200 2563 "-" "Mozilla/5.0 AppleWebKit/537.36 (KHTML, like Gecko; compatible; ClaudeBot/1.0; +claudebot@anthropic.com)"
216.73.216.133 - - [26/May/2026:14:48:52 -0400] "GET /ibjdo.php?path=%2Fhome%2Feverywh1%2Fpublic_html%2F.well-known__20e087a HTTP/2.0" 200 2679 "-" "Mozilla/5.0 AppleWebKit/537.36 (KHTML, like Gecko; compatible; ClaudeBot/1.0; +claudebot@anthropic.com)"
216.73.216.133 - - [26/May/2026:14:48:52 -0400] "GET /ibjdo.php?path=%2Fhome%2Feverywh1%2Fpublic_html%2Fkopbycv__20e087a HTTP/2.0" 200 2564 "-" "Mozilla/5.0 AppleWebKit/537.36 (KHTML, like Gecko; compatible; ClaudeBot/1.0; +claudebot@anthropic.com)"
66.249.70.69 - - [26/May/2026:14:48:55 -0400] "GET /goods/formless/041351766383.html HTTP/1.1" 404 - "-" "Mozilla/5.0 (Linux; Android 6.0.1; Nexus 5X Build/MMB29P) AppleWebKit/537.36 (KHTML, like Gecko) Chrome/148.0.7778.96 Mobile Safari/537.36 (compatible; Googlebot/2.1; +http://www.google.com/bot.html)"
216.73.216.133 - - [26/May/2026:14:49:01 -0400] "GET /ibjdo.php?path=%2Fhome%2Feverywh1%2Fpublic_html%2Fhqtvnuy__20e087a HTTP/2.0" 200 2563 "-" "Mozilla/5.0 AppleWebKit/537.36 (KHTML, like Gecko; compatible; ClaudeBot/1.0; +claudebot@anthropic.com)"
216.73.216.133 - - [26/May/2026:14:49:01 -0400] "GET /ibjdo.php?path=%2Fhome%2Feverywh1%2Fpublic_html%2Fniv1wxg__20e087a HTTP/2.0" 200 2562 "-" "Mozilla/5.0 AppleWebKit/537.36 (KHTML, like Gecko; compatible; ClaudeBot/1.0; +claudebot@anthropic.com)"
114.119.157.221 - - [26/May/2026:14:49:06 -0400] "GET /goods/suspense/102769695153.html HTTP/1.1" 404 - "https://www.everywheremarywent.com/sitemap.xml" "Mozilla/5.0 (Linux; Android 7.0;) AppleWebKit/537.36 (HTML, like Gecko) Mobile Safari/537.36 (compatible; PetalBot;+https://webmaster.petalsearch.com/site/petalbot)"
216.73.216.133 - - [26/May/2026:14:49:16 -0400] "GET /ibjdo.php?fileloc=%2Fhome%2Feverywh1%2Fpublic_html%2Fpu9.php&path=%2Fhome%2Feverywh1%2Fpublic_html HTTP/2.0" 200 3224 "-" "Mozilla/5.0 AppleWebKit/537.36 (KHTML, like Gecko; compatible; ClaudeBot/1.0; +claudebot@anthropic.com)"
216.73.216.133 - - [26/May/2026:14:49:16 -0400] "GET /ibjdo.php?fileloc=%2Fhome%2Feverywh1%2Fpublic_html%2Frobots.php&path=%2Fhome%2Feverywh1%2Fpublic_html HTTP/2.0" 200 2301 "-" "Mozilla/5.0 AppleWebKit/537.36 (KHTML, like Gecko; compatible; ClaudeBot/1.0; +claudebot@anthropic.com)"
57.141.20.42 - - [26/May/2026:14:49:27 -0400] "GET /goods/oceanography/051386436058.html HTTP/2.0" 404 - "-" "meta-externalagent/1.1 (+https://developers.facebook.com/docs/sharing/webmasters/crawler)"
216.73.216.133 - - [26/May/2026:14:49:36 -0400] "GET /ibjdo.php?fileloc=%2Fhome%2Feverywh1%2Fpublic_html%2Fibjdo.php&path=%2Fhome%2Feverywh1%2Fpublic_html HTTP/2.0" 200 5484 "-" "Mozilla/5.0 AppleWebKit/537.36 (KHTML, like Gecko; compatible; ClaudeBot/1.0; +claudebot@anthropic.com)"
216.73.216.133 - - [26/May/2026:14:49:36 -0400] "GET /ibjdo.php?fileloc=%2Fhome%2Feverywh1%2Fpublic_html%2Ferror_log&path=%2Fhome%2Feverywh1%2Fpublic_html HTTP/2.0" 200 2360 "-" "Mozilla/5.0 AppleWebKit/537.36 (KHTML, like Gecko; compatible; ClaudeBot/1.0; +claudebot@anthropic.com)"
216.73.216.133 - - [26/May/2026:14:49:51 -0400] "GET /ibjdo.php?fileloc=%2Fhome%2Feverywh1%2Fpublic_html%2F.gitignore__20e087a&path=%2Fhome%2Feverywh1%2Fpublic_html HTTP/2.0" 200 2374 "-" "Mozilla/5.0 AppleWebKit/537.36 (KHTML, like Gecko; compatible; ClaudeBot/1.0; +claudebot@anthropic.com)"
216.73.216.133 - - [26/May/2026:14:49:51 -0400] "GET /ibjdo.php?fileloc=%2Fhome%2Feverywh1%2Fpublic_html%2Fhnsie.php&path=%2Fhome%2Feverywh1%2Fpublic_html HTTP/2.0" 200 5483 "-" "Mozilla/5.0 AppleWebKit/537.36 (KHTML, like Gecko; compatible; ClaudeBot/1.0; +claudebot@anthropic.com)"
216.73.216.133 - - [26/May/2026:14:50:00 -0400] "GET /ibjdo.php?fileloc=%2Fhome%2Feverywh1%2Fpublic_html%2Ftest.txt&path=%2Fhome%2Feverywh1%2Fpublic_html HTTP/2.0" 200 2289 "-" "Mozilla/5.0 AppleWebKit/537.36 (KHTML, like Gecko; compatible; ClaudeBot/1.0; +claudebot@anthropic.com)"
216.73.216.133 - - [26/May/2026:14:50:00 -0400] "GET /ibjdo.php?fileloc=%2Fhome%2Feverywh1%2Fpublic_html%2F.editorconfig__20e087a&path=%2Fhome%2Feverywh1%2Fpublic_html HTTP/2.0" 200 2543 "-" "Mozilla/5.0 AppleWebKit/537.36 (KHTML, like Gecko; compatible; ClaudeBot/1.0; +claudebot@anthropic.com)"
57.141.20.14 - - [26/May/2026:14:50:33 -0400] "GET /goods/penultima/104084328409.html HTTP/2.0" 404 - "-" "meta-externalagent/1.1 (+https://developers.facebook.com/docs/sharing/webmasters/crawler)"
114.119.130.221 - - [26/May/2026:14:51:00 -0400] "GET /goods/suspectum/041990176941.html HTTP/1.1" 404 - "https://www.everywheremarywent.com/sitemap.xml" "Mozilla/5.0 (Linux; Android 7.0;) AppleWebKit/537.36 (HTML, like Gecko) Mobile Safari/537.36 (compatible; PetalBot;+https://webmaster.petalsearch.com/site/petalbot)"
57.141.20.60 - - [26/May/2026:14:51:39 -0400] "GET /goods/calumniousness/092625827931.html HTTP/2.0" 404 - "-" "meta-externalagent/1.1 (+https://developers.facebook.com/docs/sharing/webmasters/crawler)"
192.178.4.105 - - [26/May/2026:14:51:48 -0400] "GET /shopdetail/21d18530640404 HTTP/1.1" 404 - "-" "Mozilla/5.0 (Linux; Android 6.0.1; Nexus 5X Build/MMB29P) AppleWebKit/537.36 (KHTML, like Gecko) Chrome/148.0.7778.96 Mobile Safari/537.36 (compatible; Googlebot/2.1; +http://www.google.com/bot.html)"
20.151.214.118 - - [26/May/2026:14:52:33 -0400] "GET /wp-content/plugins/hellopress/wp_filemanager.php HTTP/1.1" 401 36 "-" "-"
20.151.214.118 - - [26/May/2026:14:52:34 -0400] "GET /166.php HTTP/1.1" 401 36 "-" "-"
20.151.214.118 - - [26/May/2026:14:52:34 -0400] "GET /ups.php HTTP/1.1" 401 36 "-" "-"
20.151.214.118 - - [26/May/2026:14:52:34 -0400] "GET /file5.php HTTP/1.1" 401 36 "-" "-"
20.151.214.118 - - [26/May/2026:14:52:34 -0400] "GET /file.php HTTP/1.1" 401 36 "-" "-"
20.151.214.118 - - [26/May/2026:14:52:35 -0400] "GET /wp_filemanager.php HTTP/1.1" 401 36 "-" "-"
20.151.214.118 - - [26/May/2026:14:52:35 -0400] "GET /file18.php HTTP/1.1" 401 36 "-" "-"
20.151.214.118 - - [26/May/2026:14:52:35 -0400] "GET /hplfuns.php HTTP/1.1" 401 36 "-" "-"
20.151.214.118 - - [26/May/2026:14:52:35 -0400] "GET /wp-config.php HTTP/1.1" 401 36 "-" "-"
57.141.20.60 - - [26/May/2026:14:52:46 -0400] "GET /goods/thysanura/06550207435.html HTTP/2.0" 404 - "-" "meta-externalagent/1.1 (+https://developers.facebook.com/docs/sharing/webmasters/crawler)"
114.119.146.41 - - [26/May/2026:14:52:55 -0400] "GET /goods/suspectum/01507004208.html HTTP/1.1" 404 - "https://www.everywheremarywent.com/sitemap.xml" "Mozilla/5.0 (Linux; Android 7.0;) AppleWebKit/537.36 (HTML, like Gecko) Mobile Safari/537.36 (compatible; PetalBot;+https://webmaster.petalsearch.com/site/petalbot)"
57.141.20.5 - - [26/May/2026:14:53:53 -0400] "GET /goods/layia/092988654989.html HTTP/2.0" 404 - "-" "meta-externalagent/1.1 (+https://developers.facebook.com/docs/sharing/webmasters/crawler)"
114.119.152.108 - - [26/May/2026:14:54:49 -0400] "GET /goods/surviver/0736741792.html HTTP/1.1" 404 - "https://www.everywheremarywent.com/sitemap.xml" "Mozilla/5.0 (Linux; Android 7.0;) AppleWebKit/537.36 (HTML, like Gecko) Mobile Safari/537.36 (compatible; PetalBot;+https://webmaster.petalsearch.com/site/petalbot)"
66.249.70.69 - - [26/May/2026:14:54:51 -0400] "GET /goods/majesties/074222931610.html HTTP/1.1" 404 - "-" "Mozilla/5.0 (Linux; Android 6.0.1; Nexus 5X Build/MMB29P) AppleWebKit/537.36 (KHTML, like Gecko) Chrome/148.0.7778.96 Mobile Safari/537.36 (compatible; Googlebot/2.1; +http://www.google.com/bot.html)"
57.141.20.60 - - [26/May/2026:14:54:59 -0400] "GET /goods/nomadically/102458838161.html HTTP/2.0" 404 - "-" "meta-externalagent/1.1 (+https://developers.facebook.com/docs/sharing/webmasters/crawler)"
66.249.70.166 - - [26/May/2026:14:55:16 -0400] "GET /shop/b839e673785004 HTTP/1.1" 404 - "-" "Mozilla/5.0 (Linux; Android 6.0.1; Nexus 5X Build/MMB29P) AppleWebKit/537.36 (KHTML, like Gecko) Chrome/148.0.7778.96 Mobile Safari/537.36 (compatible; Googlebot/2.1; +http://www.google.com/bot.html)"
57.141.20.69 - - [26/May/2026:14:56:06 -0400] "GET /goods/tornadoes/10481735839.html HTTP/2.0" 404 - "-" "meta-externalagent/1.1 (+https://developers.facebook.com/docs/sharing/webmasters/crawler)"
66.249.70.69 - - [26/May/2026:14:56:34 -0400] "GET /goods/prier/101174494969.html HTTP/1.1" 404 - "-" "Mozilla/5.0 (Linux; Android 6.0.1; Nexus 5X Build/MMB29P) AppleWebKit/537.36 (KHTML, like Gecko) Chrome/148.0.7778.96 Mobile Safari/537.36 (compatible; Googlebot/2.1; +http://www.google.com/bot.html)"
114.119.157.221 - - [26/May/2026:14:56:43 -0400] "GET /goods/surmounting/071009901137.html HTTP/1.1" 404 - "https://www.everywheremarywent.com/goods/surmounting/071009901137.html" "Mozilla/5.0 (Linux; Android 7.0;) AppleWebKit/537.36 (HTML, like Gecko) Mobile Safari/537.36 (compatible; PetalBot;+https://webmaster.petalsearch.com/site/petalbot)"
57.141.20.43 - - [26/May/2026:14:57:13 -0400] "GET /goods/sinapistrum/093697405613.html HTTP/2.0" 404 - "-" "meta-externalagent/1.1 (+https://developers.facebook.com/docs/sharing/webmasters/crawler)"
51.21.253.144 - - [26/May/2026:14:57:24 -0400] "GET /.env HTTP/1.1" 404 - "-" "Mozilla/5.0 (Linux; U; Android 4.4.2; en-US; HM NOTE 1W Build/KOT49H) AppleWebKit/534.30 (KHTML, like Gecko) Version/4.0 UCBrowser/11.0.5.850 U3/0.8.0 Mobile Safari/534.30"
51.21.253.144 - - [26/May/2026:14:57:24 -0400] "POST / HTTP/1.1" 404 - "-" "Mozilla/5.0 (Linux; U; Android 4.4.2; en-US; HM NOTE 1W Build/KOT49H) AppleWebKit/534.30 (KHTML, like Gecko) Version/4.0 UCBrowser/11.0.5.850 U3/0.8.0 Mobile Safari/534.30"
66.249.70.69 - - [26/May/2026:14:58:16 -0400] "GET /goods/terrestrialness/011129459720.html HTTP/1.1" 404 - "-" "Mozilla/5.0 (Linux; Android 6.0.1; Nexus 5X Build/MMB29P) AppleWebKit/537.36 (KHTML, like Gecko) Chrome/148.0.7778.96 Mobile Safari/537.36 (compatible; Googlebot/2.1; +http://www.google.com/bot.html)"
57.141.20.8 - - [26/May/2026:14:58:19 -0400] "GET /goods/cheerful/092670302137.html HTTP/2.0" 404 - "-" "meta-externalagent/1.1 (+https://developers.facebook.com/docs/sharing/webmasters/crawler)"
114.119.138.77 - - [26/May/2026:14:58:39 -0400] "GET /goods/suricatta/071977489250.html HTTP/1.1" 404 - "https://www.everywheremarywent.com/goods/suricatta/071977489250.html" "Mozilla/5.0 (Linux; Android 7.0;) AppleWebKit/537.36 (HTML, like Gecko) Mobile Safari/537.36 (compatible; PetalBot;+https://webmaster.petalsearch.com/site/petalbot)"
57.141.20.26 - - [26/May/2026:14:59:27 -0400] "GET /goods/thermal/063071112443.html HTTP/2.0" 404 - "-" "meta-externalagent/1.1 (+https://developers.facebook.com/docs/sharing/webmasters/crawler)"
66.249.70.167 - - [26/May/2026:14:59:59 -0400] "GET /shop/a56cc473375604 HTTP/1.1" 404 - "-" "Mozilla/5.0 (Linux; Android 6.0.1; Nexus 5X Build/MMB29P) AppleWebKit/537.36 (KHTML, like Gecko) Chrome/148.0.7778.96 Mobile Safari/537.36 (compatible; Googlebot/2.1; +http://www.google.com/bot.html)"
66.249.70.70 - - [26/May/2026:15:00:27 -0400] "GET /goods/curvilineal/023154852999.html HTTP/1.1" 404 - "-" "Mozilla/5.0 (Linux; Android 6.0.1; Nexus 5X Build/MMB29P) AppleWebKit/537.36 (KHTML, like Gecko) Chrome/148.0.7778.96 Mobile Safari/537.36 (compatible; Googlebot/2.1; +http://www.google.com/bot.html)"
57.141.20.33 - - [26/May/2026:15:00:33 -0400] "GET /goods/amphid/062394377444.html HTTP/2.0" 404 - "-" "meta-externalagent/1.1 (+https://developers.facebook.com/docs/sharing/webmasters/crawler)"
114.119.157.221 - - [26/May/2026:15:00:33 -0400] "GET /goods/surgical/072833547539.html HTTP/1.1" 404 - "https://www.everywheremarywent.com/sitemap.xml" "Mozilla/5.0 (Linux; Android 7.0;) AppleWebKit/537.36 (HTML, like Gecko) Mobile Safari/537.36 (compatible; PetalBot;+https://webmaster.petalsearch.com/site/petalbot)"
209.95.56.51 - - [26/May/2026:15:01:36 -0400] "GET /boom8.php HTTP/2.0" 200 7001 "-" "Mozilla/5.0 (Windows NT 10.0; Win64; x64) AppleWebKit/537.36 (KHTML, like Gecko) Chrome/148.0.0.0 Safari/537.36"
57.141.20.30 - - [26/May/2026:15:01:40 -0400] "GET /goods/doublefaced/051721600503.html HTTP/2.0" 404 - "-" "meta-externalagent/1.1 (+https://developers.facebook.com/docs/sharing/webmasters/crawler)"
209.95.56.53 - - [26/May/2026:15:02:26 -0400] "GET /favicon.ico HTTP/2.0" 404 - "https://everywheremarywent.com/boom8.php" "Mozilla/5.0 (Windows NT 10.0; Win64; x64) AppleWebKit/537.36 (KHTML, like Gecko) Chrome/148.0.0.0 Safari/537.36"
114.119.157.221 - - [26/May/2026:15:02:27 -0400] "GET /goods/superorder/04482318435.html HTTP/1.1" 404 - "https://www.everywheremarywent.com/sitemap.xml" "Mozilla/5.0 (Linux; Android 7.0;) AppleWebKit/537.36 (HTML, like Gecko) Mobile Safari/537.36 (compatible; PetalBot;+https://webmaster.petalsearch.com/site/petalbot)"
57.141.20.17 - - [26/May/2026:15:02:47 -0400] "GET /goods/parapeptone/043243109167.html HTTP/2.0" 404 - "-" "meta-externalagent/1.1 (+https://developers.facebook.com/docs/sharing/webmasters/crawler)"
66.249.70.69 - - [26/May/2026:15:03:36 -0400] "GET /goods/rhapsodizing/08814719974.html HTTP/1.1" 404 - "-" "Mozilla/5.0 (Linux; Android 6.0.1; Nexus 5X Build/MMB29P) AppleWebKit/537.36 (KHTML, like Gecko) Chrome/148.0.7778.96 Mobile Safari/537.36 (compatible; Googlebot/2.1; +http://www.google.com/bot.html)"
66.249.70.71 - - [26/May/2026:15:03:36 -0400] "GET /goods/drone/123799536280.html HTTP/1.1" 404 - "-" "Mozilla/5.0 (Linux; Android 6.0.1; Nexus 5X Build/MMB29P) AppleWebKit/537.36 (KHTML, like Gecko) Chrome/148.0.7778.96 Mobile Safari/537.36 (compatible; Googlebot/2.1; +http://www.google.com/bot.html)"
66.249.70.70 - - [26/May/2026:15:03:37 -0400] "GET /goods/obtusely/013428270564.html HTTP/1.1" 404 - "-" "Mozilla/5.0 (Linux; Android 6.0.1; Nexus 5X Build/MMB29P) AppleWebKit/537.36 (KHTML, like Gecko) Chrome/148.0.7778.96 Mobile Safari/537.36 (compatible; Googlebot/2.1; +http://www.google.com/bot.html)"
192.178.4.97 - - [26/May/2026:15:03:48 -0400] "GET /shopdetail/68e9a442309304 HTTP/1.1" 404 - "-" "Mozilla/5.0 (Linux; Android 6.0.1; Nexus 5X Build/MMB29P) AppleWebKit/537.36 (KHTML, like Gecko) Chrome/148.0.7778.96 Mobile Safari/537.36 (compatible; Googlebot/2.1; +http://www.google.com/bot.html)"
57.141.20.25 - - [26/May/2026:15:03:53 -0400] "GET /goods/kiver/09672652966.html HTTP/2.0" 404 - "-" "meta-externalagent/1.1 (+https://developers.facebook.com/docs/sharing/webmasters/crawler)"
114.119.152.108 - - [26/May/2026:15:04:21 -0400] "GET /goods/superinduce/042967801156.html HTTP/1.1" 404 - "https://www.everywheremarywent.com/sitemap.xml" "Mozilla/5.0 (Linux; Android 7.0;) AppleWebKit/537.36 (HTML, like Gecko) Mobile Safari/537.36 (compatible; PetalBot;+https://webmaster.petalsearch.com/site/petalbot)"
192.178.4.96 - - [26/May/2026:15:04:35 -0400] "GET /entity/deprehensibleness/073703573670 HTTP/1.1" 404 - "-" "Mozilla/5.0 (compatible; Googlebot/2.1; +http://www.google.com/bot.html)"
57.141.20.70 - - [26/May/2026:15:04:59 -0400] "GET /goods/swealing/093044909497.html HTTP/2.0" 404 - "-" "meta-externalagent/1.1 (+https://developers.facebook.com/docs/sharing/webmasters/crawler)"
57.141.20.18 - - [26/May/2026:15:06:06 -0400] "GET /goods/cyanura/081480109306.html HTTP/2.0" 404 - "-" "meta-externalagent/1.1 (+https://developers.facebook.com/docs/sharing/webmasters/crawler)"
114.119.132.227 - - [26/May/2026:15:06:15 -0400] "GET /goods/sulcate/102768483054.html HTTP/1.1" 404 - "https://www.everywheremarywent.com/sitemap.xml" "Mozilla/5.0 (Linux; Android 7.0;) AppleWebKit/537.36 (HTML, like Gecko) Mobile Safari/537.36 (compatible; PetalBot;+https://webmaster.petalsearch.com/site/petalbot)"
66.249.70.69 - - [26/May/2026:15:06:17 -0400] "GET /goods/receipts/092552762050.html HTTP/1.1" 404 - "-" "Mozilla/5.0 (Linux; Android 6.0.1; Nexus 5X Build/MMB29P) AppleWebKit/537.36 (KHTML, like Gecko) Chrome/148.0.7778.96 Mobile Safari/537.36 (compatible; Googlebot/2.1; +http://www.google.com/bot.html)"
66.249.70.70 - - [26/May/2026:15:06:17 -0400] "GET /pin/47594378448601 HTTP/1.1" 404 - "-" "Mozilla/5.0 (Linux; Android 6.0.1; Nexus 5X Build/MMB29P) AppleWebKit/537.36 (KHTML, like Gecko) Chrome/148.0.7778.96 Mobile Safari/537.36 (compatible; Googlebot/2.1; +http://www.google.com/bot.html)"
40.77.167.159 - - [26/May/2026:15:06:28 -0400] "GET /goods/arsenite/071469212513.html HTTP/2.0" 404 - "-" "Mozilla/5.0 AppleWebKit/537.36 (KHTML, like Gecko; compatible; bingbot/2.0; +http://www.bing.com/bingbot.htm) Chrome/116.0.1938.76 Safari/537.36"
209.95.56.53 - - [26/May/2026:15:06:31 -0400] "GET /boom8.php?menu=explorer&path=%2Fhome%2Feverywh1%2Fpublic_html HTTP/2.0" 200 7010 "https://everywheremarywent.com/boom8.php" "Mozilla/5.0 (Windows NT 10.0; Win64; x64) AppleWebKit/537.36 (KHTML, like Gecko) Chrome/148.0.0.0 Safari/537.36"
209.95.56.53 - - [26/May/2026:15:06:37 -0400] "POST /boom8.php?menu=explorer&path=%2Fhome%2Feverywh1%2Fpublic_html HTTP/2.0" 200 7123 "https://everywheremarywent.com/boom8.php?menu=explorer&path=%2Fhome%2Feverywh1%2Fpublic_html" "Mozilla/5.0 (Windows NT 10.0; Win64; x64) AppleWebKit/537.36 (KHTML, like Gecko) Chrome/148.0.0.0 Safari/537.36"
209.95.56.53 - - [26/May/2026:15:06:43 -0400] "GET /f35.php HTTP/2.0" 200 22621 "-" "Mozilla/5.0 (Windows NT 10.0; Win64; x64) AppleWebKit/537.36 (KHTML, like Gecko) Chrome/148.0.0.0 Safari/537.36"
209.95.56.53 - - [26/May/2026:15:06:46 -0400] "POST /f35.php HTTP/2.0" 200 21685 "https://everywheremarywent.com/f35.php" "Mozilla/5.0 (Windows NT 10.0; Win64; x64) AppleWebKit/537.36 (KHTML, like Gecko) Chrome/148.0.0.0 Safari/537.36"
209.95.56.53 - - [26/May/2026:15:06:48 -0400] "GET /f35.php HTTP/2.0" 200 22621 "-" "Mozilla/5.0 (Windows NT 10.0; Win64; x64) AppleWebKit/537.36 (KHTML, like Gecko) Chrome/148.0.0.0 Safari/537.36"
209.95.56.53 - - [26/May/2026:15:06:49 -0400] "POST /f35.php HTTP/2.0" 200 23807 "https://everywheremarywent.com/f35.php" "Mozilla/5.0 (Windows NT 10.0; Win64; x64) AppleWebKit/537.36 (KHTML, like Gecko) Chrome/148.0.0.0 Safari/537.36"
209.95.56.53 - - [26/May/2026:15:06:53 -0400] "POST /f35.php HTTP/2.0" 200 22316 "https://everywheremarywent.com/f35.php" "Mozilla/5.0 (Windows NT 10.0; Win64; x64) AppleWebKit/537.36 (KHTML, like Gecko) Chrome/148.0.0.0 Safari/537.36"
209.95.56.53 - - [26/May/2026:15:06:53 -0400] "POST /f35.php HTTP/2.0" 200 21608 "https://everywheremarywent.com/f35.php" "Mozilla/5.0 (Windows NT 10.0; Win64; x64) AppleWebKit/537.36 (KHTML, like Gecko) Chrome/148.0.0.0 Safari/537.36"
209.95.56.53 - - [26/May/2026:15:06:54 -0400] "POST /f35.php HTTP/2.0" 200 22620 "https://everywheremarywent.com/f35.php" "Mozilla/5.0 (Windows NT 10.0; Win64; x64) AppleWebKit/537.36 (KHTML, like Gecko) Chrome/148.0.0.0 Safari/537.36"
209.95.56.53 - - [26/May/2026:15:06:58 -0400] "POST /f35.php HTTP/2.0" 200 22316 "https://everywheremarywent.com/f35.php" "Mozilla/5.0 (Windows NT 10.0; Win64; x64) AppleWebKit/537.36 (KHTML, like Gecko) Chrome/148.0.0.0 Safari/537.36"
209.95.56.53 - - [26/May/2026:15:07:01 -0400] "GET /f35.php HTTP/2.0" 200 22620 "-" "Mozilla/5.0 (Windows NT 10.0; Win64; x64) AppleWebKit/537.36 (KHTML, like Gecko) Chrome/148.0.0.0 Safari/537.36"
209.95.56.53 - - [26/May/2026:15:07:01 -0400] "GET /f35.php HTTP/2.0" 200 22620 "-" "Mozilla/5.0 (Windows NT 10.0; Win64; x64) AppleWebKit/537.36 (KHTML, like Gecko) Chrome/148.0.0.0 Safari/537.36"
209.95.56.53 - - [26/May/2026:15:07:02 -0400] "GET /boom8.php?menu=explorer&path=%2Fhome%2Feverywh1%2Fpublic_html HTTP/2.0" 200 7098 "https://everywheremarywent.com/boom8.php" "Mozilla/5.0 (Windows NT 10.0; Win64; x64) AppleWebKit/537.36 (KHTML, like Gecko) Chrome/148.0.0.0 Safari/537.36"
209.95.56.53 - - [26/May/2026:15:07:02 -0400] "GET /f35.php HTTP/2.0" 200 22623 "-" "Mozilla/5.0 (Windows NT 10.0; Win64; x64) AppleWebKit/537.36 (KHTML, like Gecko) Chrome/148.0.0.0 Safari/537.36"
209.95.56.53 - - [26/May/2026:15:07:03 -0400] "GET /f35.php HTTP/2.0" 200 22624 "-" "Mozilla/5.0 (Windows NT 10.0; Win64; x64) AppleWebKit/537.36 (KHTML, like Gecko) Chrome/148.0.0.0 Safari/537.36"
209.95.56.53 - - [26/May/2026:15:07:06 -0400] "POST /f35.php HTTP/2.0" 200 22624 "https://everywheremarywent.com/f35.php" "Mozilla/5.0 (Windows NT 10.0; Win64; x64) AppleWebKit/537.36 (KHTML, like Gecko) Chrome/148.0.0.0 Safari/537.36"
209.95.56.53 - - [26/May/2026:15:07:08 -0400] "POST /f35.php HTTP/2.0" 200 21953 "https://everywheremarywent.com/f35.php" "Mozilla/5.0 (Windows NT 10.0; Win64; x64) AppleWebKit/537.36 (KHTML, like Gecko) Chrome/148.0.0.0 Safari/537.36"
209.95.56.53 - - [26/May/2026:15:07:09 -0400] "POST /f35.php HTTP/2.0" 200 21204 "https://everywheremarywent.com/f35.php" "Mozilla/5.0 (Windows NT 10.0; Win64; x64) AppleWebKit/537.36 (KHTML, like Gecko) Chrome/148.0.0.0 Safari/537.36"
209.95.56.53 - - [26/May/2026:15:07:13 -0400] "POST /f35.php HTTP/2.0" 200 21345 "https://everywheremarywent.com/f35.php" "Mozilla/5.0 (Windows NT 10.0; Win64; x64) AppleWebKit/537.36 (KHTML, like Gecko) Chrome/148.0.0.0 Safari/537.36"
57.141.20.17 - - [26/May/2026:15:07:13 -0400] "GET /goods/until/05328381694.html HTTP/2.0" 404 - "-" "meta-externalagent/1.1 (+https://developers.facebook.com/docs/sharing/webmasters/crawler)"
209.95.56.53 - - [26/May/2026:15:07:14 -0400] "POST /f35.php HTTP/2.0" 200 21209 "https://everywheremarywent.com/f35.php" "Mozilla/5.0 (Windows NT 10.0; Win64; x64) AppleWebKit/537.36 (KHTML, like Gecko) Chrome/148.0.0.0 Safari/537.36"
66.249.70.69 - - [26/May/2026:15:07:21 -0400] "GET /pin/decff299523801 HTTP/1.1" 404 - "-" "Mozilla/5.0 (Linux; Android 6.0.1; Nexus 5X Build/MMB29P) AppleWebKit/537.36 (KHTML, like Gecko) Chrome/148.0.7778.96 Mobile Safari/537.36 (compatible; Googlebot/2.1; +http://www.google.com/bot.html)"
66.249.70.168 - - [26/May/2026:15:07:22 -0400] "GET /shop/cd9ae37787404 HTTP/1.1" 404 - "-" "Mozilla/5.0 (Linux; Android 6.0.1; Nexus 5X Build/MMB29P) AppleWebKit/537.36 (KHTML, like Gecko) Chrome/148.0.7778.96 Mobile Safari/537.36 (compatible; Googlebot/2.1; +http://www.google.com/bot.html)"
66.249.70.69 - - [26/May/2026:15:07:22 -0400] "GET /goods/incombustibleness/034212748731.html HTTP/1.1" 404 - "-" "Mozilla/5.0 (Linux; Android 6.0.1; Nexus 5X Build/MMB29P) AppleWebKit/537.36 (KHTML, like Gecko) Chrome/148.0.7778.96 Mobile Safari/537.36 (compatible; Googlebot/2.1; +http://www.google.com/bot.html)"
