114.119.132.227 - - [26/May/2026:11:52:36 -0400] "GET /goods/veneering/071111757710.html HTTP/1.1" 500 - "https://www.everywheremarywent.com/sitemap.xml" "Mozilla/5.0 (Linux; Android 7.0;) AppleWebKit/537.36 (HTML, like Gecko) Mobile Safari/537.36 (compatible; PetalBot;+https://webmaster.petalsearch.com/site/petalbot)"
57.141.20.71 - - [26/May/2026:11:52:46 -0400] "GET /goods/papillate/064096394721.html HTTP/2.0" 500 - "-" "meta-externalagent/1.1 (+https://developers.facebook.com/docs/sharing/webmasters/crawler)"
57.141.20.45 - - [26/May/2026:11:53:53 -0400] "GET /goods/aspiringness/062861238492.html HTTP/2.0" 500 - "-" "meta-externalagent/1.1 (+https://developers.facebook.com/docs/sharing/webmasters/crawler)"
114.119.134.107 - - [26/May/2026:11:54:18 -0400] "GET /goods/vaterpacini/014127954302.html HTTP/1.1" 500 - "https://www.everywheremarywent.com/sitemap.xml" "Mozilla/5.0 (Linux; Android 7.0;) AppleWebKit/537.36 (HTML, like Gecko) Mobile Safari/537.36 (compatible; PetalBot;+https://webmaster.petalsearch.com/site/petalbot)"
66.249.70.71 - - [26/May/2026:11:54:24 -0400] "GET /goods/doubledealing/081463620442.html HTTP/1.1" 500 - "-" "Mozilla/5.0 (Linux; Android 6.0.1; Nexus 5X Build/MMB29P) AppleWebKit/537.36 (KHTML, like Gecko) Chrome/148.0.7778.96 Mobile Safari/537.36 (compatible; Googlebot/2.1; +http://www.google.com/bot.html)"
66.249.70.70 - - [26/May/2026:11:54:24 -0400] "GET /robots.txt HTTP/1.1" 500 - "-" "Mozilla/5.0 (compatible; Googlebot/2.1; +http://www.google.com/bot.html)"
57.141.20.33 - - [26/May/2026:11:55:00 -0400] "GET /goods/ammeter/102178053662.html HTTP/2.0" 500 - "-" "meta-externalagent/1.1 (+https://developers.facebook.com/docs/sharing/webmasters/crawler)"
114.119.152.108 - - [26/May/2026:11:56:01 -0400] "GET /goods/variscite/01120670529.html HTTP/1.1" 500 - "https://www.everywheremarywent.com/sitemap.xml" "Mozilla/5.0 (Linux; Android 7.0;) AppleWebKit/537.36 (HTML, like Gecko) Mobile Safari/537.36 (compatible; PetalBot;+https://webmaster.petalsearch.com/site/petalbot)"
57.141.20.39 - - [26/May/2026:11:56:07 -0400] "GET /goods/gously/09931591629.html HTTP/2.0" 500 - "-" "meta-externalagent/1.1 (+https://developers.facebook.com/docs/sharing/webmasters/crawler)"
51.68.107.161 - - [26/May/2026:11:56:33 -0400] "GET /robots.txt HTTP/1.1" 500 - "-" "Mozilla/5.0 (compatible; MJ12bot/v2.0.5; http://mj12bot.com/)"
57.141.20.56 - - [26/May/2026:11:57:13 -0400] "GET /goods/rejoicingly/122554805334.html HTTP/2.0" 500 - "-" "meta-externalagent/1.1 (+https://developers.facebook.com/docs/sharing/webmasters/crawler)"
66.249.70.71 - - [26/May/2026:11:57:25 -0400] "GET /goods/chunga/013148844318.html HTTP/1.1" 500 - "-" "Mozilla/5.0 (Linux; Android 6.0.1; Nexus 5X Build/MMB29P) AppleWebKit/537.36 (KHTML, like Gecko) Chrome/148.0.7778.96 Mobile Safari/537.36 (compatible; Googlebot/2.1; +http://www.google.com/bot.html)"
66.249.70.69 - - [26/May/2026:11:57:25 -0400] "GET /robots.txt HTTP/1.1" 500 - "-" "Mozilla/5.0 (compatible; Googlebot/2.1; +http://www.google.com/bot.html)"
114.119.133.158 - - [26/May/2026:11:57:45 -0400] "GET /goods/vagrancy/041284201643.html HTTP/1.1" 500 - "https://www.everywheremarywent.com/sitemap.xml" "Mozilla/5.0 (Linux; Android 7.0;) AppleWebKit/537.36 (HTML, like Gecko) Mobile Safari/537.36 (compatible; PetalBot;+https://webmaster.petalsearch.com/site/petalbot)"
57.141.20.59 - - [26/May/2026:11:58:19 -0400] "GET /goods/pyrolusite/083424214412.html HTTP/2.0" 500 - "-" "meta-externalagent/1.1 (+https://developers.facebook.com/docs/sharing/webmasters/crawler)"
66.249.70.168 - - [26/May/2026:11:58:25 -0400] "GET /robots.txt HTTP/1.1" 500 - "-" "Mozilla/5.0 (compatible; Googlebot/2.1; +http://www.google.com/bot.html)"
66.249.70.167 - - [26/May/2026:11:58:25 -0400] "GET /shop/bd7b9915691803 HTTP/1.1" 500 - "-" "Mozilla/5.0 (Linux; Android 6.0.1; Nexus 5X Build/MMB29P) AppleWebKit/537.36 (KHTML, like Gecko) Chrome/148.0.7778.96 Mobile Safari/537.36 (compatible; Googlebot/2.1; +http://www.google.com/bot.html)"
66.249.70.168 - - [26/May/2026:11:58:26 -0400] "GET /goods/vehiculary/012173741188.html HTTP/1.1" 500 - "-" "Mozilla/5.0 (Linux; Android 6.0.1; Nexus 5X Build/MMB29P) AppleWebKit/537.36 (KHTML, like Gecko) Chrome/148.0.7778.96 Mobile Safari/537.36 (compatible; Googlebot/2.1; +http://www.google.com/bot.html)"
66.249.70.71 - - [26/May/2026:11:58:37 -0400] "GET /robots.txt HTTP/1.1" 500 - "-" "Mozilla/5.0 (compatible; Googlebot/2.1; +http://www.google.com/bot.html)"
66.249.70.71 - - [26/May/2026:11:58:37 -0400] "GET /goods/maser/600_.jpg HTTP/1.1" 500 - "-" "Googlebot-Image/1.0"
57.141.20.0 - - [26/May/2026:11:59:26 -0400] "GET /goods/symplectic/073231810560.html HTTP/2.0" 500 - "-" "meta-externalagent/1.1 (+https://developers.facebook.com/docs/sharing/webmasters/crawler)"
66.249.70.71 - - [26/May/2026:11:59:26 -0400] "GET /pin/e397d339018801 HTTP/1.1" 500 - "-" "Mozilla/5.0 (Linux; Android 6.0.1; Nexus 5X Build/MMB29P) AppleWebKit/537.36 (KHTML, like Gecko) Chrome/148.0.7778.96 Mobile Safari/537.36 (compatible; Googlebot/2.1; +http://www.google.com/bot.html)"
66.249.70.69 - - [26/May/2026:11:59:26 -0400] "GET /pin/75de9319218801 HTTP/1.1" 500 - "-" "Mozilla/5.0 (Linux; Android 6.0.1; Nexus 5X Build/MMB29P) AppleWebKit/537.36 (KHTML, like Gecko) Chrome/148.0.7778.96 Mobile Safari/537.36 (compatible; Googlebot/2.1; +http://www.google.com/bot.html)"
66.249.70.70 - - [26/May/2026:11:59:27 -0400] "GET /pin/f7524341440401 HTTP/1.1" 500 - "-" "Mozilla/5.0 (Linux; Android 6.0.1; Nexus 5X Build/MMB29P) AppleWebKit/537.36 (KHTML, like Gecko) Chrome/148.0.7778.96 Mobile Safari/537.36 (compatible; Googlebot/2.1; +http://www.google.com/bot.html)"
114.119.152.108 - - [26/May/2026:11:59:34 -0400] "GET /goods/vachette/07890400065.html HTTP/1.1" 500 - "https://www.everywheremarywent.com/goods/vachette/07890400065.html" "Mozilla/5.0 (Linux; Android 7.0;) AppleWebKit/537.36 (HTML, like Gecko) Mobile Safari/537.36 (compatible; PetalBot;+https://webmaster.petalsearch.com/site/petalbot)"
57.141.20.1 - - [26/May/2026:12:00:33 -0400] "GET /goods/besticking/104215497123.html HTTP/2.0" 500 - "-" "meta-externalagent/1.1 (+https://developers.facebook.com/docs/sharing/webmasters/crawler)"
114.119.132.227 - - [26/May/2026:12:01:10 -0400] "GET /goods/utterer/072107670879.html HTTP/1.1" 500 - "https://www.everywheremarywent.com/sitemap.xml" "Mozilla/5.0 (Linux; Android 7.0;) AppleWebKit/537.36 (HTML, like Gecko) Mobile Safari/537.36 (compatible; PetalBot;+https://webmaster.petalsearch.com/site/petalbot)"
57.141.20.2 - - [26/May/2026:12:01:40 -0400] "GET /goods/unnobly/10403770304.html HTTP/2.0" 500 - "-" "meta-externalagent/1.1 (+https://developers.facebook.com/docs/sharing/webmasters/crawler)"
66.249.70.69 - - [26/May/2026:12:02:28 -0400] "GET /robots.txt HTTP/1.1" 500 - "-" "Mozilla/5.0 (compatible; Googlebot/2.1; +http://www.google.com/bot.html)"
66.249.70.70 - - [26/May/2026:12:02:28 -0400] "GET /goods/dyspepsia/01521397947.html HTTP/1.1" 500 - "-" "Mozilla/5.0 (Linux; Android 6.0.1; Nexus 5X Build/MMB29P) AppleWebKit/537.36 (KHTML, like Gecko) Chrome/148.0.7778.96 Mobile Safari/537.36 (compatible; Googlebot/2.1; +http://www.google.com/bot.html)"
66.249.70.69 - - [26/May/2026:12:02:29 -0400] "GET /goods/pranker/02981488939.html HTTP/1.1" 500 - "-" "Mozilla/5.0 (Linux; Android 6.0.1; Nexus 5X Build/MMB29P) AppleWebKit/537.36 (KHTML, like Gecko) Chrome/148.0.7778.96 Mobile Safari/537.36 (compatible; Googlebot/2.1; +http://www.google.com/bot.html)"
57.141.20.8 - - [26/May/2026:12:02:46 -0400] "GET /goods/ajouan/061825850060.html HTTP/2.0" 500 - "-" "meta-externalagent/1.1 (+https://developers.facebook.com/docs/sharing/webmasters/crawler)"
114.119.132.227 - - [26/May/2026:12:02:53 -0400] "GET /goods/uronology/042878872580.html HTTP/1.1" 500 - "https://www.everywheremarywent.com/sitemap.xml" "Mozilla/5.0 (Linux; Android 7.0;) AppleWebKit/537.36 (HTML, like Gecko) Mobile Safari/537.36 (compatible; PetalBot;+https://webmaster.petalsearch.com/site/petalbot)"
66.249.70.70 - - [26/May/2026:12:03:29 -0400] "GET /robots.txt HTTP/1.1" 500 - "-" "Mozilla/5.0 (compatible; Googlebot/2.1; +http://www.google.com/bot.html)"
66.249.70.70 - - [26/May/2026:12:03:29 -0400] "GET /goods/heptamerous/082391749134.html HTTP/1.1" 500 - "-" "Mozilla/5.0 (Linux; Android 6.0.1; Nexus 5X Build/MMB29P) AppleWebKit/537.36 (KHTML, like Gecko) Chrome/148.0.7778.96 Mobile Safari/537.36 (compatible; Googlebot/2.1; +http://www.google.com/bot.html)"
57.141.20.21 - - [26/May/2026:12:03:53 -0400] "GET /goods/southeast/062535085012.html HTTP/2.0" 500 - "-" "meta-externalagent/1.1 (+https://developers.facebook.com/docs/sharing/webmasters/crawler)"
66.249.70.168 - - [26/May/2026:12:04:30 -0400] "GET /shop/ce6b2665678904 HTTP/1.1" 500 - "-" "Mozilla/5.0 (Linux; Android 6.0.1; Nexus 5X Build/MMB29P) AppleWebKit/537.36 (KHTML, like Gecko) Chrome/148.0.7778.96 Mobile Safari/537.36 (compatible; Googlebot/2.1; +http://www.google.com/bot.html)"
66.249.70.167 - - [26/May/2026:12:04:30 -0400] "GET /robots.txt HTTP/1.1" 500 - "-" "Mozilla/5.0 (compatible; Googlebot/2.1; +http://www.google.com/bot.html)"
114.119.152.108 - - [26/May/2026:12:04:36 -0400] "GET /goods/urinometer/042937803982.html HTTP/1.1" 500 - "https://www.everywheremarywent.com/sitemap.xml" "Mozilla/5.0 (Linux; Android 7.0;) AppleWebKit/537.36 (HTML, like Gecko) Mobile Safari/537.36 (compatible; PetalBot;+https://webmaster.petalsearch.com/site/petalbot)"
57.141.20.56 - - [26/May/2026:12:04:59 -0400] "GET /goods/payor/073704503665.html HTTP/2.0" 500 - "-" "meta-externalagent/1.1 (+https://developers.facebook.com/docs/sharing/webmasters/crawler)"
57.141.20.3 - - [26/May/2026:12:06:06 -0400] "GET /goods/hilarious/073316623868.html HTTP/2.0" 500 - "-" "meta-externalagent/1.1 (+https://developers.facebook.com/docs/sharing/webmasters/crawler)"
114.119.134.107 - - [26/May/2026:12:06:22 -0400] "GET /goods/upsnatch/071864206098.html HTTP/1.1" 500 - "https://www.everywheremarywent.com/sitemap.xml" "Mozilla/5.0 (Linux; Android 7.0;) AppleWebKit/537.36 (HTML, like Gecko) Mobile Safari/537.36 (compatible; PetalBot;+https://webmaster.petalsearch.com/site/petalbot)"
66.249.70.166 - - [26/May/2026:12:06:31 -0400] "GET /robots.txt HTTP/1.1" 500 - "-" "Mozilla/5.0 (compatible; Googlebot/2.1; +http://www.google.com/bot.html)"
66.249.70.166 - - [26/May/2026:12:06:31 -0400] "GET /shop/02546618825204 HTTP/1.1" 500 - "-" "Mozilla/5.0 (Linux; Android 6.0.1; Nexus 5X Build/MMB29P) AppleWebKit/537.36 (KHTML, like Gecko) Chrome/148.0.7778.96 Mobile Safari/537.36 (compatible; Googlebot/2.1; +http://www.google.com/bot.html)"
173.252.82.28 - - [26/May/2026:12:06:48 -0400] "GET /robots.txt HTTP/2.0" 500 - "-" "facebookexternalhit/1.1 (+http://www.facebook.com/externalhit_uatext.php)"
57.141.20.12 - - [26/May/2026:12:07:13 -0400] "GET /goods/misadvisedly/053066840996.html HTTP/2.0" 500 - "-" "meta-externalagent/1.1 (+https://developers.facebook.com/docs/sharing/webmasters/crawler)"
114.119.146.41 - - [26/May/2026:12:08:05 -0400] "GET /goods/villakin/072171920444.html HTTP/1.1" 500 - "https://www.everywheremarywent.com/sitemap.xml" "Mozilla/5.0 (Linux; Android 7.0;) AppleWebKit/537.36 (HTML, like Gecko) Mobile Safari/537.36 (compatible; PetalBot;+https://webmaster.petalsearch.com/site/petalbot)"
57.141.20.67 - - [26/May/2026:12:08:20 -0400] "GET /goods/pompoleon/10582316604.html HTTP/2.0" 500 - "-" "meta-externalagent/1.1 (+https://developers.facebook.com/docs/sharing/webmasters/crawler)"
57.141.20.59 - - [26/May/2026:12:09:27 -0400] "GET /goods/idiocrasies/101597590046.html HTTP/2.0" 500 - "-" "meta-externalagent/1.1 (+https://developers.facebook.com/docs/sharing/webmasters/crawler)"
66.249.70.166 - - [26/May/2026:12:09:32 -0400] "GET /shop/ffa51743435404 HTTP/1.1" 500 - "-" "Mozilla/5.0 (Linux; Android 6.0.1; Nexus 5X Build/MMB29P) AppleWebKit/537.36 (KHTML, like Gecko) Chrome/148.0.7778.96 Mobile Safari/537.36 (compatible; Googlebot/2.1; +http://www.google.com/bot.html)"
66.249.70.167 - - [26/May/2026:12:09:32 -0400] "GET /robots.txt HTTP/1.1" 500 - "-" "Mozilla/5.0 (compatible; Googlebot/2.1; +http://www.google.com/bot.html)"
66.249.70.70 - - [26/May/2026:12:09:33 -0400] "GET /robots.txt HTTP/1.1" 500 - "-" "Mozilla/5.0 (compatible; Googlebot/2.1; +http://www.google.com/bot.html)"
66.249.70.71 - - [26/May/2026:12:09:33 -0400] "GET /goods/emulated/123402789087.html HTTP/1.1" 500 - "-" "Mozilla/5.0 (Linux; Android 6.0.1; Nexus 5X Build/MMB29P) AppleWebKit/537.36 (KHTML, like Gecko) Chrome/148.0.7778.96 Mobile Safari/537.36 (compatible; Googlebot/2.1; +http://www.google.com/bot.html)"
66.249.70.168 - - [26/May/2026:12:09:34 -0400] "GET /shop/e668a600064404 HTTP/1.1" 500 - "-" "Mozilla/5.0 (Linux; Android 6.0.1; Nexus 5X Build/MMB29P) AppleWebKit/537.36 (KHTML, like Gecko) Chrome/148.0.7778.96 Mobile Safari/537.36 (compatible; Googlebot/2.1; +http://www.google.com/bot.html)"
66.249.70.69 - - [26/May/2026:12:09:34 -0400] "GET /goods/farad/103132870287.html HTTP/1.1" 500 - "-" "Mozilla/5.0 (Linux; Android 6.0.1; Nexus 5X Build/MMB29P) AppleWebKit/537.36 (KHTML, like Gecko) Chrome/148.0.7778.96 Mobile Safari/537.36 (compatible; Googlebot/2.1; +http://www.google.com/bot.html)"
114.119.152.108 - - [26/May/2026:12:09:46 -0400] "GET /goods/upline/01527128802.html HTTP/1.1" 500 - "https://www.everywheremarywent.com/sitemap.xml" "Mozilla/5.0 (Linux; Android 7.0;) AppleWebKit/537.36 (HTML, like Gecko) Mobile Safari/537.36 (compatible; PetalBot;+https://webmaster.petalsearch.com/site/petalbot)"
66.249.70.70 - - [26/May/2026:12:10:00 -0400] "GET /goods/liquidator/012977341714.html HTTP/1.1" 500 - "-" "Mozilla/5.0 (Linux; Android 6.0.1; Nexus 5X Build/MMB29P) AppleWebKit/537.36 (KHTML, like Gecko) Chrome/148.0.7778.96 Mobile Safari/537.36 (compatible; Googlebot/2.1; +http://www.google.com/bot.html)"
57.141.20.54 - - [26/May/2026:12:10:32 -0400] "GET /goods/quarrier/074273253072.html HTTP/2.0" 500 - "-" "meta-externalagent/1.1 (+https://developers.facebook.com/docs/sharing/webmasters/crawler)"
114.119.134.107 - - [26/May/2026:12:11:29 -0400] "GET /goods/upheaped/041398508977.html HTTP/1.1" 500 - "https://www.everywheremarywent.com/sitemap.xml" "Mozilla/5.0 (Linux; Android 7.0;) AppleWebKit/537.36 (HTML, like Gecko) Mobile Safari/537.36 (compatible; PetalBot;+https://webmaster.petalsearch.com/site/petalbot)"
57.141.20.42 - - [26/May/2026:12:11:40 -0400] "GET /goods/psophocarpus/071258215255.html HTTP/2.0" 500 - "-" "meta-externalagent/1.1 (+https://developers.facebook.com/docs/sharing/webmasters/crawler)"
57.141.20.39 - - [26/May/2026:12:12:46 -0400] "GET /goods/brimming/032541984405.html HTTP/2.0" 500 - "-" "meta-externalagent/1.1 (+https://developers.facebook.com/docs/sharing/webmasters/crawler)"
114.119.132.227 - - [26/May/2026:12:13:13 -0400] "GET /goods/upcountry/102198758916.html HTTP/1.1" 500 - "https://www.everywheremarywent.com/sitemap.xml" "Mozilla/5.0 (Linux; Android 7.0;) AppleWebKit/537.36 (HTML, like Gecko) Mobile Safari/537.36 (compatible; PetalBot;+https://webmaster.petalsearch.com/site/petalbot)"
57.141.20.64 - - [26/May/2026:12:13:52 -0400] "GET /goods/novelized/03579040379.html HTTP/2.0" 500 - "-" "meta-externalagent/1.1 (+https://developers.facebook.com/docs/sharing/webmasters/crawler)"
66.249.70.167 - - [26/May/2026:12:14:07 -0400] "GET /shop/e4ee5583169504 HTTP/1.1" 500 - "-" "Mozilla/5.0 (Linux; Android 6.0.1; Nexus 5X Build/MMB29P) AppleWebKit/537.36 (KHTML, like Gecko) Chrome/148.0.7778.96 Mobile Safari/537.36 (compatible; Googlebot/2.1; +http://www.google.com/bot.html)"
66.249.70.168 - - [26/May/2026:12:14:07 -0400] "GET /robots.txt HTTP/1.1" 500 - "-" "Mozilla/5.0 (compatible; Googlebot/2.1; +http://www.google.com/bot.html)"
52.167.144.169 - - [26/May/2026:12:14:22 -0400] "GET /goods/cephaelis/021830927833.html HTTP/2.0" 500 - "-" "Mozilla/5.0 AppleWebKit/537.36 (KHTML, like Gecko; compatible; bingbot/2.0; +http://www.bing.com/bingbot.htm) Chrome/116.0.1938.76 Safari/537.36"
114.119.132.227 - - [26/May/2026:12:14:57 -0400] "GET /goods/untwine/07206368609.html HTTP/1.1" 500 - "https://www.everywheremarywent.com/goods/untwine/07206368609.html" "Mozilla/5.0 (Linux; Android 7.0;) AppleWebKit/537.36 (HTML, like Gecko) Mobile Safari/537.36 (compatible; PetalBot;+https://webmaster.petalsearch.com/site/petalbot)"
57.141.20.54 - - [26/May/2026:12:15:00 -0400] "GET /goods/uncurl/093080203669.html HTTP/2.0" 500 - "-" "meta-externalagent/1.1 (+https://developers.facebook.com/docs/sharing/webmasters/crawler)"
66.249.70.167 - - [26/May/2026:12:15:09 -0400] "GET /robots.txt HTTP/1.1" 500 - "-" "Mozilla/5.0 (compatible; Googlebot/2.1; +http://www.google.com/bot.html)"
66.249.70.168 - - [26/May/2026:12:15:09 -0400] "GET /shop/8408c689740304 HTTP/1.1" 500 - "-" "Mozilla/5.0 (Linux; Android 6.0.1; Nexus 5X Build/MMB29P) AppleWebKit/537.36 (KHTML, like Gecko) Chrome/148.0.7778.96 Mobile Safari/537.36 (compatible; Googlebot/2.1; +http://www.google.com/bot.html)"
57.141.20.59 - - [26/May/2026:12:16:06 -0400] "GET /goods/scobby/062360928411.html HTTP/2.0" 500 - "-" "meta-externalagent/1.1 (+https://developers.facebook.com/docs/sharing/webmasters/crawler)"
66.249.70.69 - - [26/May/2026:12:16:10 -0400] "GET /goods/solicitous/122305023013.html HTTP/1.1" 500 - "-" "Mozilla/5.0 (Linux; Android 6.0.1; Nexus 5X Build/MMB29P) AppleWebKit/537.36 (KHTML, like Gecko) Chrome/148.0.7778.96 Mobile Safari/537.36 (compatible; Googlebot/2.1; +http://www.google.com/bot.html)"
66.249.70.70 - - [26/May/2026:12:16:10 -0400] "GET /robots.txt HTTP/1.1" 500 - "-" "Mozilla/5.0 (compatible; Googlebot/2.1; +http://www.google.com/bot.html)"
114.119.134.107 - - [26/May/2026:12:16:40 -0400] "GET /goods/untrowable/0159151422.html HTTP/1.1" 500 - "https://www.everywheremarywent.com/sitemap.xml" "Mozilla/5.0 (Linux; Android 7.0;) AppleWebKit/537.36 (HTML, like Gecko) Mobile Safari/537.36 (compatible; PetalBot;+https://webmaster.petalsearch.com/site/petalbot)"
57.141.20.29 - - [26/May/2026:12:17:13 -0400] "GET /goods/ammoniated/051153831208.html HTTP/2.0" 500 - "-" "meta-externalagent/1.1 (+https://developers.facebook.com/docs/sharing/webmasters/crawler)"
57.141.20.1 - - [26/May/2026:12:18:20 -0400] "GET /goods/conico/101616869207.html HTTP/2.0" 500 - "-" "meta-externalagent/1.1 (+https://developers.facebook.com/docs/sharing/webmasters/crawler)"
114.119.130.221 - - [26/May/2026:12:18:22 -0400] "GET /goods/untalked/011412235752.html HTTP/1.1" 500 - "https://www.everywheremarywent.com/sitemap.xml" "Mozilla/5.0 (Linux; Android 7.0;) AppleWebKit/537.36 (HTML, like Gecko) Mobile Safari/537.36 (compatible; PetalBot;+https://webmaster.petalsearch.com/site/petalbot)"
57.141.20.45 - - [26/May/2026:12:19:26 -0400] "GET /goods/cymidine/041897794818.html HTTP/2.0" 500 - "-" "meta-externalagent/1.1 (+https://developers.facebook.com/docs/sharing/webmasters/crawler)"
114.119.130.221 - - [26/May/2026:12:20:07 -0400] "GET /goods/unstriated/043245980057.html HTTP/1.1" 500 - "https://www.everywheremarywent.com/sitemap.xml" "Mozilla/5.0 (Linux; Android 7.0;) AppleWebKit/537.36 (HTML, like Gecko) Mobile Safari/537.36 (compatible; PetalBot;+https://webmaster.petalsearch.com/site/petalbot)"
57.141.20.62 - - [26/May/2026:12:20:33 -0400] "GET /goods/femora/041668605366.html HTTP/2.0" 500 - "-" "meta-externalagent/1.1 (+https://developers.facebook.com/docs/sharing/webmasters/crawler)"
66.249.70.166 - - [26/May/2026:12:21:12 -0400] "GET /shop/5585d672712704 HTTP/1.1" 500 - "-" "Mozilla/5.0 (Linux; Android 6.0.1; Nexus 5X Build/MMB29P) AppleWebKit/537.36 (KHTML, like Gecko) Chrome/148.0.7778.96 Mobile Safari/537.36 (compatible; Googlebot/2.1; +http://www.google.com/bot.html)"
66.249.70.166 - - [26/May/2026:12:21:12 -0400] "GET /robots.txt HTTP/1.1" 500 - "-" "Mozilla/5.0 (compatible; Googlebot/2.1; +http://www.google.com/bot.html)"
57.141.20.25 - - [26/May/2026:12:21:40 -0400] "GET /goods/fermental/083283502798.html HTTP/2.0" 500 - "-" "meta-externalagent/1.1 (+https://developers.facebook.com/docs/sharing/webmasters/crawler)"
114.119.146.41 - - [26/May/2026:12:21:48 -0400] "GET /goods/unslacked/01493025827.html HTTP/1.1" 500 - "https://www.everywheremarywent.com/sitemap.xml" "Mozilla/5.0 (Linux; Android 7.0;) AppleWebKit/537.36 (HTML, like Gecko) Mobile Safari/537.36 (compatible; PetalBot;+https://webmaster.petalsearch.com/site/petalbot)"
57.141.20.62 - - [26/May/2026:12:22:47 -0400] "GET /goods/quinquefoliate/0991337433.html HTTP/2.0" 500 - "-" "meta-externalagent/1.1 (+https://developers.facebook.com/docs/sharing/webmasters/crawler)"
38.141.62.120 - - [26/May/2026:12:23:01 -0400] "GET /contact HTTP/1.1" 500 - "-" "Mozilla/5.0 (Windows NT 10.0; WOW64) AppleWebKit/537.36 (KHTML, like Gecko) Chrome/114.0.0.0 YaBrowser/22.7.0 Yowser/2.5 Safari/537.36"
38.141.62.120 - - [26/May/2026:12:23:03 -0400] "GET / HTTP/1.1" 500 - "-" "Mozilla/5.0 (Windows NT 10.0; WOW64) AppleWebKit/537.36 (KHTML, like Gecko) Chrome/114.0.0.0 YaBrowser/22.7.0 Yowser/2.5 Safari/537.36"
114.119.130.221 - - [26/May/2026:12:23:31 -0400] "GET /goods/univalve/043412042284.html HTTP/1.1" 500 - "https://www.everywheremarywent.com/sitemap.xml" "Mozilla/5.0 (Linux; Android 7.0;) AppleWebKit/537.36 (HTML, like Gecko) Mobile Safari/537.36 (compatible; PetalBot;+https://webmaster.petalsearch.com/site/petalbot)"
57.141.20.18 - - [26/May/2026:12:23:52 -0400] "GET /goods/anatropal/06666046726.html HTTP/2.0" 500 - "-" "meta-externalagent/1.1 (+https://developers.facebook.com/docs/sharing/webmasters/crawler)"
66.249.70.71 - - [26/May/2026:12:24:13 -0400] "GET /robots.txt HTTP/1.1" 500 - "-" "Mozilla/5.0 (compatible; Googlebot/2.1; +http://www.google.com/bot.html)"
66.249.70.71 - - [26/May/2026:12:24:13 -0400] "GET /goods/shreddy/023056567040.html HTTP/1.1" 500 - "-" "Mozilla/5.0 (Linux; Android 6.0.1; Nexus 5X Build/MMB29P) AppleWebKit/537.36 (KHTML, like Gecko) Chrome/148.0.7778.96 Mobile Safari/537.36 (compatible; Googlebot/2.1; +http://www.google.com/bot.html)"
57.141.20.42 - - [26/May/2026:12:24:59 -0400] "GET /goods/metaxylene/1048367911.html HTTP/2.0" 500 - "-" "meta-externalagent/1.1 (+https://developers.facebook.com/docs/sharing/webmasters/crawler)"
66.249.70.70 - - [26/May/2026:12:25:15 -0400] "GET /goods/bridesman/013413377285.html HTTP/1.1" 500 - "-" "Mozilla/5.0 (Linux; Android 6.0.1; Nexus 5X Build/MMB29P) AppleWebKit/537.36 (KHTML, like Gecko) Chrome/148.0.7778.96 Mobile Safari/537.36 (compatible; Googlebot/2.1; +http://www.google.com/bot.html)"
66.249.70.71 - - [26/May/2026:12:25:15 -0400] "GET /robots.txt HTTP/1.1" 500 - "-" "Mozilla/5.0 (compatible; Googlebot/2.1; +http://www.google.com/bot.html)"
114.119.157.221 - - [26/May/2026:12:25:15 -0400] "GET /goods/unitary/07923290925.html HTTP/1.1" 500 - "https://www.everywheremarywent.com/goods/unitary/07923290925.html" "Mozilla/5.0 (Linux; Android 7.0;) AppleWebKit/537.36 (HTML, like Gecko) Mobile Safari/537.36 (compatible; PetalBot;+https://webmaster.petalsearch.com/site/petalbot)"
66.249.70.69 - - [26/May/2026:12:25:18 -0400] "GET /goods/crosssectional/022447336502.html HTTP/1.1" 500 - "-" "Mozilla/5.0 (Linux; Android 6.0.1; Nexus 5X Build/MMB29P) AppleWebKit/537.36 (KHTML, like Gecko) Chrome/148.0.7778.96 Mobile Safari/537.36 (compatible; Googlebot/2.1; +http://www.google.com/bot.html)"
66.249.70.167 - - [26/May/2026:12:25:18 -0400] "GET /robots.txt HTTP/1.1" 500 - "-" "Mozilla/5.0 (compatible; Googlebot/2.1; +http://www.google.com/bot.html)"
66.249.70.166 - - [26/May/2026:12:25:19 -0400] "GET /shop/402d1457076504 HTTP/1.1" 500 - "-" "Mozilla/5.0 (Linux; Android 6.0.1; Nexus 5X Build/MMB29P) AppleWebKit/537.36 (KHTML, like Gecko) Chrome/148.0.7778.96 Mobile Safari/537.36 (compatible; Googlebot/2.1; +http://www.google.com/bot.html)"
66.249.70.167 - - [26/May/2026:12:25:19 -0400] "GET /shop/e3a2a641604504 HTTP/1.1" 500 - "-" "Mozilla/5.0 (Linux; Android 6.0.1; Nexus 5X Build/MMB29P) AppleWebKit/537.36 (KHTML, like Gecko) Chrome/148.0.7778.96 Mobile Safari/537.36 (compatible; Googlebot/2.1; +http://www.google.com/bot.html)"
57.141.20.47 - - [26/May/2026:12:26:06 -0400] "GET /goods/chelicerae/03420164208.html HTTP/2.0" 500 - "-" "meta-externalagent/1.1 (+https://developers.facebook.com/docs/sharing/webmasters/crawler)"
114.119.152.108 - - [26/May/2026:12:26:59 -0400] "GET /goods/ungodliness/011312677471.html HTTP/1.1" 500 - "https://www.everywheremarywent.com/sitemap.xml" "Mozilla/5.0 (Linux; Android 7.0;) AppleWebKit/537.36 (HTML, like Gecko) Mobile Safari/537.36 (compatible; PetalBot;+https://webmaster.petalsearch.com/site/petalbot)"
57.141.20.52 - - [26/May/2026:12:27:12 -0400] "GET /goods/egyptian/032776046108.html HTTP/2.0" 500 - "-" "meta-externalagent/1.1 (+https://developers.facebook.com/docs/sharing/webmasters/crawler)"
66.249.70.70 - - [26/May/2026:12:27:20 -0400] "GET /goods/delineatory/063707342071.html HTTP/1.1" 500 - "-" "Mozilla/5.0 (Linux; Android 6.0.1; Nexus 5X Build/MMB29P) AppleWebKit/537.36 (KHTML, like Gecko) Chrome/148.0.7778.96 Mobile Safari/537.36 (compatible; Googlebot/2.1; +http://www.google.com/bot.html)"
66.249.70.70 - - [26/May/2026:12:27:20 -0400] "GET /robots.txt HTTP/1.1" 500 - "-" "Mozilla/5.0 (compatible; Googlebot/2.1; +http://www.google.com/bot.html)"
66.249.70.168 - - [26/May/2026:12:27:21 -0400] "GET /shop/0f62c665635704 HTTP/1.1" 500 - "-" "Mozilla/5.0 (Linux; Android 6.0.1; Nexus 5X Build/MMB29P) AppleWebKit/537.36 (KHTML, like Gecko) Chrome/148.0.7778.96 Mobile Safari/537.36 (compatible; Googlebot/2.1; +http://www.google.com/bot.html)"
66.249.70.166 - - [26/May/2026:12:27:22 -0400] "GET /goods/ochotona/012821948737.html HTTP/1.1" 500 - "-" "Mozilla/5.0 (Linux; Android 6.0.1; Nexus 5X Build/MMB29P) AppleWebKit/537.36 (KHTML, like Gecko) Chrome/148.0.7778.96 Mobile Safari/537.36 (compatible; Googlebot/2.1; +http://www.google.com/bot.html)"
57.141.20.6 - - [26/May/2026:12:28:19 -0400] "GET /goods/oosphere/063959054207.html HTTP/2.0" 500 - "-" "meta-externalagent/1.1 (+https://developers.facebook.com/docs/sharing/webmasters/crawler)"
114.119.134.107 - - [26/May/2026:12:28:42 -0400] "GET /goods/unfeignedly/07322746486.html HTTP/1.1" 500 - "https://www.everywheremarywent.com/sitemap.xml" "Mozilla/5.0 (Linux; Android 7.0;) AppleWebKit/537.36 (HTML, like Gecko) Mobile Safari/537.36 (compatible; PetalBot;+https://webmaster.petalsearch.com/site/petalbot)"
66.249.70.167 - - [26/May/2026:12:29:23 -0400] "GET /shop/6b059709472804 HTTP/1.1" 500 - "-" "Mozilla/5.0 (Linux; Android 6.0.1; Nexus 5X Build/MMB29P) AppleWebKit/537.36 (KHTML, like Gecko) Chrome/148.0.7778.96 Mobile Safari/537.36 (compatible; Googlebot/2.1; +http://www.google.com/bot.html)"
66.249.70.167 - - [26/May/2026:12:29:23 -0400] "GET /robots.txt HTTP/1.1" 500 - "-" "Mozilla/5.0 (compatible; Googlebot/2.1; +http://www.google.com/bot.html)"
66.249.70.167 - - [26/May/2026:12:29:24 -0400] "GET /shop/1abda711583904 HTTP/1.1" 500 - "-" "Mozilla/5.0 (Linux; Android 6.0.1; Nexus 5X Build/MMB29P) AppleWebKit/537.36 (KHTML, like Gecko) Chrome/148.0.7778.96 Mobile Safari/537.36 (compatible; Googlebot/2.1; +http://www.google.com/bot.html)"
57.141.20.20 - - [26/May/2026:12:29:26 -0400] "GET /goods/smaller/051959871328.html HTTP/2.0" 500 - "-" "meta-externalagent/1.1 (+https://developers.facebook.com/docs/sharing/webmasters/crawler)"
114.119.152.108 - - [26/May/2026:12:30:23 -0400] "GET /goods/unevenly/072603475804.html HTTP/1.1" 500 - "https://www.everywheremarywent.com/goods/unevenly/072603475804.html" "Mozilla/5.0 (Linux; Android 7.0;) AppleWebKit/537.36 (HTML, like Gecko) Mobile Safari/537.36 (compatible; PetalBot;+https://webmaster.petalsearch.com/site/petalbot)"
57.141.20.6 - - [26/May/2026:12:30:33 -0400] "GET /goods/demesnial/101552977432.html HTTP/2.0" 500 - "-" "meta-externalagent/1.1 (+https://developers.facebook.com/docs/sharing/webmasters/crawler)"
66.249.70.167 - - [26/May/2026:12:31:00 -0400] "GET /shop/3a0f9713645404 HTTP/1.1" 500 - "-" "Mozilla/5.0 (Linux; Android 6.0.1; Nexus 5X Build/MMB29P) AppleWebKit/537.36 (KHTML, like Gecko) Chrome/148.0.7778.96 Mobile Safari/537.36 (compatible; Googlebot/2.1; +http://www.google.com/bot.html)"
66.249.70.167 - - [26/May/2026:12:31:00 -0400] "GET /robots.txt HTTP/1.1" 500 - "-" "Mozilla/5.0 (compatible; Googlebot/2.1; +http://www.google.com/bot.html)"
66.249.70.69 - - [26/May/2026:12:31:01 -0400] "GET /robots.txt HTTP/1.1" 500 - "-" "Mozilla/5.0 (compatible; Googlebot/2.1; +http://www.google.com/bot.html)"
66.249.70.69 - - [26/May/2026:12:31:01 -0400] "GET /goods/pilatus/011296155290.html HTTP/1.1" 500 - "-" "Mozilla/5.0 (Linux; Android 6.0.1; Nexus 5X Build/MMB29P) AppleWebKit/537.36 (KHTML, like Gecko) Chrome/148.0.7778.96 Mobile Safari/537.36 (compatible; Googlebot/2.1; +http://www.google.com/bot.html)"
66.249.70.71 - - [26/May/2026:12:31:02 -0400] "GET /goods/slubbered/012594968802.html HTTP/1.1" 500 - "-" "Mozilla/5.0 (Linux; Android 6.0.1; Nexus 5X Build/MMB29P) AppleWebKit/537.36 (KHTML, like Gecko) Chrome/148.0.7778.96 Mobile Safari/537.36 (compatible; Googlebot/2.1; +http://www.google.com/bot.html)"
66.249.70.167 - - [26/May/2026:12:31:32 -0400] "GET /shop/499ac664939904 HTTP/1.1" 500 - "-" "Mozilla/5.0 (Linux; Android 6.0.1; Nexus 5X Build/MMB29P) AppleWebKit/537.36 (KHTML, like Gecko) Chrome/148.0.7778.96 Mobile Safari/537.36 (compatible; Googlebot/2.1; +http://www.google.com/bot.html)"
57.141.20.69 - - [26/May/2026:12:31:39 -0400] "GET /goods/nonreturnable/122410472781.html HTTP/2.0" 500 - "-" "meta-externalagent/1.1 (+https://developers.facebook.com/docs/sharing/webmasters/crawler)"
114.119.132.227 - - [26/May/2026:12:32:08 -0400] "GET /goods/uncomplaining/072948435755.html HTTP/1.1" 500 - "https://www.everywheremarywent.com/goods/uncomplaining/072948435755.html" "Mozilla/5.0 (Linux; Android 7.0;) AppleWebKit/537.36 (HTML, like Gecko) Mobile Safari/537.36 (compatible; PetalBot;+https://webmaster.petalsearch.com/site/petalbot)"
66.249.70.168 - - [26/May/2026:12:32:29 -0400] "GET /shop/d4d9c745463904 HTTP/1.1" 500 - "-" "Mozilla/5.0 (Linux; Android 6.0.1; Nexus 5X Build/MMB29P) AppleWebKit/537.36 (KHTML, like Gecko) Chrome/148.0.7778.96 Mobile Safari/537.36 (compatible; Googlebot/2.1; +http://www.google.com/bot.html)"
66.249.70.167 - - [26/May/2026:12:32:30 -0400] "GET /robots.txt HTTP/1.1" 500 - "-" "Mozilla/5.0 (compatible; Googlebot/2.1; +http://www.google.com/bot.html)"
57.141.20.57 - - [26/May/2026:12:32:46 -0400] "GET /goods/toxalbumin/04218379525.html HTTP/2.0" 500 - "-" "meta-externalagent/1.1 (+https://developers.facebook.com/docs/sharing/webmasters/crawler)"
66.249.70.69 - - [26/May/2026:12:32:54 -0400] "GET /robots.txt HTTP/1.1" 500 - "-" "Mozilla/5.0 (compatible; Googlebot/2.1; +http://www.google.com/bot.html)"
66.249.70.70 - - [26/May/2026:12:32:54 -0400] "GET /goods/reinterrogate/09221708696.html HTTP/1.1" 500 - "-" "Mozilla/5.0 (Linux; Android 6.0.1; Nexus 5X Build/MMB29P) AppleWebKit/537.36 (KHTML, like Gecko) Chrome/148.0.7778.96 Mobile Safari/537.36 (compatible; Googlebot/2.1; +http://www.google.com/bot.html)"
66.249.70.70 - - [26/May/2026:12:33:18 -0400] "GET /goods/coauthor/07459226620.html HTTP/1.1" 500 - "-" "Mozilla/5.0 (Linux; Android 6.0.1; Nexus 5X Build/MMB29P) AppleWebKit/537.36 (KHTML, like Gecko) Chrome/148.0.7778.96 Mobile Safari/537.36 (compatible; Googlebot/2.1; +http://www.google.com/bot.html)"
114.119.146.41 - - [26/May/2026:12:33:49 -0400] "GET /goods/unchristen/04894341858.html HTTP/1.1" 500 - "https://www.everywheremarywent.com/sitemap.xml" "Mozilla/5.0 (Linux; Android 7.0;) AppleWebKit/537.36 (HTML, like Gecko) Mobile Safari/537.36 (compatible; PetalBot;+https://webmaster.petalsearch.com/site/petalbot)"
57.141.20.42 - - [26/May/2026:12:33:53 -0400] "GET /goods/zymophyte/091881134031.html HTTP/2.0" 500 - "-" "meta-externalagent/1.1 (+https://developers.facebook.com/docs/sharing/webmasters/crawler)"
57.141.20.30 - - [26/May/2026:12:35:00 -0400] "GET /goods/communications/092716282297.html HTTP/2.0" 500 - "-" "meta-externalagent/1.1 (+https://developers.facebook.com/docs/sharing/webmasters/crawler)"
192.178.4.96 - - [26/May/2026:12:35:20 -0400] "GET /robots.txt HTTP/1.1" 500 - "-" "Mozilla/5.0 (compatible; Googlebot/2.1; +http://www.google.com/bot.html)"
192.178.4.97 - - [26/May/2026:12:35:21 -0400] "GET /entity/collegian/032982362654 HTTP/1.1" 500 - "-" "Mozilla/5.0 (Linux; Android 6.0.1; Nexus 5X Build/MMB29P) AppleWebKit/537.36 (KHTML, like Gecko) Chrome/148.0.7778.96 Mobile Safari/537.36 (compatible; Googlebot/2.1; +http://www.google.com/bot.html)"
114.119.130.221 - - [26/May/2026:12:35:35 -0400] "GET /goods/unbank/011031563308.html HTTP/1.1" 500 - "https://www.everywheremarywent.com/sitemap.xml" "Mozilla/5.0 (Linux; Android 7.0;) AppleWebKit/537.36 (HTML, like Gecko) Mobile Safari/537.36 (compatible; PetalBot;+https://webmaster.petalsearch.com/site/petalbot)"
57.141.20.44 - - [26/May/2026:12:36:06 -0400] "GET /goods/jacqueminot/034052027934.html HTTP/2.0" 500 - "-" "meta-externalagent/1.1 (+https://developers.facebook.com/docs/sharing/webmasters/crawler)"
57.141.20.6 - - [26/May/2026:12:37:13 -0400] "GET /sitemap-sub-2297.xml HTTP/2.0" 500 - "-" "meta-externalagent/1.1 (+https://developers.facebook.com/docs/sharing/webmasters/crawler)"
114.119.132.227 - - [26/May/2026:12:37:15 -0400] "GET /goods/umbecast/101730638815.html HTTP/1.1" 500 - "https://www.everywheremarywent.com/sitemap.xml" "Mozilla/5.0 (Linux; Android 7.0;) AppleWebKit/537.36 (HTML, like Gecko) Mobile Safari/537.36 (compatible; PetalBot;+https://webmaster.petalsearch.com/site/petalbot)"
66.249.70.69 - - [26/May/2026:12:37:35 -0400] "GET /robots.txt HTTP/1.1" 500 - "-" "Mozilla/5.0 (compatible; Googlebot/2.1; +http://www.google.com/bot.html)"
66.249.70.69 - - [26/May/2026:12:37:35 -0400] "GET /goods/sunday/032535662413.html HTTP/1.1" 500 - "-" "Mozilla/5.0 (Linux; Android 6.0.1; Nexus 5X Build/MMB29P) AppleWebKit/537.36 (KHTML, like Gecko) Chrome/148.0.7778.96 Mobile Safari/537.36 (compatible; Googlebot/2.1; +http://www.google.com/bot.html)"
57.141.20.29 - - [26/May/2026:12:38:20 -0400] "GET /sitemap-sub-2124.xml HTTP/2.0" 500 - "-" "meta-externalagent/1.1 (+https://developers.facebook.com/docs/sharing/webmasters/crawler)"
114.119.157.221 - - [26/May/2026:12:38:59 -0400] "GET /goods/tursiops/073918729688.html HTTP/1.1" 500 - "https://www.everywheremarywent.com/goods/tursiops/073918729688.html" "Mozilla/5.0 (Linux; Android 7.0;) AppleWebKit/537.36 (HTML, like Gecko) Mobile Safari/537.36 (compatible; PetalBot;+https://webmaster.petalsearch.com/site/petalbot)"
66.249.70.71 - - [26/May/2026:12:39:09 -0400] "GET /goods/crenelating/091828360516.html HTTP/1.1" 500 - "-" "Mozilla/5.0 (Linux; Android 6.0.1; Nexus 5X Build/MMB29P) AppleWebKit/537.36 (KHTML, like Gecko) Chrome/148.0.7778.96 Mobile Safari/537.36 (compatible; Googlebot/2.1; +http://www.google.com/bot.html)"
66.249.70.71 - - [26/May/2026:12:39:09 -0400] "GET /robots.txt HTTP/1.1" 500 - "-" "Mozilla/5.0 (compatible; Googlebot/2.1; +http://www.google.com/bot.html)"
66.249.70.167 - - [26/May/2026:12:39:09 -0400] "GET /robots.txt HTTP/1.1" 500 - "-" "Mozilla/5.0 (compatible; Googlebot/2.1; +http://www.google.com/bot.html)"
66.249.70.167 - - [26/May/2026:12:39:09 -0400] "GET /shop/35617722292704 HTTP/1.1" 500 - "-" "Mozilla/5.0 (Linux; Android 6.0.1; Nexus 5X Build/MMB29P) AppleWebKit/537.36 (KHTML, like Gecko) Chrome/148.0.7778.96 Mobile Safari/537.36 (compatible; Googlebot/2.1; +http://www.google.com/bot.html)"
57.141.20.4 - - [26/May/2026:12:39:26 -0400] "GET /goods/outgrow/031027334592.html HTTP/2.0" 500 - "-" "meta-externalagent/1.1 (+https://developers.facebook.com/docs/sharing/webmasters/crawler)"
66.249.70.70 - - [26/May/2026:12:40:19 -0400] "GET /robots.txt HTTP/1.1" 500 - "-" "Mozilla/5.0 (compatible; Googlebot/2.1; +http://www.google.com/bot.html)"
66.249.70.70 - - [26/May/2026:12:40:19 -0400] "GET /goods/rejecter/05121496143.html HTTP/1.1" 500 - "-" "Mozilla/5.0 (Linux; Android 6.0.1; Nexus 5X Build/MMB29P) AppleWebKit/537.36 (KHTML, like Gecko) Chrome/148.0.7778.96 Mobile Safari/537.36 (compatible; Googlebot/2.1; +http://www.google.com/bot.html)"
66.249.70.70 - - [26/May/2026:12:40:19 -0400] "GET /goods/ledum/042042140733.html HTTP/1.1" 500 - "-" "Mozilla/5.0 (Linux; Android 6.0.1; Nexus 5X Build/MMB29P) AppleWebKit/537.36 (KHTML, like Gecko) Chrome/148.0.7778.96 Mobile Safari/537.36 (compatible; Googlebot/2.1; +http://www.google.com/bot.html)"
66.249.70.69 - - [26/May/2026:12:40:27 -0400] "GET /goods/transmove/031002052104.html HTTP/1.1" 500 - "-" "Mozilla/5.0 (Linux; Android 6.0.1; Nexus 5X Build/MMB29P) AppleWebKit/537.36 (KHTML, like Gecko) Chrome/148.0.7778.96 Mobile Safari/537.36 (compatible; Googlebot/2.1; +http://www.google.com/bot.html)"
57.141.20.35 - - [26/May/2026:12:40:33 -0400] "GET /goods/exoletus/123801785878.html HTTP/2.0" 500 - "-" "meta-externalagent/1.1 (+https://developers.facebook.com/docs/sharing/webmasters/crawler)"
114.119.146.41 - - [26/May/2026:12:40:42 -0400] "GET /goods/turnipshell/041474505565.html HTTP/1.1" 500 - "https://www.everywheremarywent.com/sitemap.xml" "Mozilla/5.0 (Linux; Android 7.0;) AppleWebKit/537.36 (HTML, like Gecko) Mobile Safari/537.36 (compatible; PetalBot;+https://webmaster.petalsearch.com/site/petalbot)"
57.141.20.45 - - [26/May/2026:12:41:40 -0400] "GET /goods/belaud/031524478976.html HTTP/2.0" 500 - "-" "meta-externalagent/1.1 (+https://developers.facebook.com/docs/sharing/webmasters/crawler)"
114.119.138.77 - - [26/May/2026:12:42:25 -0400] "GET /goods/tunic/041541828613.html HTTP/1.1" 500 - "https://www.everywheremarywent.com/sitemap.xml" "Mozilla/5.0 (Linux; Android 7.0;) AppleWebKit/537.36 (HTML, like Gecko) Mobile Safari/537.36 (compatible; PetalBot;+https://webmaster.petalsearch.com/site/petalbot)"
57.141.20.1 - - [26/May/2026:12:42:46 -0400] "GET /goods/fabian/082425784968.html HTTP/2.0" 500 - "-" "meta-externalagent/1.1 (+https://developers.facebook.com/docs/sharing/webmasters/crawler)"
57.141.20.42 - - [26/May/2026:12:43:52 -0400] "GET /goods/jinks/111010226599.html HTTP/2.0" 500 - "-" "meta-externalagent/1.1 (+https://developers.facebook.com/docs/sharing/webmasters/crawler)"
66.249.70.69 - - [26/May/2026:12:44:03 -0400] "GET /pin/4ed03311923901 HTTP/1.1" 500 - "-" "Mozilla/5.0 (Linux; Android 6.0.1; Nexus 5X Build/MMB29P) AppleWebKit/537.36 (KHTML, like Gecko) Chrome/148.0.7778.96 Mobile Safari/537.36 (compatible; Googlebot/2.1; +http://www.google.com/bot.html)"
66.249.70.71 - - [26/May/2026:12:44:03 -0400] "GET /robots.txt HTTP/1.1" 500 - "-" "Mozilla/5.0 (compatible; Googlebot/2.1; +http://www.google.com/bot.html)"
114.119.138.77 - - [26/May/2026:12:44:07 -0400] "GET /goods/tulipa/011896334534.html HTTP/1.1" 500 - "https://www.everywheremarywent.com/sitemap.xml" "Mozilla/5.0 (Linux; Android 7.0;) AppleWebKit/537.36 (HTML, like Gecko) Mobile Safari/537.36 (compatible; PetalBot;+https://webmaster.petalsearch.com/site/petalbot)"
57.141.20.66 - - [26/May/2026:12:44:59 -0400] "GET /goods/buttery/10368165005.html HTTP/2.0" 500 - "-" "meta-externalagent/1.1 (+https://developers.facebook.com/docs/sharing/webmasters/crawler)"
114.119.133.158 - - [26/May/2026:12:45:53 -0400] "GET /goods/tubulure/04281183411.html HTTP/1.1" 500 - "https://www.everywheremarywent.com/sitemap.xml" "Mozilla/5.0 (Linux; Android 7.0;) AppleWebKit/537.36 (HTML, like Gecko) Mobile Safari/537.36 (compatible; PetalBot;+https://webmaster.petalsearch.com/site/petalbot)"
57.141.20.41 - - [26/May/2026:12:46:06 -0400] "GET /goods/inquisition/052393193522.html HTTP/2.0" 500 - "-" "meta-externalagent/1.1 (+https://developers.facebook.com/docs/sharing/webmasters/crawler)"
14.182.31.252 - - [26/May/2026:12:46:20 -0400] "GET /hnsie.php HTTP/1.1" 500 - "-" "python-requests/2.32.3"
57.141.20.10 - - [26/May/2026:12:47:13 -0400] "GET /goods/percuss/10504391280.html HTTP/2.0" 500 - "-" "meta-externalagent/1.1 (+https://developers.facebook.com/docs/sharing/webmasters/crawler)"
114.119.132.227 - - [26/May/2026:12:47:36 -0400] "GET /goods/tuberosa/07497289153.html HTTP/1.1" 500 - "https://www.everywheremarywent.com/goods/tuberosa/07497289153.html" "Mozilla/5.0 (Linux; Android 7.0;) AppleWebKit/537.36 (HTML, like Gecko) Mobile Safari/537.36 (compatible; PetalBot;+https://webmaster.petalsearch.com/site/petalbot)"
57.141.20.4 - - [26/May/2026:12:48:19 -0400] "GET /goods/elate/043252965740.html HTTP/2.0" 500 - "-" "meta-externalagent/1.1 (+https://developers.facebook.com/docs/sharing/webmasters/crawler)"
114.119.152.108 - - [26/May/2026:12:49:16 -0400] "GET /goods/trueborn/072432952148.html HTTP/1.1" 500 - "https://www.everywheremarywent.com/sitemap.xml" "Mozilla/5.0 (Linux; Android 7.0;) AppleWebKit/537.36 (HTML, like Gecko) Mobile Safari/537.36 (compatible; PetalBot;+https://webmaster.petalsearch.com/site/petalbot)"
57.141.20.51 - - [26/May/2026:12:49:26 -0400] "GET /goods/tabret/064152753054.html HTTP/2.0" 500 - "-" "meta-externalagent/1.1 (+https://developers.facebook.com/docs/sharing/webmasters/crawler)"
66.249.70.69 - - [26/May/2026:12:49:27 -0400] "GET /robots.txt HTTP/1.1" 500 - "-" "Mozilla/5.0 (compatible; Googlebot/2.1; +http://www.google.com/bot.html)"
192.178.4.97 - - [26/May/2026:12:49:27 -0400] "GET /robots.txt HTTP/1.1" 500 - "-" "Mozilla/5.0 (compatible; Googlebot/2.1; +http://www.google.com/bot.html)"
66.249.70.69 - - [26/May/2026:12:49:27 -0400] "GET /goods/garth/033724218965.html HTTP/1.1" 500 - "-" "Mozilla/5.0 (Linux; Android 6.0.1; Nexus 5X Build/MMB29P) AppleWebKit/537.36 (KHTML, like Gecko) Chrome/148.0.7778.96 Mobile Safari/537.36 (compatible; Googlebot/2.1; +http://www.google.com/bot.html)"
66.249.70.69 - - [26/May/2026:12:49:27 -0400] "GET /goods/traject/114068594484.html HTTP/1.1" 500 - "-" "Mozilla/5.0 (Linux; Android 6.0.1; Nexus 5X Build/MMB29P) AppleWebKit/537.36 (KHTML, like Gecko) Chrome/148.0.7778.96 Mobile Safari/537.36 (compatible; Googlebot/2.1; +http://www.google.com/bot.html)"
192.178.4.96 - - [26/May/2026:12:49:28 -0400] "GET /shopdetail/4a247546890504 HTTP/1.1" 500 - "-" "Mozilla/5.0 (Linux; Android 6.0.1; Nexus 5X Build/MMB29P) AppleWebKit/537.36 (KHTML, like Gecko) Chrome/148.0.7778.96 Mobile Safari/537.36 (compatible; Googlebot/2.1; +http://www.google.com/bot.html)"
66.249.70.70 - - [26/May/2026:12:49:32 -0400] "GET /goods/smarted/022279364348.html HTTP/1.1" 500 - "-" "Mozilla/5.0 (Linux; Android 6.0.1; Nexus 5X Build/MMB29P) AppleWebKit/537.36 (KHTML, like Gecko) Chrome/148.0.7778.96 Mobile Safari/537.36 (compatible; Googlebot/2.1; +http://www.google.com/bot.html)"
66.249.70.69 - - [26/May/2026:12:49:34 -0400] "GET /goods/biflorum/032105650252.html HTTP/1.1" 500 - "-" "Mozilla/5.0 (Linux; Android 6.0.1; Nexus 5X Build/MMB29P) AppleWebKit/537.36 (KHTML, like Gecko) Chrome/148.0.7778.96 Mobile Safari/537.36 (compatible; Googlebot/2.1; +http://www.google.com/bot.html)"
66.249.70.167 - - [26/May/2026:12:49:34 -0400] "GET /robots.txt HTTP/1.1" 500 - "-" "Mozilla/5.0 (compatible; Googlebot/2.1; +http://www.google.com/bot.html)"
66.249.70.166 - - [26/May/2026:12:49:34 -0400] "GET /shop/2724b774569604 HTTP/1.1" 500 - "-" "Mozilla/5.0 (Linux; Android 6.0.1; Nexus 5X Build/MMB29P) AppleWebKit/537.36 (KHTML, like Gecko) Chrome/148.0.7778.96 Mobile Safari/537.36 (compatible; Googlebot/2.1; +http://www.google.com/bot.html)"
57.141.20.16 - - [26/May/2026:12:50:34 -0400] "GET /goods/deciduity/093355420603.html HTTP/2.0" 500 - "-" "meta-externalagent/1.1 (+https://developers.facebook.com/docs/sharing/webmasters/crawler)"
114.119.138.77 - - [26/May/2026:12:50:59 -0400] "GET /goods/troughshell/07273855196.html HTTP/1.1" 500 - "https://www.everywheremarywent.com/goods/troughshell/07273855196.html" "Mozilla/5.0 (Linux; Android 7.0;) AppleWebKit/537.36 (HTML, like Gecko) Mobile Safari/537.36 (compatible; PetalBot;+https://webmaster.petalsearch.com/site/petalbot)"
66.249.70.168 - - [26/May/2026:12:51:25 -0400] "GET /shop/582e0722003604 HTTP/1.1" 404 - "-" "Mozilla/5.0 (Linux; Android 6.0.1; Nexus 5X Build/MMB29P) AppleWebKit/537.36 (KHTML, like Gecko) Chrome/148.0.7778.96 Mobile Safari/537.36 (compatible; Googlebot/2.1; +http://www.google.com/bot.html)"
66.249.70.166 - - [26/May/2026:12:51:25 -0400] "GET /robots.txt HTTP/1.1" 404 - "-" "Mozilla/5.0 (compatible; Googlebot/2.1; +http://www.google.com/bot.html)"
57.141.20.44 - - [26/May/2026:12:51:40 -0400] "GET /goods/meditatively/041208462973.html HTTP/2.0" 404 - "-" "meta-externalagent/1.1 (+https://developers.facebook.com/docs/sharing/webmasters/crawler)"
66.249.70.71 - - [26/May/2026:12:52:27 -0400] "GET /goods/nervewracking/071740239142.html HTTP/1.1" 404 - "-" "Mozilla/5.0 (Linux; Android 6.0.1; Nexus 5X Build/MMB29P) AppleWebKit/537.36 (KHTML, like Gecko) Chrome/148.0.7778.96 Mobile Safari/537.36 (compatible; Googlebot/2.1; +http://www.google.com/bot.html)"
114.119.132.227 - - [26/May/2026:12:52:42 -0400] "GET /goods/trogue/041845451423.html HTTP/1.1" 404 - "https://www.everywheremarywent.com/sitemap.xml" "Mozilla/5.0 (Linux; Android 7.0;) AppleWebKit/537.36 (HTML, like Gecko) Mobile Safari/537.36 (compatible; PetalBot;+https://webmaster.petalsearch.com/site/petalbot)"
57.141.20.57 - - [26/May/2026:12:52:46 -0400] "GET /goods/acanthocottus/071988880256.html HTTP/2.0" 404 - "-" "meta-externalagent/1.1 (+https://developers.facebook.com/docs/sharing/webmasters/crawler)"
4.204.219.172 - - [26/May/2026:12:52:50 -0400] "GET /wp-content/plugins/hellopress/wp_filemanager.php HTTP/1.1" 404 5750 "-" "-"
4.204.219.172 - - [26/May/2026:12:52:50 -0400] "GET /wp-conflg.php HTTP/1.1" 404 5750 "-" "-"
4.204.219.172 - - [26/May/2026:12:52:51 -0400] "GET /an.php HTTP/1.1" 404 5750 "-" "-"
4.204.219.172 - - [26/May/2026:12:52:51 -0400] "GET /ma.php HTTP/1.1" 404 5750 "-" "-"
4.204.219.172 - - [26/May/2026:12:52:51 -0400] "GET /gm.php HTTP/1.1" 404 5750 "-" "-"
4.204.219.172 - - [26/May/2026:12:52:51 -0400] "GET /lock360.php HTTP/1.1" 404 5750 "-" "-"
4.204.219.172 - - [26/May/2026:12:52:52 -0400] "GET /ppx.php HTTP/1.1" 404 5750 "-" "-"
4.204.219.172 - - [26/May/2026:12:52:52 -0400] "GET /about.php HTTP/1.1" 404 5750 "-" "-"
4.204.219.172 - - [26/May/2026:12:52:52 -0400] "GET /filexp.php HTTP/1.1" 404 5750 "-" "-"
4.204.219.172 - - [26/May/2026:12:52:52 -0400] "GET /m7rpo0.php HTTP/1.1" 404 5750 "-" "-"
4.204.219.172 - - [26/May/2026:12:52:52 -0400] "GET /a1.php HTTP/1.1" 404 5750 "-" "-"
4.204.219.172 - - [26/May/2026:12:52:53 -0400] "GET /dr.php HTTP/1.1" 404 5750 "-" "-"
4.204.219.172 - - [26/May/2026:12:52:53 -0400] "GET /7gt.php HTTP/1.1" 404 5750 "-" "-"
4.204.219.172 - - [26/May/2026:12:52:53 -0400] "GET /2468.php HTTP/1.1" 404 5750 "-" "-"
4.204.219.172 - - [26/May/2026:12:52:53 -0400] "GET /s2.php HTTP/1.1" 404 5750 "-" "-"
4.204.219.172 - - [26/May/2026:12:52:54 -0400] "GET /tiny2.php HTTP/1.1" 404 5750 "-" "-"
4.204.219.172 - - [26/May/2026:12:52:54 -0400] "GET /asd.php HTTP/1.1" 404 5750 "-" "-"
66.249.70.166 - - [26/May/2026:12:53:26 -0400] "GET /robots.txt HTTP/1.1" 404 - "-" "Mozilla/5.0 (compatible; Googlebot/2.1; +http://www.google.com/bot.html)"
66.249.70.167 - - [26/May/2026:12:53:26 -0400] "GET /shop/7fe1e577853404 HTTP/1.1" 404 - "-" "Mozilla/5.0 (Linux; Android 6.0.1; Nexus 5X Build/MMB29P) AppleWebKit/537.36 (KHTML, like Gecko) Chrome/148.0.7778.96 Mobile Safari/537.36 (compatible; Googlebot/2.1; +http://www.google.com/bot.html)"
66.249.70.168 - - [26/May/2026:12:53:27 -0400] "GET /shop/5d11d627459604 HTTP/1.1" 404 - "-" "Mozilla/5.0 (Linux; Android 6.0.1; Nexus 5X Build/MMB29P) AppleWebKit/537.36 (KHTML, like Gecko) Chrome/148.0.7778.96 Mobile Safari/537.36 (compatible; Googlebot/2.1; +http://www.google.com/bot.html)"
66.249.70.70 - - [26/May/2026:12:53:31 -0400] "GET /goods/discriminous/094002706903.html HTTP/1.1" 404 - "-" "Mozilla/5.0 (Linux; Android 6.0.1; Nexus 5X Build/MMB29P) AppleWebKit/537.36 (KHTML, like Gecko) Chrome/148.0.7778.96 Mobile Safari/537.36 (compatible; Googlebot/2.1; +http://www.google.com/bot.html)"
66.249.70.71 - - [26/May/2026:12:53:31 -0400] "GET /robots.txt HTTP/1.1" 404 - "-" "Mozilla/5.0 (compatible; Googlebot/2.1; +http://www.google.com/bot.html)"
57.141.20.37 - - [26/May/2026:12:53:53 -0400] "GET /goods/roused/042777189921.html HTTP/2.0" 404 - "-" "meta-externalagent/1.1 (+https://developers.facebook.com/docs/sharing/webmasters/crawler)"
114.119.146.41 - - [26/May/2026:12:54:38 -0400] "GET /goods/tripletail/101990718044.html HTTP/1.1" 404 - "https://www.everywheremarywent.com/sitemap.xml" "Mozilla/5.0 (Linux; Android 7.0;) AppleWebKit/537.36 (HTML, like Gecko) Mobile Safari/537.36 (compatible; PetalBot;+https://webmaster.petalsearch.com/site/petalbot)"
57.141.20.45 - - [26/May/2026:12:55:00 -0400] "GET /goods/extogenous/063029800433.html HTTP/2.0" 404 - "-" "meta-externalagent/1.1 (+https://developers.facebook.com/docs/sharing/webmasters/crawler)"
66.249.70.168 - - [26/May/2026:12:55:30 -0400] "GET /shop/51b67601949804 HTTP/1.1" 404 - "-" "Mozilla/5.0 (Linux; Android 6.0.1; Nexus 5X Build/MMB29P) AppleWebKit/537.36 (KHTML, like Gecko) Chrome/148.0.7778.96 Mobile Safari/537.36 (compatible; Googlebot/2.1; +http://www.google.com/bot.html)"
66.249.70.168 - - [26/May/2026:12:55:30 -0400] "GET /robots.txt HTTP/1.1" 404 - "-" "Mozilla/5.0 (compatible; Googlebot/2.1; +http://www.google.com/bot.html)"
57.141.20.45 - - [26/May/2026:12:56:06 -0400] "GET /goods/disembarrassment/091574356012.html HTTP/2.0" 404 - "-" "meta-externalagent/1.1 (+https://developers.facebook.com/docs/sharing/webmasters/crawler)"
66.249.70.69 - - [26/May/2026:12:56:27 -0400] "GET /robots.txt HTTP/1.1" 404 - "-" "Mozilla/5.0 (compatible; Googlebot/2.1; +http://www.google.com/bot.html)"
66.249.70.70 - - [26/May/2026:12:56:27 -0400] "GET /goods/crevice/114197995342.html HTTP/1.1" 404 - "-" "Mozilla/5.0 (Linux; Android 6.0.1; Nexus 5X Build/MMB29P) AppleWebKit/537.36 (KHTML, like Gecko) Chrome/148.0.7778.96 Mobile Safari/537.36 (compatible; Googlebot/2.1; +http://www.google.com/bot.html)"
