192.178.4.105 - - [26/May/2026:15:07:23 -0400] "GET /entity/galeritus/121243902577 HTTP/1.1" 404 - "-" "Mozilla/5.0 (Linux; Android 6.0.1; Nexus 5X Build/MMB29P) AppleWebKit/537.36 (KHTML, like Gecko) Chrome/148.0.7778.96 Mobile Safari/537.36 (compatible; Googlebot/2.1; +http://www.google.com/bot.html)"
66.249.70.71 - - [26/May/2026:15:07:23 -0400] "GET /goods/saracens/0870499188.html HTTP/1.1" 404 - "-" "Mozilla/5.0 (Linux; Android 6.0.1; Nexus 5X Build/MMB29P) AppleWebKit/537.36 (KHTML, like Gecko) Chrome/148.0.7778.96 Mobile Safari/537.36 (compatible; Googlebot/2.1; +http://www.google.com/bot.html)"
209.95.56.53 - - [26/May/2026:15:07:17 -0400] "POST /f35.php HTTP/2.0" 200 21218 "https://everywheremarywent.com/f35.php" "Mozilla/5.0 (Windows NT 10.0; Win64; x64) AppleWebKit/537.36 (KHTML, like Gecko) Chrome/148.0.0.0 Safari/537.36"
209.95.56.53 - - [26/May/2026:15:07:34 -0400] "GET /configQRI/ HTTP/2.0" 200 285 "https://everywheremarywent.com/f35.php" "Mozilla/5.0 (Windows NT 10.0; Win64; x64) AppleWebKit/537.36 (KHTML, like Gecko) Chrome/148.0.0.0 Safari/537.36"
192.178.4.96 - - [26/May/2026:15:08:00 -0400] "GET /shopdetail/ef24a560579504 HTTP/1.1" 404 - "-" "Mozilla/5.0 (Linux; Android 6.0.1; Nexus 5X Build/MMB29P) AppleWebKit/537.36 (KHTML, like Gecko) Chrome/148.0.7778.96 Mobile Safari/537.36 (compatible; Googlebot/2.1; +http://www.google.com/bot.html)"
114.119.133.158 - - [26/May/2026:15:08:10 -0400] "GET /goods/succinimide/071905186632.html HTTP/1.1" 404 - "https://www.everywheremarywent.com/goods/succinimide/071905186632.html" "Mozilla/5.0 (Linux; Android 7.0;) AppleWebKit/537.36 (HTML, like Gecko) Mobile Safari/537.36 (compatible; PetalBot;+https://webmaster.petalsearch.com/site/petalbot)"
57.141.20.52 - - [26/May/2026:15:08:20 -0400] "GET /goods/bilingual/123661741209.html HTTP/2.0" 404 - "-" "meta-externalagent/1.1 (+https://developers.facebook.com/docs/sharing/webmasters/crawler)"
192.178.4.105 - - [26/May/2026:15:08:51 -0400] "GET /shopdetail/bf0a3322840601 HTTP/1.1" 404 - "-" "Mozilla/5.0 (Linux; Android 6.0.1; Nexus 5X Build/MMB29P) AppleWebKit/537.36 (KHTML, like Gecko) Chrome/148.0.7778.96 Mobile Safari/537.36 (compatible; Googlebot/2.1; +http://www.google.com/bot.html)"
57.141.20.30 - - [26/May/2026:15:09:26 -0400] "GET /goods/reflectingly/102248539215.html HTTP/2.0" 404 - "-" "meta-externalagent/1.1 (+https://developers.facebook.com/docs/sharing/webmasters/crawler)"
66.249.70.69 - - [26/May/2026:15:09:43 -0400] "GET /goods/terrapin/10635562614.html HTTP/1.1" 404 - "-" "Mozilla/5.0 (Linux; Android 6.0.1; Nexus 5X Build/MMB29P) AppleWebKit/537.36 (KHTML, like Gecko) Chrome/148.0.7778.96 Mobile Safari/537.36 (compatible; Googlebot/2.1; +http://www.google.com/bot.html)"
66.249.70.69 - - [26/May/2026:15:09:43 -0400] "GET /goods/receipt/082376447959.html HTTP/1.1" 404 - "-" "Mozilla/5.0 (Linux; Android 6.0.1; Nexus 5X Build/MMB29P) AppleWebKit/537.36 (KHTML, like Gecko) Chrome/148.0.7778.96 Mobile Safari/537.36 (compatible; Googlebot/2.1; +http://www.google.com/bot.html)"
66.249.70.71 - - [26/May/2026:15:09:44 -0400] "GET /goods/stultiloquy/09998373514.html HTTP/1.1" 404 - "-" "Mozilla/5.0 (Linux; Android 6.0.1; Nexus 5X Build/MMB29P) AppleWebKit/537.36 (KHTML, like Gecko) Chrome/148.0.7778.96 Mobile Safari/537.36 (compatible; Googlebot/2.1; +http://www.google.com/bot.html)"
114.119.152.108 - - [26/May/2026:15:10:04 -0400] "GET /goods/succinamic/072098493287.html HTTP/1.1" 404 - "https://www.everywheremarywent.com/sitemap.xml" "Mozilla/5.0 (Linux; Android 7.0;) AppleWebKit/537.36 (HTML, like Gecko) Mobile Safari/537.36 (compatible; PetalBot;+https://webmaster.petalsearch.com/site/petalbot)"
57.141.20.32 - - [26/May/2026:15:10:32 -0400] "GET /goods/outbribe/081187494676.html HTTP/2.0" 404 - "-" "meta-externalagent/1.1 (+https://developers.facebook.com/docs/sharing/webmasters/crawler)"
66.249.70.71 - - [26/May/2026:15:10:35 -0400] "GET /goods/sardonyx/102803688319.html HTTP/1.1" 404 - "-" "Mozilla/5.0 (Linux; Android 6.0.1; Nexus 5X Build/MMB29P) AppleWebKit/537.36 (KHTML, like Gecko) Chrome/148.0.7778.96 Mobile Safari/537.36 (compatible; Googlebot/2.1; +http://www.google.com/bot.html)"
66.249.70.69 - - [26/May/2026:15:10:50 -0400] "GET /blog/i-just-want-you-to-know-i-can-see-through-your-masks HTTP/1.1" 404 - "-" "Mozilla/5.0 (Linux; Android 6.0.1; Nexus 5X Build/MMB29P) AppleWebKit/537.36 (KHTML, like Gecko) Chrome/148.0.7778.96 Mobile Safari/537.36 (compatible; Googlebot/2.1; +http://www.google.com/bot.html)"
66.249.70.70 - - [26/May/2026:15:10:51 -0400] "GET /goods/padlocking/013714481950.html HTTP/1.1" 404 - "-" "Mozilla/5.0 (Linux; Android 6.0.1; Nexus 5X Build/MMB29P) AppleWebKit/537.36 (KHTML, like Gecko) Chrome/148.0.7778.96 Mobile Safari/537.36 (compatible; Googlebot/2.1; +http://www.google.com/bot.html)"
57.141.20.64 - - [26/May/2026:15:11:40 -0400] "GET /goods/vaccinium/06258662173.html HTTP/2.0" 404 - "-" "meta-externalagent/1.1 (+https://developers.facebook.com/docs/sharing/webmasters/crawler)"
66.249.70.69 - - [26/May/2026:15:11:43 -0400] "GET /goods/pickax/021062435229.html HTTP/1.1" 404 - "-" "Mozilla/5.0 (Linux; Android 6.0.1; Nexus 5X Build/MMB29P) AppleWebKit/537.36 (KHTML, like Gecko) Chrome/148.0.7778.96 Mobile Safari/537.36 (compatible; Googlebot/2.1; +http://www.google.com/bot.html)"
114.119.138.77 - - [26/May/2026:15:11:59 -0400] "GET /goods/subvening/071389615008.html HTTP/1.1" 404 - "https://www.everywheremarywent.com/sitemap.xml" "Mozilla/5.0 (Linux; Android 7.0;) AppleWebKit/537.36 (HTML, like Gecko) Mobile Safari/537.36 (compatible; PetalBot;+https://webmaster.petalsearch.com/site/petalbot)"
57.141.20.67 - - [26/May/2026:15:12:46 -0400] "GET /goods/fingrigos/072342219070.html HTTP/2.0" 404 - "-" "meta-externalagent/1.1 (+https://developers.facebook.com/docs/sharing/webmasters/crawler)"
66.249.70.70 - - [26/May/2026:15:13:10 -0400] "GET /goods/moderato/091929219747.html HTTP/1.1" 404 - "-" "Mozilla/5.0 (Linux; Android 6.0.1; Nexus 5X Build/MMB29P) AppleWebKit/537.36 (KHTML, like Gecko) Chrome/148.0.7778.96 Mobile Safari/537.36 (compatible; Googlebot/2.1; +http://www.google.com/bot.html)"
66.249.70.70 - - [26/May/2026:15:13:11 -0400] "GET /goods/petitioner/013790912456.html HTTP/1.1" 404 - "-" "Mozilla/5.0 (Linux; Android 6.0.1; Nexus 5X Build/MMB29P) AppleWebKit/537.36 (KHTML, like Gecko) Chrome/148.0.7778.96 Mobile Safari/537.36 (compatible; Googlebot/2.1; +http://www.google.com/bot.html)"
114.119.146.41 - - [26/May/2026:15:13:52 -0400] "GET /goods/subtly/071203050480.html HTTP/1.1" 404 - "https://www.everywheremarywent.com/sitemap.xml" "Mozilla/5.0 (Linux; Android 7.0;) AppleWebKit/537.36 (HTML, like Gecko) Mobile Safari/537.36 (compatible; PetalBot;+https://webmaster.petalsearch.com/site/petalbot)"
57.141.20.71 - - [26/May/2026:15:13:52 -0400] "GET /goods/elegans/061988897342.html HTTP/2.0" 404 - "-" "meta-externalagent/1.1 (+https://developers.facebook.com/docs/sharing/webmasters/crawler)"
66.249.70.166 - - [26/May/2026:15:14:18 -0400] "GET /shop/cf939696677204 HTTP/1.1" 404 - "-" "Mozilla/5.0 (Linux; Android 6.0.1; Nexus 5X Build/MMB29P) AppleWebKit/537.36 (KHTML, like Gecko) Chrome/148.0.7778.96 Mobile Safari/537.36 (compatible; Googlebot/2.1; +http://www.google.com/bot.html)"
66.249.70.69 - - [26/May/2026:15:14:53 -0400] "GET /goods/byssiferous/06466659401.html HTTP/1.1" 404 - "-" "Mozilla/5.0 (Linux; Android 6.0.1; Nexus 5X Build/MMB29P) AppleWebKit/537.36 (KHTML, like Gecko) Chrome/148.0.7778.96 Mobile Safari/537.36 (compatible; Googlebot/2.1; +http://www.google.com/bot.html)"
66.249.70.71 - - [26/May/2026:15:14:55 -0400] "GET /goods/ninnyhammer/101619998587.html HTTP/1.1" 404 - "-" "Mozilla/5.0 (Linux; Android 6.0.1; Nexus 5X Build/MMB29P) AppleWebKit/537.36 (KHTML, like Gecko) Chrome/148.0.7778.96 Mobile Safari/537.36 (compatible; Googlebot/2.1; +http://www.google.com/bot.html)"
57.141.20.58 - - [26/May/2026:15:15:00 -0400] "GET /goods/testificandum/032701612302.html HTTP/2.0" 404 - "-" "meta-externalagent/1.1 (+https://developers.facebook.com/docs/sharing/webmasters/crawler)"
114.119.146.41 - - [26/May/2026:15:15:47 -0400] "GET /goods/subindex/071901809943.html HTTP/1.1" 404 - "https://www.everywheremarywent.com/goods/subindex/071901809943.html" "Mozilla/5.0 (Linux; Android 7.0;) AppleWebKit/537.36 (HTML, like Gecko) Mobile Safari/537.36 (compatible; PetalBot;+https://webmaster.petalsearch.com/site/petalbot)"
57.141.20.29 - - [26/May/2026:15:16:06 -0400] "GET /goods/bulger/082810234901.html HTTP/2.0" 404 - "-" "meta-externalagent/1.1 (+https://developers.facebook.com/docs/sharing/webmasters/crawler)"
192.178.4.97 - - [26/May/2026:15:16:54 -0400] "GET /shopdetail/5f838578355904 HTTP/1.1" 404 - "-" "Mozilla/5.0 (Linux; Android 6.0.1; Nexus 5X Build/MMB29P) AppleWebKit/537.36 (KHTML, like Gecko) Chrome/148.0.7778.96 Mobile Safari/537.36 (compatible; Googlebot/2.1; +http://www.google.com/bot.html)"
57.141.20.20 - - [26/May/2026:15:17:13 -0400] "GET /goods/invitiate/03964666067.html HTTP/2.0" 404 - "-" "meta-externalagent/1.1 (+https://developers.facebook.com/docs/sharing/webmasters/crawler)"
66.249.70.69 - - [26/May/2026:15:17:28 -0400] "GET /goods/discomforted/073325499599.html HTTP/1.1" 404 - "-" "Mozilla/5.0 (Linux; Android 6.0.1; Nexus 5X Build/MMB29P) AppleWebKit/537.36 (KHTML, like Gecko) Chrome/148.0.7778.96 Mobile Safari/537.36 (compatible; Googlebot/2.1; +http://www.google.com/bot.html)"
114.119.132.227 - - [26/May/2026:15:17:42 -0400] "GET /goods/subconsciousness/103417018401.html HTTP/1.1" 404 - "https://www.everywheremarywent.com/sitemap.xml" "Mozilla/5.0 (Linux; Android 7.0;) AppleWebKit/537.36 (HTML, like Gecko) Mobile Safari/537.36 (compatible; PetalBot;+https://webmaster.petalsearch.com/site/petalbot)"
57.141.20.12 - - [26/May/2026:15:18:19 -0400] "GET /goods/klinh/122106809811.html HTTP/2.0" 404 - "-" "meta-externalagent/1.1 (+https://developers.facebook.com/docs/sharing/webmasters/crawler)"
66.249.70.69 - - [26/May/2026:15:18:20 -0400] "GET /goods/subnarcotic/05666745055.html HTTP/1.1" 404 - "-" "Mozilla/5.0 (Linux; Android 6.0.1; Nexus 5X Build/MMB29P) AppleWebKit/537.36 (KHTML, like Gecko) Chrome/148.0.7778.96 Mobile Safari/537.36 (compatible; Googlebot/2.1; +http://www.google.com/bot.html)"
66.249.70.167 - - [26/May/2026:15:18:38 -0400] "GET /goods/monilifera/01176504626.html HTTP/1.1" 404 - "-" "Mozilla/5.0 (Linux; Android 6.0.1; Nexus 5X Build/MMB29P) AppleWebKit/537.36 (KHTML, like Gecko) Chrome/148.0.7778.96 Mobile Safari/537.36 (compatible; Googlebot/2.1; +http://www.google.com/bot.html)"
57.141.20.3 - - [26/May/2026:15:19:26 -0400] "GET /goods/thirdrail/08397059920.html HTTP/2.0" 404 - "-" "meta-externalagent/1.1 (+https://developers.facebook.com/docs/sharing/webmasters/crawler)"
66.249.70.71 - - [26/May/2026:15:19:33 -0400] "GET /goods/gesture/032805011839.html HTTP/1.1" 404 - "-" "Mozilla/5.0 (Linux; Android 6.0.1; Nexus 5X Build/MMB29P) AppleWebKit/537.36 (KHTML, like Gecko) Chrome/148.0.7778.96 Mobile Safari/537.36 (compatible; Googlebot/2.1; +http://www.google.com/bot.html)"
114.119.134.107 - - [26/May/2026:15:19:36 -0400] "GET /goods/suasible/071389968631.html HTTP/1.1" 404 - "https://www.everywheremarywent.com/goods/suasible/071389968631.html" "Mozilla/5.0 (Linux; Android 7.0;) AppleWebKit/537.36 (HTML, like Gecko) Mobile Safari/537.36 (compatible; PetalBot;+https://webmaster.petalsearch.com/site/petalbot)"
216.73.216.133 - - [26/May/2026:15:19:38 -0400] "GET /hnsie.php?path=%2F%2Fusr HTTP/2.0" 200 2736 "-" "Mozilla/5.0 AppleWebKit/537.36 (KHTML, like Gecko; compatible; ClaudeBot/1.0; +claudebot@anthropic.com)"
216.73.216.133 - - [26/May/2026:15:19:38 -0400] "GET /hnsie.php?path=%2F%2Fproc HTTP/2.0" 200 3963 "-" "Mozilla/5.0 AppleWebKit/537.36 (KHTML, like Gecko; compatible; ClaudeBot/1.0; +claudebot@anthropic.com)"
216.73.216.133 - - [26/May/2026:15:19:39 -0400] "GET /hnsie.php?path=%2F%2Froot HTTP/2.0" 200 2281 "-" "Mozilla/5.0 AppleWebKit/537.36 (KHTML, like Gecko; compatible; ClaudeBot/1.0; +claudebot@anthropic.com)"
216.73.216.133 - - [26/May/2026:15:19:40 -0400] "GET /hnsie.php?path=%2F%2Ftmp HTTP/2.0" 200 2630 "-" "Mozilla/5.0 AppleWebKit/537.36 (KHTML, like Gecko; compatible; ClaudeBot/1.0; +claudebot@anthropic.com)"
216.73.216.133 - - [26/May/2026:15:19:40 -0400] "GET /hnsie.php?path=%2F%2Fdev HTTP/2.0" 200 2652 "-" "Mozilla/5.0 AppleWebKit/537.36 (KHTML, like Gecko; compatible; ClaudeBot/1.0; +claudebot@anthropic.com)"
216.73.216.133 - - [26/May/2026:15:19:52 -0400] "GET /hnsie.php?path=%2F%2Fetc HTTP/2.0" 200 4392 "-" "Mozilla/5.0 AppleWebKit/537.36 (KHTML, like Gecko; compatible; ClaudeBot/1.0; +claudebot@anthropic.com)"
216.73.216.133 - - [26/May/2026:15:19:53 -0400] "GET /hnsie.php?path=%2F%2Fsbin HTTP/2.0" 200 3999 "-" "Mozilla/5.0 AppleWebKit/537.36 (KHTML, like Gecko; compatible; ClaudeBot/1.0; +claudebot@anthropic.com)"
216.73.216.133 - - [26/May/2026:15:19:53 -0400] "GET /hnsie.php?path=%2F%2Frun HTTP/2.0" 200 2861 "-" "Mozilla/5.0 AppleWebKit/537.36 (KHTML, like Gecko; compatible; ClaudeBot/1.0; +claudebot@anthropic.com)"
216.73.216.133 - - [26/May/2026:15:19:54 -0400] "GET /hnsie.php?path=%2F%2Fbin HTTP/2.0" 200 14227 "-" "Mozilla/5.0 AppleWebKit/537.36 (KHTML, like Gecko; compatible; ClaudeBot/1.0; +claudebot@anthropic.com)"
216.73.216.133 - - [26/May/2026:15:19:54 -0400] "GET /hnsie.php?path=%2F%2Fopt HTTP/2.0" 200 2830 "-" "Mozilla/5.0 AppleWebKit/537.36 (KHTML, like Gecko; compatible; ClaudeBot/1.0; +claudebot@anthropic.com)"
216.73.216.133 - - [26/May/2026:15:20:02 -0400] "GET /hnsie.php?path=%2F%2Fhome HTTP/2.0" 200 2516 "-" "Mozilla/5.0 AppleWebKit/537.36 (KHTML, like Gecko; compatible; ClaudeBot/1.0; +claudebot@anthropic.com)"
216.73.216.133 - - [26/May/2026:15:20:02 -0400] "GET /hnsie.php?path=%2F%2Fhome2 HTTP/2.0" 200 2282 "-" "Mozilla/5.0 AppleWebKit/537.36 (KHTML, like Gecko; compatible; ClaudeBot/1.0; +claudebot@anthropic.com)"
216.73.216.133 - - [26/May/2026:15:20:02 -0400] "GET /hnsie.php?path=%2F%2Flib64 HTTP/2.0" 200 35111 "-" "Mozilla/5.0 AppleWebKit/537.36 (KHTML, like Gecko; compatible; ClaudeBot/1.0; +claudebot@anthropic.com)"
66.249.70.70 - - [26/May/2026:15:20:03 -0400] "GET /goods/latibulizing/112840233417.html HTTP/1.1" 404 - "-" "Mozilla/5.0 (Linux; Android 6.0.1; Nexus 5X Build/MMB29P) AppleWebKit/537.36 (KHTML, like Gecko) Chrome/148.0.7778.96 Mobile Safari/537.36 (compatible; Googlebot/2.1; +http://www.google.com/bot.html)"
216.73.216.133 - - [26/May/2026:15:20:03 -0400] "GET /hnsie.php?path=%2F%2Flib HTTP/2.0" 200 3553 "-" "Mozilla/5.0 AppleWebKit/537.36 (KHTML, like Gecko; compatible; ClaudeBot/1.0; +claudebot@anthropic.com)"
216.73.216.133 - - [26/May/2026:15:20:03 -0400] "GET /hnsie.php?path=%2F%2Fvar HTTP/2.0" 200 2823 "-" "Mozilla/5.0 AppleWebKit/537.36 (KHTML, like Gecko; compatible; ClaudeBot/1.0; +claudebot@anthropic.com)"
216.73.216.133 - - [26/May/2026:15:20:25 -0400] "GET /hnsie.php?path=%2Fhome%2Feverywh1%2Fbin HTTP/2.0" 200 2550 "-" "Mozilla/5.0 AppleWebKit/537.36 (KHTML, like Gecko; compatible; ClaudeBot/1.0; +claudebot@anthropic.com)"
216.73.216.133 - - [26/May/2026:15:20:25 -0400] "GET /hnsie.php?path=%2Fhome%2Feverywh1%2F.sitepad HTTP/2.0" 200 2557 "-" "Mozilla/5.0 AppleWebKit/537.36 (KHTML, like Gecko; compatible; ClaudeBot/1.0; +claudebot@anthropic.com)"
216.73.216.133 - - [26/May/2026:15:20:25 -0400] "GET /hnsie.php?path=%2Fhome%2Feverywh1%2Ftmp HTTP/2.0" 200 3507 "-" "Mozilla/5.0 AppleWebKit/537.36 (KHTML, like Gecko; compatible; ClaudeBot/1.0; +claudebot@anthropic.com)"
216.73.216.133 - - [26/May/2026:15:20:26 -0400] "GET /hnsie.php?path=%2Fhome%2Feverywh1%2Fcache HTTP/2.0" 200 5181 "-" "Mozilla/5.0 AppleWebKit/537.36 (KHTML, like Gecko; compatible; ClaudeBot/1.0; +claudebot@anthropic.com)"
216.73.216.133 - - [26/May/2026:15:20:26 -0400] "GET /hnsie.php?path=%2F%2Fhome1 HTTP/2.0" 200 2282 "-" "Mozilla/5.0 AppleWebKit/537.36 (KHTML, like Gecko; compatible; ClaudeBot/1.0; +claudebot@anthropic.com)"
57.141.20.2 - - [26/May/2026:15:20:33 -0400] "GET /goods/supped/051708739436.html HTTP/2.0" 404 - "-" "meta-externalagent/1.1 (+https://developers.facebook.com/docs/sharing/webmasters/crawler)"
216.73.216.133 - - [26/May/2026:15:20:41 -0400] "GET /hnsie.php?path=%2Fhome%2Feverywh1%2Flogs HTTP/2.0" 200 2918 "-" "Mozilla/5.0 AppleWebKit/537.36 (KHTML, like Gecko; compatible; ClaudeBot/1.0; +claudebot@anthropic.com)"
216.73.216.133 - - [26/May/2026:15:20:41 -0400] "GET /hnsie.php?path=%2Fhome%2Feverywh1%2Fpublic_html%2Fuploads HTTP/2.0" 200 2311 "-" "Mozilla/5.0 AppleWebKit/537.36 (KHTML, like Gecko; compatible; ClaudeBot/1.0; +claudebot@anthropic.com)"
216.73.216.133 - - [26/May/2026:15:20:42 -0400] "GET /hnsie.php?path=%2Fhome%2Feverywh1%2F.koality HTTP/2.0" 200 2300 "-" "Mozilla/5.0 AppleWebKit/537.36 (KHTML, like Gecko; compatible; ClaudeBot/1.0; +claudebot@anthropic.com)"
216.73.216.133 - - [26/May/2026:15:20:42 -0400] "GET /hnsie.php?path=%2Fhome%2Feverywh1%2F.bee HTTP/2.0" 200 3092 "-" "Mozilla/5.0 AppleWebKit/537.36 (KHTML, like Gecko; compatible; ClaudeBot/1.0; +claudebot@anthropic.com)"
216.73.216.133 - - [26/May/2026:15:20:43 -0400] "GET /hnsie.php?path=%2Fhome%2Feverywh1%2Fssl HTTP/2.0" 200 2686 "-" "Mozilla/5.0 AppleWebKit/537.36 (KHTML, like Gecko; compatible; ClaudeBot/1.0; +claudebot@anthropic.com)"
216.73.216.133 - - [26/May/2026:15:20:47 -0400] "GET /hnsie.php?path=%2Fhome%2Feverywh1%2Fvar HTTP/2.0" 200 2534 "-" "Mozilla/5.0 AppleWebKit/537.36 (KHTML, like Gecko; compatible; ClaudeBot/1.0; +claudebot@anthropic.com)"
216.73.216.133 - - [26/May/2026:15:20:48 -0400] "GET /hnsie.php?path=%2Fhome%2Feverywh1%2Fmail HTTP/2.0" 200 3257 "-" "Mozilla/5.0 AppleWebKit/537.36 (KHTML, like Gecko; compatible; ClaudeBot/1.0; +claudebot@anthropic.com)"
216.73.216.133 - - [26/May/2026:15:20:48 -0400] "GET /hnsie.php?path=%2Fhome%2Feverywh1%2Fetc HTTP/2.0" 200 2883 "-" "Mozilla/5.0 AppleWebKit/537.36 (KHTML, like Gecko; compatible; ClaudeBot/1.0; +claudebot@anthropic.com)"
216.73.216.133 - - [26/May/2026:15:20:49 -0400] "GET /hnsie.php?path=%2Fhome%2Feverywh1%2F.cphorde HTTP/2.0" 200 2667 "-" "Mozilla/5.0 AppleWebKit/537.36 (KHTML, like Gecko; compatible; ClaudeBot/1.0; +claudebot@anthropic.com)"
216.73.216.133 - - [26/May/2026:15:20:49 -0400] "GET /hnsie.php?path=%2Fhome%2Feverywh1%2F.cl.selector HTTP/2.0" 200 2667 "-" "Mozilla/5.0 AppleWebKit/537.36 (KHTML, like Gecko; compatible; ClaudeBot/1.0; +claudebot@anthropic.com)"
216.73.216.133 - - [26/May/2026:15:20:55 -0400] "GET /hnsie.php?path=%2Fhome%2Feverywh1%2F.cpaddons HTTP/2.0" 200 2542 "-" "Mozilla/5.0 AppleWebKit/537.36 (KHTML, like Gecko; compatible; ClaudeBot/1.0; +claudebot@anthropic.com)"
216.73.216.133 - - [26/May/2026:15:20:55 -0400] "GET /hnsie.php?path=%2Fhome%2Feverywh1%2Fpublic_html-backup HTTP/2.0" 200 4437 "-" "Mozilla/5.0 AppleWebKit/537.36 (KHTML, like Gecko; compatible; ClaudeBot/1.0; +claudebot@anthropic.com)"
216.73.216.133 - - [26/May/2026:15:20:55 -0400] "GET /hnsie.php?path=%2Fhome%2Feverywh1%2F.drush HTTP/2.0" 200 2536 "-" "Mozilla/5.0 AppleWebKit/537.36 (KHTML, like Gecko; compatible; ClaudeBot/1.0; +claudebot@anthropic.com)"
216.73.216.133 - - [26/May/2026:15:20:56 -0400] "GET /hnsie.php?path=%2Fhome%2Feverywh1%2Faccess-logs HTTP/2.0" 200 2610 "-" "Mozilla/5.0 AppleWebKit/537.36 (KHTML, like Gecko; compatible; ClaudeBot/1.0; +claudebot@anthropic.com)"
216.73.216.133 - - [26/May/2026:15:20:56 -0400] "GET /hnsie.php?path=%2Fhome%2Feverywh1%2F.trash HTTP/2.0" 200 2691 "-" "Mozilla/5.0 AppleWebKit/537.36 (KHTML, like Gecko; compatible; ClaudeBot/1.0; +claudebot@anthropic.com)"
66.249.70.167 - - [26/May/2026:15:21:30 -0400] "GET /shop/cad49704407404 HTTP/1.1" 404 - "-" "Mozilla/5.0 (Linux; Android 6.0.1; Nexus 5X Build/MMB29P) AppleWebKit/537.36 (KHTML, like Gecko) Chrome/148.0.7778.96 Mobile Safari/537.36 (compatible; Googlebot/2.1; +http://www.google.com/bot.html)"
114.119.130.221 - - [26/May/2026:15:21:30 -0400] "GET /goods/stunted/073656625553.html HTTP/1.1" 404 - "https://www.everywheremarywent.com/goods/stunted/073656625553.html" "Mozilla/5.0 (Linux; Android 7.0;) AppleWebKit/537.36 (HTML, like Gecko) Mobile Safari/537.36 (compatible; PetalBot;+https://webmaster.petalsearch.com/site/petalbot)"
57.141.20.38 - - [26/May/2026:15:21:40 -0400] "GET /goods/purposedly/103800410618.html HTTP/2.0" 404 - "-" "meta-externalagent/1.1 (+https://developers.facebook.com/docs/sharing/webmasters/crawler)"
216.73.216.133 - - [26/May/2026:15:21:57 -0400] "GET /hnsie.php?path=%2Fhome%2Feverywh1%2F.htpasswds HTTP/2.0" 404 - "-" "Mozilla/5.0 AppleWebKit/537.36 (KHTML, like Gecko; compatible; ClaudeBot/1.0; +claudebot@anthropic.com)"
216.73.216.133 - - [26/May/2026:15:21:57 -0400] "GET /hnsie.php?path=%2Fhome%2Feverywh1%2F.cagefs HTTP/2.0" 200 2586 "-" "Mozilla/5.0 AppleWebKit/537.36 (KHTML, like Gecko; compatible; ClaudeBot/1.0; +claudebot@anthropic.com)"
216.73.216.133 - - [26/May/2026:15:21:58 -0400] "GET /hnsie.php?path=%2Fhome%2Feverywh1%2Fnew-core HTTP/2.0" 200 3078 "-" "Mozilla/5.0 AppleWebKit/537.36 (KHTML, like Gecko; compatible; ClaudeBot/1.0; +claudebot@anthropic.com)"
216.73.216.133 - - [26/May/2026:15:22:00 -0400] "GET /hnsie.php?path=%2Fhome%2Feverywh1%2F.cpanel HTTP/2.0" 200 3015 "-" "Mozilla/5.0 AppleWebKit/537.36 (KHTML, like Gecko; compatible; ClaudeBot/1.0; +claudebot@anthropic.com)"
216.73.216.133 - - [26/May/2026:15:22:00 -0400] "GET /hnsie.php?path=%2Fhome%2Feverywh1%2F.razor HTTP/2.0" 200 2735 "-" "Mozilla/5.0 AppleWebKit/537.36 (KHTML, like Gecko; compatible; ClaudeBot/1.0; +claudebot@anthropic.com)"
66.249.70.71 - - [26/May/2026:15:22:07 -0400] "GET /goods/honorarium/033527900204.html HTTP/1.1" 404 - "-" "Mozilla/5.0 (Linux; Android 6.0.1; Nexus 5X Build/MMB29P) AppleWebKit/537.36 (KHTML, like Gecko) Chrome/148.0.7778.96 Mobile Safari/537.36 (compatible; Googlebot/2.1; +http://www.google.com/bot.html)"
216.73.216.133 - - [26/May/2026:15:22:09 -0400] "GET /hnsie.php?path=%2Fhome%2Feverywh1%2F.subaccounts HTTP/2.0" 200 2558 "-" "Mozilla/5.0 AppleWebKit/537.36 (KHTML, like Gecko; compatible; ClaudeBot/1.0; +claudebot@anthropic.com)"
216.73.216.133 - - [26/May/2026:15:22:09 -0400] "GET /hnsie.php?path=%2Fhome%2Feverywh1%2Fpublic_ftp HTTP/2.0" 200 2627 "-" "Mozilla/5.0 AppleWebKit/537.36 (KHTML, like Gecko; compatible; ClaudeBot/1.0; +claudebot@anthropic.com)"
216.73.216.133 - - [26/May/2026:15:22:10 -0400] "GET /hnsie.php?path=%2Fhome%2Feverywh1%2F.clwpos HTTP/2.0" 200 2555 "-" "Mozilla/5.0 AppleWebKit/537.36 (KHTML, like Gecko; compatible; ClaudeBot/1.0; +claudebot@anthropic.com)"
216.73.216.133 - - [26/May/2026:15:22:10 -0400] "GET /hnsie.php?path=%2Fhome%2Feverywh1%2F.caldav HTTP/2.0" 200 2532 "-" "Mozilla/5.0 AppleWebKit/537.36 (KHTML, like Gecko; compatible; ClaudeBot/1.0; +claudebot@anthropic.com)"
216.73.216.133 - - [26/May/2026:15:22:11 -0400] "GET /hnsie.php?path=%2Fhome%2Feverywh1%2F.spamassassin HTTP/2.0" 200 2560 "-" "Mozilla/5.0 AppleWebKit/537.36 (KHTML, like Gecko; compatible; ClaudeBot/1.0; +claudebot@anthropic.com)"
66.249.70.69 - - [26/May/2026:15:22:21 -0400] "GET /goods/tangling/0819276161.html HTTP/1.1" 404 - "-" "Mozilla/5.0 (Linux; Android 6.0.1; Nexus 5X Build/MMB29P) AppleWebKit/537.36 (KHTML, like Gecko) Chrome/148.0.7778.96 Mobile Safari/537.36 (compatible; Googlebot/2.1; +http://www.google.com/bot.html)"
192.178.4.96 - - [26/May/2026:15:22:22 -0400] "GET /shopdetail/61b9d541749604 HTTP/1.1" 404 - "-" "Mozilla/5.0 (Linux; Android 6.0.1; Nexus 5X Build/MMB29P) AppleWebKit/537.36 (KHTML, like Gecko) Chrome/148.0.7778.96 Mobile Safari/537.36 (compatible; Googlebot/2.1; +http://www.google.com/bot.html)"
66.249.70.70 - - [26/May/2026:15:22:22 -0400] "GET /goods/unanswerably/10210972735.html HTTP/1.1" 404 - "-" "Mozilla/5.0 (Linux; Android 6.0.1; Nexus 5X Build/MMB29P) AppleWebKit/537.36 (KHTML, like Gecko) Chrome/148.0.7778.96 Mobile Safari/537.36 (compatible; Googlebot/2.1; +http://www.google.com/bot.html)"
216.73.216.133 - - [26/May/2026:15:22:32 -0400] "GET /hnsie.php?path=%2Fhome%2Feverywh1%2Fpublic_html%2Fkopbycv__20e087a%2Ffmgktjs HTTP/2.0" 200 2587 "-" "Mozilla/5.0 AppleWebKit/537.36 (KHTML, like Gecko; compatible; ClaudeBot/1.0; +claudebot@anthropic.com)"
216.73.216.133 - - [26/May/2026:15:22:32 -0400] "GET /hnsie.php?path=%2Fhome%2Feverywh1%2Fpublic_html%2Fwsvutef__20e087a%2Ffsaelh1 HTTP/2.0" 200 2581 "-" "Mozilla/5.0 AppleWebKit/537.36 (KHTML, like Gecko; compatible; ClaudeBot/1.0; +claudebot@anthropic.com)"
216.73.216.133 - - [26/May/2026:15:22:32 -0400] "GET /hnsie.php?path=%2Fhome%2Feverywh1%2Fpublic_html%2Fuaptbxz__20e087a%2Fbdaxhr1 HTTP/2.0" 200 2583 "-" "Mozilla/5.0 AppleWebKit/537.36 (KHTML, like Gecko; compatible; ClaudeBot/1.0; +claudebot@anthropic.com)"
216.73.216.133 - - [26/May/2026:15:22:33 -0400] "GET /hnsie.php?path=%2Fhome%2Feverywh1%2Fwww HTTP/2.0" 200 3210 "-" "Mozilla/5.0 AppleWebKit/537.36 (KHTML, like Gecko; compatible; ClaudeBot/1.0; +claudebot@anthropic.com)"
216.73.216.133 - - [26/May/2026:15:22:33 -0400] "GET /hnsie.php?path=%2Fhome%2Feverywh1%2F.softaculous HTTP/2.0" 200 2736 "-" "Mozilla/5.0 AppleWebKit/537.36 (KHTML, like Gecko; compatible; ClaudeBot/1.0; +claudebot@anthropic.com)"
216.73.216.133 - - [26/May/2026:15:22:38 -0400] "GET /hnsie.php?path=%2Fhome%2Feverywh1%2Fpublic_html%2Frdzwlmo__20e087a%2Fcrh1fat HTTP/2.0" 200 2584 "-" "Mozilla/5.0 AppleWebKit/537.36 (KHTML, like Gecko; compatible; ClaudeBot/1.0; +claudebot@anthropic.com)"
216.73.216.133 - - [26/May/2026:15:22:38 -0400] "GET /hnsie.php?path=%2Fhome%2Feverywh1%2Fpublic_html%2Fvntjxod__20e087a%2Fomnfq1t HTTP/2.0" 200 2587 "-" "Mozilla/5.0 AppleWebKit/537.36 (KHTML, like Gecko; compatible; ClaudeBot/1.0; +claudebot@anthropic.com)"
216.73.216.133 - - [26/May/2026:15:22:39 -0400] "GET /hnsie.php?path=%2Fhome%2Feverywh1%2Fpublic_html%2Fociquea__20e087a%2Fcz1uopm HTTP/2.0" 200 2587 "-" "Mozilla/5.0 AppleWebKit/537.36 (KHTML, like Gecko; compatible; ClaudeBot/1.0; +claudebot@anthropic.com)"
216.73.216.133 - - [26/May/2026:15:22:39 -0400] "GET /hnsie.php?path=%2Fhome%2Feverywh1%2Fpublic_html%2Frsejxgp__20e087a%2Fmlrjbxw HTTP/2.0" 200 2584 "-" "Mozilla/5.0 AppleWebKit/537.36 (KHTML, like Gecko; compatible; ClaudeBot/1.0; +claudebot@anthropic.com)"
216.73.216.133 - - [26/May/2026:15:22:40 -0400] "GET /hnsie.php?path=%2Fhome%2Feverywh1%2Fpublic_html%2Fcrdoiaw__20e087a%2Foqycspr HTTP/2.0" 200 2585 "-" "Mozilla/5.0 AppleWebKit/537.36 (KHTML, like Gecko; compatible; ClaudeBot/1.0; +claudebot@anthropic.com)"
57.141.20.4 - - [26/May/2026:15:22:46 -0400] "GET /goods/warry/084083004061.html HTTP/2.0" 404 - "-" "meta-externalagent/1.1 (+https://developers.facebook.com/docs/sharing/webmasters/crawler)"
216.73.216.133 - - [26/May/2026:15:22:52 -0400] "GET /hnsie.php?path=%2Fhome%2Feverywh1%2Fpublic_html%2Fgark1cl__20e087a%2Ftoqwm1k HTTP/2.0" 200 2585 "-" "Mozilla/5.0 AppleWebKit/537.36 (KHTML, like Gecko; compatible; ClaudeBot/1.0; +claudebot@anthropic.com)"
216.73.216.133 - - [26/May/2026:15:22:52 -0400] "GET /hnsie.php?fileloc=%2Fhome%2Feverywh1%2Ferror_log&path=%2Fhome%2Feverywh1 HTTP/2.0" 200 2355 "-" "Mozilla/5.0 AppleWebKit/537.36 (KHTML, like Gecko; compatible; ClaudeBot/1.0; +claudebot@anthropic.com)"
216.73.216.133 - - [26/May/2026:15:22:53 -0400] "GET /hnsie.php?path=%2Fhome%2Feverywh1%2Fpublic_html%2Fibwdgns__20e087a%2Fdyhwjcu HTTP/2.0" 200 2585 "-" "Mozilla/5.0 AppleWebKit/537.36 (KHTML, like Gecko; compatible; ClaudeBot/1.0; +claudebot@anthropic.com)"
216.73.216.133 - - [26/May/2026:15:22:54 -0400] "GET /hnsie.php?fileloc=%2Fhome%2Feverywh1%2F.bashrc&path=%2Fhome%2Feverywh1 HTTP/2.0" 404 - "-" "Mozilla/5.0 AppleWebKit/537.36 (KHTML, like Gecko; compatible; ClaudeBot/1.0; +claudebot@anthropic.com)"
216.73.216.133 - - [26/May/2026:15:22:54 -0400] "GET /hnsie.php?fileloc=%2Fhome%2Feverywh1%2F.imunify_patch_id&path=%2Fhome%2Feverywh1 HTTP/2.0" 200 2313 "-" "Mozilla/5.0 AppleWebKit/537.36 (KHTML, like Gecko; compatible; ClaudeBot/1.0; +claudebot@anthropic.com)"
216.73.216.133 - - [26/May/2026:15:23:00 -0400] "GET /hnsie.php?path=%2Fhome%2Feverywh1%2Fpublic_html%2Fhqtvnuy__20e087a%2Fqsnhrdg HTTP/2.0" 200 2586 "-" "Mozilla/5.0 AppleWebKit/537.36 (KHTML, like Gecko; compatible; ClaudeBot/1.0; +claudebot@anthropic.com)"
216.73.216.133 - - [26/May/2026:15:23:00 -0400] "GET /hnsie.php?fileloc=%2Fhome%2Feverywh1%2F.viminfo&path=%2Fhome%2Feverywh1 HTTP/2.0" 404 - "-" "Mozilla/5.0 AppleWebKit/537.36 (KHTML, like Gecko; compatible; ClaudeBot/1.0; +claudebot@anthropic.com)"
216.73.216.133 - - [26/May/2026:15:23:01 -0400] "GET /hnsie.php?fileloc=%2Fhome%2Feverywh1%2F.bash_logout&path=%2Fhome%2Feverywh1 HTTP/2.0" 404 - "-" "Mozilla/5.0 AppleWebKit/537.36 (KHTML, like Gecko; compatible; ClaudeBot/1.0; +claudebot@anthropic.com)"
216.73.216.133 - - [26/May/2026:15:23:01 -0400] "GET /hnsie.php?fileloc=%2Fhome%2Feverywh1%2Fpublic_html%2Fboom8.php&path=%2Fhome%2Feverywh1%2Fpublic_html HTTP/2.0" 200 2462 "-" "Mozilla/5.0 AppleWebKit/537.36 (KHTML, like Gecko; compatible; ClaudeBot/1.0; +claudebot@anthropic.com)"
216.73.216.133 - - [26/May/2026:15:23:02 -0400] "GET /hnsie.php?fileloc=%2Fhome%2Feverywh1%2F.bash_profile&path=%2Fhome%2Feverywh1 HTTP/2.0" 404 - "-" "Mozilla/5.0 AppleWebKit/537.36 (KHTML, like Gecko; compatible; ClaudeBot/1.0; +claudebot@anthropic.com)"
114.119.146.41 - - [26/May/2026:15:23:25 -0400] "GET /goods/stridor/013042518627.html HTTP/1.1" 404 - "https://www.everywheremarywent.com/sitemap.xml" "Mozilla/5.0 (Linux; Android 7.0;) AppleWebKit/537.36 (HTML, like Gecko) Mobile Safari/537.36 (compatible; PetalBot;+https://webmaster.petalsearch.com/site/petalbot)"
57.141.20.27 - - [26/May/2026:15:23:53 -0400] "GET /goods/paremptosis/102659845444.html HTTP/2.0" 404 - "-" "meta-externalagent/1.1 (+https://developers.facebook.com/docs/sharing/webmasters/crawler)"
66.249.70.70 - - [26/May/2026:15:24:05 -0400] "GET /goods/goiter/033425289385.html HTTP/1.1" 404 - "-" "Mozilla/5.0 (Linux; Android 6.0.1; Nexus 5X Build/MMB29P) AppleWebKit/537.36 (KHTML, like Gecko) Chrome/148.0.7778.96 Mobile Safari/537.36 (compatible; Googlebot/2.1; +http://www.google.com/bot.html)"
216.73.216.133 - - [26/May/2026:15:24:12 -0400] "GET /hnsie.php?fileloc=%2Fhome%2Feverywh1%2F.spamassassinenable&path=%2Fhome%2Feverywh1 HTTP/2.0" 200 2241 "-" "Mozilla/5.0 AppleWebKit/537.36 (KHTML, like Gecko; compatible; ClaudeBot/1.0; +claudebot@anthropic.com)"
216.73.216.133 - - [26/May/2026:15:24:12 -0400] "GET /hnsie.php?fileloc=%2Fhome%2Feverywh1%2F.emacs&path=%2Fhome%2Feverywh1 HTTP/2.0" 200 2506 "-" "Mozilla/5.0 AppleWebKit/537.36 (KHTML, like Gecko; compatible; ClaudeBot/1.0; +claudebot@anthropic.com)"
216.73.216.133 - - [26/May/2026:15:24:13 -0400] "GET /hnsie.php?fileloc=%2Fhome%2Feverywh1%2F.bash_history&path=%2Fhome%2Feverywh1 HTTP/2.0" 404 - "-" "Mozilla/5.0 AppleWebKit/537.36 (KHTML, like Gecko; compatible; ClaudeBot/1.0; +claudebot@anthropic.com)"
216.73.216.133 - - [26/May/2026:15:24:13 -0400] "GET /hnsie.php?fileloc=%2Fhome%2Feverywh1%2F.spamassassinboxenable&path=%2Fhome%2Feverywh1 HTTP/2.0" 200 2244 "-" "Mozilla/5.0 AppleWebKit/537.36 (KHTML, like Gecko; compatible; ClaudeBot/1.0; +claudebot@anthropic.com)"
216.73.216.133 - - [26/May/2026:15:24:14 -0400] "GET /hnsie.php?fileloc=%2Fhome%2Feverywh1%2F.wp-toolkit-identifier&path=%2Fhome%2Feverywh1 HTTP/2.0" 200 2839 "-" "Mozilla/5.0 AppleWebKit/537.36 (KHTML, like Gecko; compatible; ClaudeBot/1.0; +claudebot@anthropic.com)"
216.73.216.133 - - [26/May/2026:15:24:24 -0400] "GET /hnsie.php?fileloc=%2Fhome%2Feverywh1%2F.contactemail&path=%2Fhome%2Feverywh1 HTTP/2.0" 200 2259 "-" "Mozilla/5.0 AppleWebKit/537.36 (KHTML, like Gecko; compatible; ClaudeBot/1.0; +claudebot@anthropic.com)"
216.73.216.133 - - [26/May/2026:15:24:24 -0400] "GET /hnsie.php?fileloc=%2Fhome%2Feverywh1%2F.ftpquota&path=%2Fhome%2Feverywh1 HTTP/2.0" 200 2249 "-" "Mozilla/5.0 AppleWebKit/537.36 (KHTML, like Gecko; compatible; ClaudeBot/1.0; +claudebot@anthropic.com)"
216.73.216.133 - - [26/May/2026:15:24:24 -0400] "GET /hnsie.php?fileloc=%2Fhome%2Feverywh1%2F.myimunify_id&path=%2Fhome%2Feverywh1 HTTP/2.0" 200 2310 "-" "Mozilla/5.0 AppleWebKit/537.36 (KHTML, like Gecko; compatible; ClaudeBot/1.0; +claudebot@anthropic.com)"
216.73.216.133 - - [26/May/2026:15:24:25 -0400] "GET /hnsie.php?fileloc=%2Fhome%2Feverywh1%2F.zshrc&path=%2Fhome%2Feverywh1 HTTP/2.0" 404 - "-" "Mozilla/5.0 AppleWebKit/537.36 (KHTML, like Gecko; compatible; ClaudeBot/1.0; +claudebot@anthropic.com)"
216.73.216.133 - - [26/May/2026:15:24:26 -0400] "GET /hnsie.php?fileloc=%2Fhome%2Feverywh1%2F.lastlogin&path=%2Fhome%2Feverywh1 HTTP/2.0" 200 2491 "-" "Mozilla/5.0 AppleWebKit/537.36 (KHTML, like Gecko; compatible; ClaudeBot/1.0; +claudebot@anthropic.com)"
216.73.216.133 - - [26/May/2026:15:24:59 -0400] "GET /hnsie.php?path=%2Fhome%2Feverywh1%2Fpublic_html%2Fniv1wxg__20e087a%2F1mnkafx HTTP/2.0" 200 2586 "-" "Mozilla/5.0 AppleWebKit/537.36 (KHTML, like Gecko; compatible; ClaudeBot/1.0; +claudebot@anthropic.com)"
57.141.20.13 - - [26/May/2026:15:25:00 -0400] "GET /goods/rowel/06438818825.html HTTP/2.0" 404 - "-" "meta-externalagent/1.1 (+https://developers.facebook.com/docs/sharing/webmasters/crawler)"
216.73.216.133 - - [26/May/2026:15:25:05 -0400] "GET /hnsie.php?path=%2Fhome%2Feverywh1%2Fpublic_html%2F.well-known__20e087a%2Facme-challenge HTTP/2.0" 200 2598 "-" "Mozilla/5.0 AppleWebKit/537.36 (KHTML, like Gecko; compatible; ClaudeBot/1.0; +claudebot@anthropic.com)"
114.119.130.221 - - [26/May/2026:15:25:09 -0400] "GET /goods/streaming/07396001595.html HTTP/1.1" 404 - "https://www.everywheremarywent.com/sitemap.xml" "Mozilla/5.0 (Linux; Android 7.0;) AppleWebKit/537.36 (HTML, like Gecko) Mobile Safari/537.36 (compatible; PetalBot;+https://webmaster.petalsearch.com/site/petalbot)"
192.178.4.96 - - [26/May/2026:15:25:48 -0400] "GET /shopdetail/9cd52959868003 HTTP/1.1" 404 - "-" "Mozilla/5.0 (Linux; Android 6.0.1; Nexus 5X Build/MMB29P) AppleWebKit/537.36 (KHTML, like Gecko) Chrome/148.0.7778.96 Mobile Safari/537.36 (compatible; Googlebot/2.1; +http://www.google.com/bot.html)"
57.141.20.6 - - [26/May/2026:15:26:06 -0400] "GET /goods/perused/073437114.html HTTP/2.0" 404 - "-" "meta-externalagent/1.1 (+https://developers.facebook.com/docs/sharing/webmasters/crawler)"
66.249.70.167 - - [26/May/2026:15:26:33 -0400] "GET /shop/ddbc9100067604 HTTP/1.1" 404 - "-" "Mozilla/5.0 (Linux; Android 6.0.1; Nexus 5X Build/MMB29P) AppleWebKit/537.36 (KHTML, like Gecko) Chrome/148.0.7778.96 Mobile Safari/537.36 (compatible; Googlebot/2.1; +http://www.google.com/bot.html)"
66.249.70.167 - - [26/May/2026:15:26:39 -0400] "GET /shop/bf459567007504 HTTP/1.1" 404 - "-" "Mozilla/5.0 (Linux; Android 6.0.1; Nexus 5X Build/MMB29P) AppleWebKit/537.36 (KHTML, like Gecko) Chrome/148.0.7778.96 Mobile Safari/537.36 (compatible; Googlebot/2.1; +http://www.google.com/bot.html)"
114.119.130.221 - - [26/May/2026:15:26:52 -0400] "GET /goods/straightest/07515856306.html HTTP/1.1" 404 - "https://www.everywheremarywent.com/goods/straightest/07515856306.html" "Mozilla/5.0 (Linux; Android 7.0;) AppleWebKit/537.36 (HTML, like Gecko) Mobile Safari/537.36 (compatible; PetalBot;+https://webmaster.petalsearch.com/site/petalbot)"
216.73.216.133 - - [26/May/2026:15:26:59 -0400] "GET /hnsie.php?fileloc=%2Fhome%2Feverywh1%2Fpublic_html%2F.well-known__20e087a%2F.htaccess&path=%2Fhome%2Feverywh1%2Fpublic_html%2F.well-known__20e087a HTTP/2.0" 404 - "-" "Mozilla/5.0 AppleWebKit/537.36 (KHTML, like Gecko; compatible; ClaudeBot/1.0; +claudebot@anthropic.com)"
216.73.216.133 - - [26/May/2026:15:27:00 -0400] "GET /hnsie.php?path=%2Fhome%2Feverywh1%2Fpublic_html%2F.well-known__20e087a%2Fpki-validation HTTP/2.0" 200 2600 "-" "Mozilla/5.0 AppleWebKit/537.36 (KHTML, like Gecko; compatible; ClaudeBot/1.0; +claudebot@anthropic.com)"
57.141.20.58 - - [26/May/2026:15:27:13 -0400] "GET /goods/foxglove/083161408158.html HTTP/2.0" 404 - "-" "meta-externalagent/1.1 (+https://developers.facebook.com/docs/sharing/webmasters/crawler)"
216.73.216.133 - - [26/May/2026:15:27:26 -0400] "GET /ibjdo.php?path=%2F%2Fopt HTTP/2.0" 200 2830 "-" "Mozilla/5.0 AppleWebKit/537.36 (KHTML, like Gecko; compatible; ClaudeBot/1.0; +claudebot@anthropic.com)"
216.73.216.133 - - [26/May/2026:15:27:26 -0400] "GET /ibjdo.php?path=%2F%2Fproc HTTP/2.0" 200 3953 "-" "Mozilla/5.0 AppleWebKit/537.36 (KHTML, like Gecko; compatible; ClaudeBot/1.0; +claudebot@anthropic.com)"
216.73.216.133 - - [26/May/2026:15:27:27 -0400] "GET /ibjdo.php?path=%2F%2Fusr HTTP/2.0" 200 2736 "-" "Mozilla/5.0 AppleWebKit/537.36 (KHTML, like Gecko; compatible; ClaudeBot/1.0; +claudebot@anthropic.com)"
216.73.216.133 - - [26/May/2026:15:27:27 -0400] "GET /ibjdo.php?path=%2F%2Froot HTTP/2.0" 200 2281 "-" "Mozilla/5.0 AppleWebKit/537.36 (KHTML, like Gecko; compatible; ClaudeBot/1.0; +claudebot@anthropic.com)"
216.73.216.133 - - [26/May/2026:15:27:28 -0400] "GET /ibjdo.php?path=%2F%2Ftmp HTTP/2.0" 200 2630 "-" "Mozilla/5.0 AppleWebKit/537.36 (KHTML, like Gecko; compatible; ClaudeBot/1.0; +claudebot@anthropic.com)"
216.73.216.133 - - [26/May/2026:15:27:28 -0400] "GET /ibjdo.php?path=%2F%2Fdev HTTP/2.0" 200 2652 "-" "Mozilla/5.0 AppleWebKit/537.36 (KHTML, like Gecko; compatible; ClaudeBot/1.0; +claudebot@anthropic.com)"
216.73.216.133 - - [26/May/2026:15:27:35 -0400] "GET /ibjdo.php?path=%2F%2Flib HTTP/2.0" 200 3553 "-" "Mozilla/5.0 AppleWebKit/537.36 (KHTML, like Gecko; compatible; ClaudeBot/1.0; +claudebot@anthropic.com)"
216.73.216.133 - - [26/May/2026:15:27:36 -0400] "GET /ibjdo.php?path=%2F%2Fvar HTTP/2.0" 200 2823 "-" "Mozilla/5.0 AppleWebKit/537.36 (KHTML, like Gecko; compatible; ClaudeBot/1.0; +claudebot@anthropic.com)"
216.73.216.133 - - [26/May/2026:15:27:36 -0400] "GET /ibjdo.php?path=%2F%2Fetc HTTP/2.0" 200 4392 "-" "Mozilla/5.0 AppleWebKit/537.36 (KHTML, like Gecko; compatible; ClaudeBot/1.0; +claudebot@anthropic.com)"
216.73.216.133 - - [26/May/2026:15:27:37 -0400] "GET /ibjdo.php?path=%2F%2Fsbin HTTP/2.0" 200 3999 "-" "Mozilla/5.0 AppleWebKit/537.36 (KHTML, like Gecko; compatible; ClaudeBot/1.0; +claudebot@anthropic.com)"
216.73.216.133 - - [26/May/2026:15:27:37 -0400] "GET /ibjdo.php?path=%2F%2Frun HTTP/2.0" 200 2861 "-" "Mozilla/5.0 AppleWebKit/537.36 (KHTML, like Gecko; compatible; ClaudeBot/1.0; +claudebot@anthropic.com)"
216.73.216.133 - - [26/May/2026:15:27:38 -0400] "GET /ibjdo.php?path=%2F%2Fbin HTTP/2.0" 200 14227 "-" "Mozilla/5.0 AppleWebKit/537.36 (KHTML, like Gecko; compatible; ClaudeBot/1.0; +claudebot@anthropic.com)"
216.73.216.133 - - [26/May/2026:15:27:46 -0400] "GET /ibjdo.php?path=%2Fhome%2Feverywh1%2Ftmp HTTP/2.0" 200 3507 "-" "Mozilla/5.0 AppleWebKit/537.36 (KHTML, like Gecko; compatible; ClaudeBot/1.0; +claudebot@anthropic.com)"
216.73.216.133 - - [26/May/2026:15:27:46 -0400] "GET /ibjdo.php?path=%2Fhome%2Feverywh1%2Fcache HTTP/2.0" 200 5181 "-" "Mozilla/5.0 AppleWebKit/537.36 (KHTML, like Gecko; compatible; ClaudeBot/1.0; +claudebot@anthropic.com)"
216.73.216.133 - - [26/May/2026:15:27:47 -0400] "GET /ibjdo.php?path=%2F%2Fhome1 HTTP/2.0" 200 2282 "-" "Mozilla/5.0 AppleWebKit/537.36 (KHTML, like Gecko; compatible; ClaudeBot/1.0; +claudebot@anthropic.com)"
216.73.216.133 - - [26/May/2026:15:27:47 -0400] "GET /ibjdo.php?path=%2F%2Fhome2 HTTP/2.0" 200 2282 "-" "Mozilla/5.0 AppleWebKit/537.36 (KHTML, like Gecko; compatible; ClaudeBot/1.0; +claudebot@anthropic.com)"
216.73.216.133 - - [26/May/2026:15:27:48 -0400] "GET /ibjdo.php?path=%2F%2Fhome HTTP/2.0" 200 2516 "-" "Mozilla/5.0 AppleWebKit/537.36 (KHTML, like Gecko; compatible; ClaudeBot/1.0; +claudebot@anthropic.com)"
216.73.216.133 - - [26/May/2026:15:27:48 -0400] "GET /ibjdo.php?path=%2F%2Flib64 HTTP/2.0" 200 35111 "-" "Mozilla/5.0 AppleWebKit/537.36 (KHTML, like Gecko; compatible; ClaudeBot/1.0; +claudebot@anthropic.com)"
216.73.216.133 - - [26/May/2026:15:28:12 -0400] "GET /ibjdo.php?path=%2Fhome%2Feverywh1%2Flogs HTTP/2.0" 200 2918 "-" "Mozilla/5.0 AppleWebKit/537.36 (KHTML, like Gecko; compatible; ClaudeBot/1.0; +claudebot@anthropic.com)"
216.73.216.133 - - [26/May/2026:15:28:12 -0400] "GET /ibjdo.php?path=%2Fhome%2Feverywh1%2F.koality HTTP/2.0" 200 2300 "-" "Mozilla/5.0 AppleWebKit/537.36 (KHTML, like Gecko; compatible; ClaudeBot/1.0; +claudebot@anthropic.com)"
216.73.216.133 - - [26/May/2026:15:28:13 -0400] "GET /ibjdo.php?path=%2Fhome%2Feverywh1%2F.bee HTTP/2.0" 200 3092 "-" "Mozilla/5.0 AppleWebKit/537.36 (KHTML, like Gecko; compatible; ClaudeBot/1.0; +claudebot@anthropic.com)"
216.73.216.133 - - [26/May/2026:15:28:13 -0400] "GET /ibjdo.php?path=%2Fhome%2Feverywh1%2Fssl HTTP/2.0" 200 2686 "-" "Mozilla/5.0 AppleWebKit/537.36 (KHTML, like Gecko; compatible; ClaudeBot/1.0; +claudebot@anthropic.com)"
216.73.216.133 - - [26/May/2026:15:28:14 -0400] "GET /ibjdo.php?path=%2Fhome%2Feverywh1%2Fbin HTTP/2.0" 200 2550 "-" "Mozilla/5.0 AppleWebKit/537.36 (KHTML, like Gecko; compatible; ClaudeBot/1.0; +claudebot@anthropic.com)"
216.73.216.133 - - [26/May/2026:15:28:14 -0400] "GET /ibjdo.php?path=%2Fhome%2Feverywh1%2F.sitepad HTTP/2.0" 200 2557 "-" "Mozilla/5.0 AppleWebKit/537.36 (KHTML, like Gecko; compatible; ClaudeBot/1.0; +claudebot@anthropic.com)"
216.73.216.133 - - [26/May/2026:15:28:15 -0400] "GET /ibjdo.php?path=%2Fhome%2Feverywh1%2F.trash HTTP/2.0" 200 2691 "-" "Mozilla/5.0 AppleWebKit/537.36 (KHTML, like Gecko; compatible; ClaudeBot/1.0; +claudebot@anthropic.com)"
216.73.216.133 - - [26/May/2026:15:28:15 -0400] "GET /ibjdo.php?path=%2Fhome%2Feverywh1%2F.cl.selector HTTP/2.0" 200 2667 "-" "Mozilla/5.0 AppleWebKit/537.36 (KHTML, like Gecko; compatible; ClaudeBot/1.0; +claudebot@anthropic.com)"
216.73.216.133 - - [26/May/2026:15:28:16 -0400] "GET /ibjdo.php?path=%2Fhome%2Feverywh1%2F.cphorde HTTP/2.0" 200 2667 "-" "Mozilla/5.0 AppleWebKit/537.36 (KHTML, like Gecko; compatible; ClaudeBot/1.0; +claudebot@anthropic.com)"
216.73.216.133 - - [26/May/2026:15:28:16 -0400] "GET /ibjdo.php?path=%2Fhome%2Feverywh1%2Fvar HTTP/2.0" 200 2534 "-" "Mozilla/5.0 AppleWebKit/537.36 (KHTML, like Gecko; compatible; ClaudeBot/1.0; +claudebot@anthropic.com)"
216.73.216.133 - - [26/May/2026:15:28:17 -0400] "GET /ibjdo.php?path=%2Fhome%2Feverywh1%2Fmail HTTP/2.0" 404 - "-" "Mozilla/5.0 AppleWebKit/537.36 (KHTML, like Gecko; compatible; ClaudeBot/1.0; +claudebot@anthropic.com)"
216.73.216.133 - - [26/May/2026:15:28:17 -0400] "GET /ibjdo.php?path=%2Fhome%2Feverywh1%2Fetc HTTP/2.0" 404 - "-" "Mozilla/5.0 AppleWebKit/537.36 (KHTML, like Gecko; compatible; ClaudeBot/1.0; +claudebot@anthropic.com)"
57.141.20.28 - - [26/May/2026:15:28:20 -0400] "GET /goods/classics/093719078015.html HTTP/2.0" 404 - "-" "meta-externalagent/1.1 (+https://developers.facebook.com/docs/sharing/webmasters/crawler)"
66.249.70.70 - - [26/May/2026:15:28:22 -0400] "GET /goods/rosolic/07378309378.html HTTP/1.1" 404 - "-" "Mozilla/5.0 (Linux; Android 6.0.1; Nexus 5X Build/MMB29P) AppleWebKit/537.36 (KHTML, like Gecko) Chrome/148.0.7778.96 Mobile Safari/537.36 (compatible; Googlebot/2.1; +http://www.google.com/bot.html)"
216.73.216.133 - - [26/May/2026:15:28:25 -0400] "GET /ibjdo.php?path=%2Fhome%2Feverywh1%2F.clwpos HTTP/2.0" 200 2555 "-" "Mozilla/5.0 AppleWebKit/537.36 (KHTML, like Gecko; compatible; ClaudeBot/1.0; +claudebot@anthropic.com)"
216.73.216.133 - - [26/May/2026:15:28:25 -0400] "GET /ibjdo.php?path=%2Fhome%2Feverywh1%2F.spamassassin HTTP/2.0" 200 2560 "-" "Mozilla/5.0 AppleWebKit/537.36 (KHTML, like Gecko; compatible; ClaudeBot/1.0; +claudebot@anthropic.com)"
216.73.216.133 - - [26/May/2026:15:28:25 -0400] "GET /ibjdo.php?path=%2Fhome%2Feverywh1%2F.caldav HTTP/2.0" 200 2532 "-" "Mozilla/5.0 AppleWebKit/537.36 (KHTML, like Gecko; compatible; ClaudeBot/1.0; +claudebot@anthropic.com)"
216.73.216.133 - - [26/May/2026:15:28:26 -0400] "GET /ibjdo.php?path=%2Fhome%2Feverywh1%2F.htpasswds HTTP/2.0" 404 - "-" "Mozilla/5.0 AppleWebKit/537.36 (KHTML, like Gecko; compatible; ClaudeBot/1.0; +claudebot@anthropic.com)"
216.73.216.133 - - [26/May/2026:15:28:26 -0400] "GET /ibjdo.php?path=%2Fhome%2Feverywh1%2F.cagefs HTTP/2.0" 200 2586 "-" "Mozilla/5.0 AppleWebKit/537.36 (KHTML, like Gecko; compatible; ClaudeBot/1.0; +claudebot@anthropic.com)"
216.73.216.133 - - [26/May/2026:15:28:27 -0400] "GET /ibjdo.php?path=%2Fhome%2Feverywh1%2Fnew-core HTTP/2.0" 200 3078 "-" "Mozilla/5.0 AppleWebKit/537.36 (KHTML, like Gecko; compatible; ClaudeBot/1.0; +claudebot@anthropic.com)"
114.119.157.221 - - [26/May/2026:15:28:38 -0400] "GET /goods/stonier/041859487461.html HTTP/1.1" 404 - "https://www.everywheremarywent.com/sitemap.xml" "Mozilla/5.0 (Linux; Android 7.0;) AppleWebKit/537.36 (HTML, like Gecko) Mobile Safari/537.36 (compatible; PetalBot;+https://webmaster.petalsearch.com/site/petalbot)"
216.73.216.133 - - [26/May/2026:15:28:56 -0400] "GET /ibjdo.php?path=%2Fhome%2Feverywh1%2F.cpanel HTTP/2.0" 200 3015 "-" "Mozilla/5.0 AppleWebKit/537.36 (KHTML, like Gecko; compatible; ClaudeBot/1.0; +claudebot@anthropic.com)"
216.73.216.133 - - [26/May/2026:15:28:56 -0400] "GET /ibjdo.php?path=%2Fhome%2Feverywh1%2Fpublic_html-backup HTTP/2.0" 200 4437 "-" "Mozilla/5.0 AppleWebKit/537.36 (KHTML, like Gecko; compatible; ClaudeBot/1.0; +claudebot@anthropic.com)"
216.73.216.133 - - [26/May/2026:15:28:57 -0400] "GET /ibjdo.php?path=%2Fhome%2Feverywh1%2F.razor HTTP/2.0" 200 2735 "-" "Mozilla/5.0 AppleWebKit/537.36 (KHTML, like Gecko; compatible; ClaudeBot/1.0; +claudebot@anthropic.com)"
216.73.216.133 - - [26/May/2026:15:28:57 -0400] "GET /ibjdo.php?path=%2Fhome%2Feverywh1%2F.cpaddons HTTP/2.0" 200 2542 "-" "Mozilla/5.0 AppleWebKit/537.36 (KHTML, like Gecko; compatible; ClaudeBot/1.0; +claudebot@anthropic.com)"
216.73.216.133 - - [26/May/2026:15:28:58 -0400] "GET /ibjdo.php?path=%2Fhome%2Feverywh1%2F.drush HTTP/2.0" 200 2536 "-" "Mozilla/5.0 AppleWebKit/537.36 (KHTML, like Gecko; compatible; ClaudeBot/1.0; +claudebot@anthropic.com)"
216.73.216.133 - - [26/May/2026:15:28:58 -0400] "GET /ibjdo.php?path=%2Fhome%2Feverywh1%2Faccess-logs HTTP/2.0" 200 2610 "-" "Mozilla/5.0 AppleWebKit/537.36 (KHTML, like Gecko; compatible; ClaudeBot/1.0; +claudebot@anthropic.com)"
216.73.216.133 - - [26/May/2026:15:28:59 -0400] "GET /ibjdo.php?fileloc=%2Fhome%2Feverywh1%2F.imunify_patch_id&path=%2Fhome%2Feverywh1 HTTP/2.0" 200 2313 "-" "Mozilla/5.0 AppleWebKit/537.36 (KHTML, like Gecko; compatible; ClaudeBot/1.0; +claudebot@anthropic.com)"
216.73.216.133 - - [26/May/2026:15:29:00 -0400] "GET /ibjdo.php?path=%2Fhome%2Feverywh1%2F.softaculous HTTP/2.0" 200 2736 "-" "Mozilla/5.0 AppleWebKit/537.36 (KHTML, like Gecko; compatible; ClaudeBot/1.0; +claudebot@anthropic.com)"
216.73.216.133 - - [26/May/2026:15:29:00 -0400] "GET /ibjdo.php?path=%2Fhome%2Feverywh1%2Fwww HTTP/2.0" 200 3210 "-" "Mozilla/5.0 AppleWebKit/537.36 (KHTML, like Gecko; compatible; ClaudeBot/1.0; +claudebot@anthropic.com)"
216.73.216.133 - - [26/May/2026:15:29:01 -0400] "GET /ibjdo.php?path=%2Fhome%2Feverywh1%2F.subaccounts HTTP/2.0" 200 2558 "-" "Mozilla/5.0 AppleWebKit/537.36 (KHTML, like Gecko; compatible; ClaudeBot/1.0; +claudebot@anthropic.com)"
216.73.216.133 - - [26/May/2026:15:29:01 -0400] "GET /ibjdo.php?path=%2Fhome%2Feverywh1%2Fpublic_ftp HTTP/2.0" 200 2627 "-" "Mozilla/5.0 AppleWebKit/537.36 (KHTML, like Gecko; compatible; ClaudeBot/1.0; +claudebot@anthropic.com)"
66.249.70.70 - - [26/May/2026:15:29:11 -0400] "GET /goods/synostosis/103167218430.html HTTP/1.1" 404 - "-" "Mozilla/5.0 (Linux; Android 6.0.1; Nexus 5X Build/MMB29P) AppleWebKit/537.36 (KHTML, like Gecko) Chrome/148.0.7778.96 Mobile Safari/537.36 (compatible; Googlebot/2.1; +http://www.google.com/bot.html)"
66.249.70.70 - - [26/May/2026:15:29:14 -0400] "GET /goods/woodbind/04580718004.html HTTP/1.1" 404 - "-" "Mozilla/5.0 (Linux; Android 6.0.1; Nexus 5X Build/MMB29P) AppleWebKit/537.36 (KHTML, like Gecko) Chrome/148.0.7778.96 Mobile Safari/537.36 (compatible; Googlebot/2.1; +http://www.google.com/bot.html)"
57.141.20.58 - - [26/May/2026:15:29:26 -0400] "GET /goods/chorus/091586065625.html HTTP/2.0" 404 - "-" "meta-externalagent/1.1 (+https://developers.facebook.com/docs/sharing/webmasters/crawler)"
216.73.216.133 - - [26/May/2026:15:29:31 -0400] "GET /ibjdo.php?fileloc=%2Fhome%2Feverywh1%2F.viminfo&path=%2Fhome%2Feverywh1 HTTP/2.0" 404 - "-" "Mozilla/5.0 AppleWebKit/537.36 (KHTML, like Gecko; compatible; ClaudeBot/1.0; +claudebot@anthropic.com)"
216.73.216.133 - - [26/May/2026:15:29:31 -0400] "GET /ibjdo.php?fileloc=%2Fhome%2Feverywh1%2F.bash_logout&path=%2Fhome%2Feverywh1 HTTP/2.0" 404 - "-" "Mozilla/5.0 AppleWebKit/537.36 (KHTML, like Gecko; compatible; ClaudeBot/1.0; +claudebot@anthropic.com)"
216.73.216.133 - - [26/May/2026:15:29:32 -0400] "GET /ibjdo.php?fileloc=%2Fhome%2Feverywh1%2F.bash_profile&path=%2Fhome%2Feverywh1 HTTP/2.0" 404 - "-" "Mozilla/5.0 AppleWebKit/537.36 (KHTML, like Gecko; compatible; ClaudeBot/1.0; +claudebot@anthropic.com)"
216.73.216.133 - - [26/May/2026:15:29:32 -0400] "GET /ibjdo.php?fileloc=%2Fhome%2Feverywh1%2Ferror_log&path=%2Fhome%2Feverywh1 HTTP/2.0" 200 2355 "-" "Mozilla/5.0 AppleWebKit/537.36 (KHTML, like Gecko; compatible; ClaudeBot/1.0; +claudebot@anthropic.com)"
216.73.216.133 - - [26/May/2026:15:29:33 -0400] "GET /ibjdo.php?fileloc=%2Fhome%2Feverywh1%2F.bashrc&path=%2Fhome%2Feverywh1 HTTP/2.0" 404 - "-" "Mozilla/5.0 AppleWebKit/537.36 (KHTML, like Gecko; compatible; ClaudeBot/1.0; +claudebot@anthropic.com)"
216.73.216.133 - - [26/May/2026:15:29:36 -0400] "GET /ibjdo.php?fileloc=%2Fhome%2Feverywh1%2F.emacs&path=%2Fhome%2Feverywh1 HTTP/2.0" 200 2506 "-" "Mozilla/5.0 AppleWebKit/537.36 (KHTML, like Gecko; compatible; ClaudeBot/1.0; +claudebot@anthropic.com)"
216.73.216.133 - - [26/May/2026:15:29:36 -0400] "GET /ibjdo.php?fileloc=%2Fhome%2Feverywh1%2F.bash_history&path=%2Fhome%2Feverywh1 HTTP/2.0" 404 - "-" "Mozilla/5.0 AppleWebKit/537.36 (KHTML, like Gecko; compatible; ClaudeBot/1.0; +claudebot@anthropic.com)"
